{"id":7643,"date":"2023-07-24T18:33:30","date_gmt":"2023-07-24T18:33:30","guid":{"rendered":"https:\/\/www.lojadeequipamentos.com.br\/loja\/?post_type=product&#038;p=7643"},"modified":"2023-07-25T15:46:11","modified_gmt":"2023-07-25T15:46:11","slug":"sauna-vapor-gas-mini-caldeira-techgas-glp-ate-50m%c2%b3-namarra","status":"publish","type":"product","link":"https:\/\/www.lojadeequipamentos.com.br\/loja\/produto\/sauna-vapor-gas-mini-caldeira-techgas-glp-ate-50m%c2%b3-namarra\/","title":{"rendered":"Sauna Vapor G\u00e1s &#8211; Mini Caldeira Techg\u00e1s 50 Extreme GLP ate 50m\u00b3 Namarra"},"content":{"rendered":"<h2>Sauna Vapor G\u00e1s - Mini Caldeira Techg\u00e1s 50 Extreme at\u00e9 50m\u00b3 GLP Namarra\/Incisor<\/h2>\n<p>\nDescri\u00e7\u00e3o: Sauna Vapor \u00e0 G\u00e1s \/ Mini Caldeira Extreme GLP 84.858 Kcal\/h para \u00e1rea ate 50m\u00b3 Incisor - Alta Press\u00e3o - Especial, cilindro\/tanque interno em a\u00e7o inox 304, isolamento t\u00e9rmico interno em l\u00e3 de vidro, chapa externa de acabamento em a\u00e7o inox 430, placa eletr\u00f4nica de gest\u00e3o de n\u00edvel e entrada de \u00e1gua (cortando a alimenta\u00e7\u00e3o el\u00e9trica na falta de \u00e1gua), sensor termopar (cortando o g\u00e1s em sua falta ou falha), v\u00e1lvula solenoide, bomba de \u00e1gua, conex\u00f5es rosqueadas de g\u00e1s 1\/2\" e fornecimento de \u00e1gua em 3\/4\" e de sa\u00edda de vapor de 1.1\/2\".<br \/>\n<strong>Produto sob encomenda especial. Fique atento aos nossos prazos especiais para este tipo de produto.<\/strong><br \/>\n<br \/>\nDimensionamento da cabine: regi\u00f5es frias e regi\u00f5es quentes ate 50m\u00b3.<br \/>\nTipo de Instala\u00e7\u00e3o: esta caldeira permite instala\u00e7\u00e3o hidr\u00e1ulica de insufla\u00e7\u00e3o sifonada e com desn\u00edvel vertical superior de at\u00e9 5m, sua fixa\u00e7\u00e3o \u00e9 feita na parede tendo como acess\u00f3rios, duto, joelho, T e chap\u00e9u chin\u00eas.<br \/>\nMedida e Peso: Largura 171 cm x altura 65 cm x profundidade 86 cm, peso de 80Kg.<br \/>\nGarantia: Tanque 01 ano contra defeito de fabrica\u00e7\u00e3o.(acompanha instru\u00e7\u00f5es e certificado de garantia do fabricante), Termostato 90 dias<br \/>\n<br \/>\nUso: somente \u00e1gua pot\u00e1vel, instala\u00e7\u00e3o de 01 filtro de linha e vaz\u00e3o m\u00ednima de abastecimento de \u00e1gua de 90 litros\/hora (1,5L\/minuto), press\u00e3o de trabalho m\u00ednimo de 2mca e m\u00e1ximo de 20mca.<br \/>\nOp\u00e7\u00f5es de G\u00e1s\/El\u00e9trica: GLP; acess\u00f3rios el\u00e9tricos internos 127V ou 220V.<br \/>\nConsumo de G\u00e1s e Press\u00e3o de G\u00e1s: GLP 9.600 kg\/h - 280mmca.<br \/>\nComando: painel com termostato e term\u00f4metro digital (J\u00c1 INCLUSO).<br \/>\n<br \/>\n<a href=\"https:\/\/api.whatsapp.com\/send?phone=5521964144201\"><img loading=\"lazy\" decoding=\"async\" class=\"alignnone size-full wp-image-4307\" alt=\"botao_whatsapp\" src=\"http:\/\/www.lojadeequipamentos.com.br\/loja\/wp-content\/uploads\/2020\/08\/botao_whatsapp.png\" width=\"226\" height=\"82\" \/><\/a><\/p>\n","protected":false},"excerpt":{"rendered":"<strong>Sauna Vapor G\u00e1s - Mini Caldeira Techg\u00e1s 50 Extreme - 50m\u00b3 GLP Namarra\/Incisor<\/strong>","protected":false},"featured_media":5357,"comment_status":"open","ping_status":"closed","template":"","meta":{"_links_to":"","_links_to_target":""},"product_brand":[],"product_cat":[1335],"product_tag":[8289,8287,8290,8297,8295,8296,1324,1323,8291,8313,8293,8294,8292,8312,8314,8286,8300,8301,8302,8303,678,8288,8306,8308,8304,8307,8298,8299,8305,8315],"class_list":{"0":"post-7643","1":"product","2":"type-product","3":"status-publish","4":"has-post-thumbnail","6":"product_cat-sauna-gas","7":"product_tag-caldeira-a-vapor-50m","8":"product_tag-caldeira-a-vapor-a-gas-50m","9":"product_tag-caldeira-a-vapor-incisor-50m","10":"product_tag-caldeira-extreme-50m-techgas","11":"product_tag-caldeira-extreme-techgas-50m","12":"product_tag-caldeira-techgas-50-extreme","13":"product_tag-caldeira-vapor-a-gas","14":"product_tag-caldeira-vapor-incisor","15":"product_tag-caldeira-vapor-incisor-gas-50m","16":"product_tag-mini-caldeira-50-extreme","17":"product_tag-mini-caldeira-extreme-50m","18":"product_tag-mini-caldeira-extreme-50m-techgas","19":"product_tag-mini-caldeira-techgas-50-extreme","20":"product_tag-namarra-techgas","21":"product_tag-namarra-teghgas-50-extreme","22":"product_tag-sauna-a-vapor-50m","23":"product_tag-sauna-extreme-techgas","24":"product_tag-sauna-extreme-techgas-50","25":"product_tag-sauna-techgas-50-extreme","26":"product_tag-sauna-techgas-extreme-50","27":"product_tag-sauna-vapor-a-gas","28":"product_tag-sauna-vapor-a-gas-50m","29":"product_tag-sauna-vapor-extreme-50","30":"product_tag-sauna-vapor-glp-50-extreme","31":"product_tag-sauna-vapor-glp-50m","32":"product_tag-sauna-vapor-glp-extreme-50","33":"product_tag-sauna-vapor-incisor-50m","34":"product_tag-sauna-vapor-namarra-50m","35":"product_tag-sauna-vapor-techgas-50-extreme","36":"product_tag-teghgas-50-extreme","38":"first","39":"instock","40":"shipping-taxable","41":"purchasable","42":"product-type-simple"},"yoast_head":"<!-- This site is optimized with the Yoast SEO plugin v27.3 - https:\/\/yoast.com\/product\/yoast-seo-wordpress\/ -->\n<title>Sauna Vapor G\u00e1s - Mini Caldeira Techg\u00e1s 50 Extreme GLP ate 50m\u00b3 Namarra - Loja de Equipamentos<\/title>\n<meta name=\"description\" content=\"Sauna Vapor G\u00e1s Mini Caldeira Techg\u00e1s 50 Extreme GLP 50m\u00b3 Namarra R$ 24.318,00 tanque inox 304 chapa inox 430, gest\u00e3o de n\u00edvel e \u00e1gua, sensor termopar\" \/>\n<meta name=\"robots\" content=\"index, follow, max-snippet:-1, max-image-preview:large, max-video-preview:-1\" \/>\n<link rel=\"canonical\" href=\"https:\/\/www.lojadeequipamentos.com.br\/loja\/produto\/sauna-vapor-gas-mini-caldeira-techgas-glp-ate-50m\u00b3-namarra\/\" \/>\n<meta property=\"og:locale\" content=\"pt_BR\" \/>\n<meta property=\"og:type\" content=\"article\" \/>\n<meta property=\"og:title\" content=\"Sauna Vapor G\u00e1s - Mini Caldeira Techg\u00e1s 50 Extreme GLP ate 50m\u00b3 Namarra - Loja de Equipamentos\" \/>\n<meta property=\"og:description\" content=\"Sauna Vapor G\u00e1s Mini Caldeira Techg\u00e1s 50 Extreme GLP 50m\u00b3 Namarra R$ 24.318,00 tanque inox 304 chapa inox 430, gest\u00e3o de n\u00edvel e \u00e1gua, sensor termopar\" \/>\n<meta property=\"og:url\" content=\"https:\/\/www.lojadeequipamentos.com.br\/loja\/produto\/sauna-vapor-gas-mini-caldeira-techgas-glp-ate-50m\u00b3-namarra\/\" \/>\n<meta property=\"og:site_name\" content=\"Loja de Equipamentos\" \/>\n<meta property=\"article:modified_time\" content=\"2023-07-25T15:46:11+00:00\" \/>\n<meta property=\"og:image\" content=\"https:\/\/www.lojadeequipamentos.com.br\/loja\/wp-content\/uploads\/2021\/03\/sauna-35extreme-loja-de-equipamentos.jpg\" \/>\n\t<meta property=\"og:image:width\" content=\"270\" \/>\n\t<meta property=\"og:image:height\" content=\"200\" \/>\n\t<meta property=\"og:image:type\" content=\"image\/jpeg\" \/>\n<meta name=\"twitter:card\" content=\"summary_large_image\" \/>\n<meta name=\"twitter:label1\" content=\"Est. tempo de leitura\" \/>\n\t<meta name=\"twitter:data1\" content=\"2 minutos\" \/>\n<script type=\"application\/ld+json\" class=\"yoast-schema-graph\">{\"@context\":\"https:\\\/\\\/schema.org\",\"@graph\":[{\"@type\":\"WebPage\",\"@id\":\"https:\\\/\\\/www.lojadeequipamentos.com.br\\\/loja\\\/produto\\\/sauna-vapor-gas-mini-caldeira-techgas-glp-ate-50m%c2%b3-namarra\\\/\",\"url\":\"https:\\\/\\\/www.lojadeequipamentos.com.br\\\/loja\\\/produto\\\/sauna-vapor-gas-mini-caldeira-techgas-glp-ate-50m%c2%b3-namarra\\\/\",\"name\":\"Sauna Vapor G\u00e1s - Mini Caldeira Techg\u00e1s 50 Extreme GLP ate 50m\u00b3 Namarra - Loja de Equipamentos\",\"isPartOf\":{\"@id\":\"https:\\\/\\\/www.lojadeequipamentos.com.br\\\/loja\\\/#website\"},\"primaryImageOfPage\":{\"@id\":\"https:\\\/\\\/www.lojadeequipamentos.com.br\\\/loja\\\/produto\\\/sauna-vapor-gas-mini-caldeira-techgas-glp-ate-50m%c2%b3-namarra\\\/#primaryimage\"},\"image\":{\"@id\":\"https:\\\/\\\/www.lojadeequipamentos.com.br\\\/loja\\\/produto\\\/sauna-vapor-gas-mini-caldeira-techgas-glp-ate-50m%c2%b3-namarra\\\/#primaryimage\"},\"thumbnailUrl\":\"https:\\\/\\\/www.lojadeequipamentos.com.br\\\/loja\\\/wp-content\\\/uploads\\\/2021\\\/03\\\/sauna-35extreme-loja-de-equipamentos.jpg\",\"datePublished\":\"2023-07-24T18:33:30+00:00\",\"dateModified\":\"2023-07-25T15:46:11+00:00\",\"description\":\"Sauna Vapor G\u00e1s Mini Caldeira Techg\u00e1s 50 Extreme GLP 50m\u00b3 Namarra R$ 24.318,00 tanque inox 304 chapa inox 430, gest\u00e3o de n\u00edvel e \u00e1gua, sensor termopar\",\"breadcrumb\":{\"@id\":\"https:\\\/\\\/www.lojadeequipamentos.com.br\\\/loja\\\/produto\\\/sauna-vapor-gas-mini-caldeira-techgas-glp-ate-50m%c2%b3-namarra\\\/#breadcrumb\"},\"inLanguage\":\"pt-BR\",\"potentialAction\":[{\"@type\":\"ReadAction\",\"target\":[\"https:\\\/\\\/www.lojadeequipamentos.com.br\\\/loja\\\/produto\\\/sauna-vapor-gas-mini-caldeira-techgas-glp-ate-50m%c2%b3-namarra\\\/\"]}]},{\"@type\":\"ImageObject\",\"inLanguage\":\"pt-BR\",\"@id\":\"https:\\\/\\\/www.lojadeequipamentos.com.br\\\/loja\\\/produto\\\/sauna-vapor-gas-mini-caldeira-techgas-glp-ate-50m%c2%b3-namarra\\\/#primaryimage\",\"url\":\"https:\\\/\\\/www.lojadeequipamentos.com.br\\\/loja\\\/wp-content\\\/uploads\\\/2021\\\/03\\\/sauna-35extreme-loja-de-equipamentos.jpg\",\"contentUrl\":\"https:\\\/\\\/www.lojadeequipamentos.com.br\\\/loja\\\/wp-content\\\/uploads\\\/2021\\\/03\\\/sauna-35extreme-loja-de-equipamentos.jpg\",\"width\":270,\"height\":200},{\"@type\":\"BreadcrumbList\",\"@id\":\"https:\\\/\\\/www.lojadeequipamentos.com.br\\\/loja\\\/produto\\\/sauna-vapor-gas-mini-caldeira-techgas-glp-ate-50m%c2%b3-namarra\\\/#breadcrumb\",\"itemListElement\":[{\"@type\":\"ListItem\",\"position\":1,\"name\":\"In\u00edcio\",\"item\":\"https:\\\/\\\/www.lojadeequipamentos.com.br\\\/loja\\\/\"},{\"@type\":\"ListItem\",\"position\":2,\"name\":\"Loja Virtual\",\"item\":\"https:\\\/\\\/www.lojadeequipamentos.com.br\\\/loja\\\/shop\\\/\"},{\"@type\":\"ListItem\",\"position\":3,\"name\":\"Sauna Vapor G\u00e1s &#8211; Mini Caldeira Techg\u00e1s 50 Extreme GLP ate 50m\u00b3 Namarra\"}]},{\"@type\":\"WebSite\",\"@id\":\"https:\\\/\\\/www.lojadeequipamentos.com.br\\\/loja\\\/#website\",\"url\":\"https:\\\/\\\/www.lojadeequipamentos.com.br\\\/loja\\\/\",\"name\":\"Loja de Equipamentos\",\"description\":\"\",\"potentialAction\":[{\"@type\":\"SearchAction\",\"target\":{\"@type\":\"EntryPoint\",\"urlTemplate\":\"https:\\\/\\\/www.lojadeequipamentos.com.br\\\/loja\\\/?s={search_term_string}\"},\"query-input\":{\"@type\":\"PropertyValueSpecification\",\"valueRequired\":true,\"valueName\":\"search_term_string\"}}],\"inLanguage\":\"pt-BR\"}]}<\/script>\n<!-- \/ Yoast SEO plugin. -->","yoast_head_json":{"title":"Sauna Vapor G\u00e1s - Mini Caldeira Techg\u00e1s 50 Extreme GLP ate 50m\u00b3 Namarra - Loja de Equipamentos","description":"Sauna Vapor G\u00e1s Mini Caldeira Techg\u00e1s 50 Extreme GLP 50m\u00b3 Namarra R$ 24.318,00 tanque inox 304 chapa inox 430, gest\u00e3o de n\u00edvel e \u00e1gua, sensor termopar","robots":{"index":"index","follow":"follow","max-snippet":"max-snippet:-1","max-image-preview":"max-image-preview:large","max-video-preview":"max-video-preview:-1"},"canonical":"https:\/\/www.lojadeequipamentos.com.br\/loja\/produto\/sauna-vapor-gas-mini-caldeira-techgas-glp-ate-50m\u00b3-namarra\/","og_locale":"pt_BR","og_type":"article","og_title":"Sauna Vapor G\u00e1s - Mini Caldeira Techg\u00e1s 50 Extreme GLP ate 50m\u00b3 Namarra - Loja de Equipamentos","og_description":"Sauna Vapor G\u00e1s Mini Caldeira Techg\u00e1s 50 Extreme GLP 50m\u00b3 Namarra R$ 24.318,00 tanque inox 304 chapa inox 430, gest\u00e3o de n\u00edvel e \u00e1gua, sensor termopar","og_url":"https:\/\/www.lojadeequipamentos.com.br\/loja\/produto\/sauna-vapor-gas-mini-caldeira-techgas-glp-ate-50m\u00b3-namarra\/","og_site_name":"Loja de Equipamentos","article_modified_time":"2023-07-25T15:46:11+00:00","og_image":[{"width":270,"height":200,"url":"https:\/\/www.lojadeequipamentos.com.br\/loja\/wp-content\/uploads\/2021\/03\/sauna-35extreme-loja-de-equipamentos.jpg","type":"image\/jpeg"}],"twitter_card":"summary_large_image","twitter_misc":{"Est. tempo de leitura":"2 minutos"},"schema":{"@context":"https:\/\/schema.org","@graph":[{"@type":"WebPage","@id":"https:\/\/www.lojadeequipamentos.com.br\/loja\/produto\/sauna-vapor-gas-mini-caldeira-techgas-glp-ate-50m%c2%b3-namarra\/","url":"https:\/\/www.lojadeequipamentos.com.br\/loja\/produto\/sauna-vapor-gas-mini-caldeira-techgas-glp-ate-50m%c2%b3-namarra\/","name":"Sauna Vapor G\u00e1s - Mini Caldeira Techg\u00e1s 50 Extreme GLP ate 50m\u00b3 Namarra - Loja de Equipamentos","isPartOf":{"@id":"https:\/\/www.lojadeequipamentos.com.br\/loja\/#website"},"primaryImageOfPage":{"@id":"https:\/\/www.lojadeequipamentos.com.br\/loja\/produto\/sauna-vapor-gas-mini-caldeira-techgas-glp-ate-50m%c2%b3-namarra\/#primaryimage"},"image":{"@id":"https:\/\/www.lojadeequipamentos.com.br\/loja\/produto\/sauna-vapor-gas-mini-caldeira-techgas-glp-ate-50m%c2%b3-namarra\/#primaryimage"},"thumbnailUrl":"https:\/\/www.lojadeequipamentos.com.br\/loja\/wp-content\/uploads\/2021\/03\/sauna-35extreme-loja-de-equipamentos.jpg","datePublished":"2023-07-24T18:33:30+00:00","dateModified":"2023-07-25T15:46:11+00:00","description":"Sauna Vapor G\u00e1s Mini Caldeira Techg\u00e1s 50 Extreme GLP 50m\u00b3 Namarra R$ 24.318,00 tanque inox 304 chapa inox 430, gest\u00e3o de n\u00edvel e \u00e1gua, sensor termopar","breadcrumb":{"@id":"https:\/\/www.lojadeequipamentos.com.br\/loja\/produto\/sauna-vapor-gas-mini-caldeira-techgas-glp-ate-50m%c2%b3-namarra\/#breadcrumb"},"inLanguage":"pt-BR","potentialAction":[{"@type":"ReadAction","target":["https:\/\/www.lojadeequipamentos.com.br\/loja\/produto\/sauna-vapor-gas-mini-caldeira-techgas-glp-ate-50m%c2%b3-namarra\/"]}]},{"@type":"ImageObject","inLanguage":"pt-BR","@id":"https:\/\/www.lojadeequipamentos.com.br\/loja\/produto\/sauna-vapor-gas-mini-caldeira-techgas-glp-ate-50m%c2%b3-namarra\/#primaryimage","url":"https:\/\/www.lojadeequipamentos.com.br\/loja\/wp-content\/uploads\/2021\/03\/sauna-35extreme-loja-de-equipamentos.jpg","contentUrl":"https:\/\/www.lojadeequipamentos.com.br\/loja\/wp-content\/uploads\/2021\/03\/sauna-35extreme-loja-de-equipamentos.jpg","width":270,"height":200},{"@type":"BreadcrumbList","@id":"https:\/\/www.lojadeequipamentos.com.br\/loja\/produto\/sauna-vapor-gas-mini-caldeira-techgas-glp-ate-50m%c2%b3-namarra\/#breadcrumb","itemListElement":[{"@type":"ListItem","position":1,"name":"In\u00edcio","item":"https:\/\/www.lojadeequipamentos.com.br\/loja\/"},{"@type":"ListItem","position":2,"name":"Loja Virtual","item":"https:\/\/www.lojadeequipamentos.com.br\/loja\/shop\/"},{"@type":"ListItem","position":3,"name":"Sauna Vapor G\u00e1s &#8211; Mini Caldeira Techg\u00e1s 50 Extreme GLP ate 50m\u00b3 Namarra"}]},{"@type":"WebSite","@id":"https:\/\/www.lojadeequipamentos.com.br\/loja\/#website","url":"https:\/\/www.lojadeequipamentos.com.br\/loja\/","name":"Loja de Equipamentos","description":"","potentialAction":[{"@type":"SearchAction","target":{"@type":"EntryPoint","urlTemplate":"https:\/\/www.lojadeequipamentos.com.br\/loja\/?s={search_term_string}"},"query-input":{"@type":"PropertyValueSpecification","valueRequired":true,"valueName":"search_term_string"}}],"inLanguage":"pt-BR"}]}},"_links":{"self":[{"href":"https:\/\/www.lojadeequipamentos.com.br\/loja\/wp-json\/wp\/v2\/product\/7643","targetHints":{"allow":["GET"]}}],"collection":[{"href":"https:\/\/www.lojadeequipamentos.com.br\/loja\/wp-json\/wp\/v2\/product"}],"about":[{"href":"https:\/\/www.lojadeequipamentos.com.br\/loja\/wp-json\/wp\/v2\/types\/product"}],"replies":[{"embeddable":true,"href":"https:\/\/www.lojadeequipamentos.com.br\/loja\/wp-json\/wp\/v2\/comments?post=7643"}],"wp:featuredmedia":[{"embeddable":true,"href":"https:\/\/www.lojadeequipamentos.com.br\/loja\/wp-json\/wp\/v2\/media\/5357"}],"wp:attachment":[{"href":"https:\/\/www.lojadeequipamentos.com.br\/loja\/wp-json\/wp\/v2\/media?parent=7643"}],"wp:term":[{"taxonomy":"product_brand","embeddable":true,"href":"https:\/\/www.lojadeequipamentos.com.br\/loja\/wp-json\/wp\/v2\/product_brand?post=7643"},{"taxonomy":"product_cat","embeddable":true,"href":"https:\/\/www.lojadeequipamentos.com.br\/loja\/wp-json\/wp\/v2\/product_cat?post=7643"},{"taxonomy":"product_tag","embeddable":true,"href":"https:\/\/www.lojadeequipamentos.com.br\/loja\/wp-json\/wp\/v2\/product_tag?post=7643"}],"curies":[{"name":"wp","href":"https:\/\/api.w.org\/{rel}","templated":true}]}}