{"id":5291,"date":"2021-03-19T03:30:35","date_gmt":"2021-03-19T03:30:35","guid":{"rendered":"https:\/\/www.lojadeequipamentos.com.br\/loja\/?post_type=product&#038;p=5291"},"modified":"2021-07-18T20:15:34","modified_gmt":"2021-07-18T20:15:34","slug":"placa-compactadora-pvm30-4t-7hp-matsuyama","status":"publish","type":"product","link":"https:\/\/www.lojadeequipamentos.com.br\/loja\/produto\/placa-compactadora-pvm30-4t-7hp-matsuyama\/","title":{"rendered":"Placa Compactadora PVM30 4T 7hp \/ Matsuyama"},"content":{"rendered":"<p><strong>Placa Compactadora PVM30 4T 7hp \/ Matsuyama<\/strong><\/p>\n<p>C\u00f3digo: 437336<br \/>\nTipo: Monocil\u00edndrico<br \/>\nFrequ\u00eancia: 4000 VPN<br \/>\nProfundidade de compacta\u00e7\u00e3o: 50 cm<br \/>\nVelocidade de deslocamento: 25 cm\/s<br \/>\nEfici\u00eancia: 570 m2\/h<br \/>\nTamanho da placa: 730 X 480 mm<br \/>\nMaterial da placa: Ferro fundido<br \/>\nFor\u00e7a de impacto: 30.5 kN \/ 3112kg<br \/>\nGolpe M\u00e1ximo: 1 cm<br \/>\nPercuss\u00f5es por minuto: 4000<br \/>\nAltura do salto: 0.5 mm<br \/>\nSistema de revers\u00e3o: Sim<br \/>\nReservat\u00f3rio de \u00e1gua: Sim<br \/>\nCombust\u00edvel: Diesel<br \/>\nCapacidade do tanque: 3.5 L<br \/>\nConsumo m\u00e9dio: 0.6 L\/Hora<br \/>\nSistema de partida: Manual<br \/>\nDimens\u00f5es: 775 X 435 X 1120 mm<br \/>\nPeso l\u00edquido: 161 kg<br \/>\nPot\u00eancia: 7 HP<br \/>\nCilindradas: 296 CC<br \/>\nRota\u00e7\u00e3o m\u00e1xima: 3600 rpm<br \/>\nFiltro de ar: Banhado a \u00f3leo<br \/>\nQuantidade de \u00f3leo lubrificante: 1.1 L<br \/>\nTipo de \u00f3leo: SAE 15W-40<br \/>\nSensor de \u00f3leo: N\u00e3o<br \/>\nGarantia:<br \/>\n<strong>FAVOR ENTRAR EM CONTATO PARA COTA\u00c7\u00c3O DE FRETE<\/strong><\/p>\n<p><a href=\"https:\/\/api.whatsapp.com\/send?phone=5521964144201\"><img loading=\"lazy\" decoding=\"async\" class=\"alignnone size-full wp-image-4307\" src=\"http:\/\/www.lojadeequipamentos.com.br\/loja\/wp-content\/uploads\/2020\/08\/botao_whatsapp.png\" alt=\"botao_whatsapp\" width=\"226\" height=\"82\" \/><\/a><\/p>\n","protected":false},"excerpt":{"rendered":"<strong>Placa Compactadora PVM30 4T 7hp \/ Matsuyama<\/strong>","protected":false},"featured_media":6370,"comment_status":"open","ping_status":"closed","template":"","meta":{"_links_to":"","_links_to_target":""},"product_brand":[],"product_cat":[4802],"product_tag":[5658,5654,5652,5656,5650,5657,5653,5651,5655,5643],"class_list":{"0":"post-5291","1":"product","2":"type-product","3":"status-publish","4":"has-post-thumbnail","6":"product_cat-construcao","7":"product_tag-296cc-placa-compactadora","8":"product_tag-4000vpn-placa-compactadora","9":"product_tag-7hp-placa-compactadora","10":"product_tag-diesel-placa-compactadora","11":"product_tag-matsuyama-placa-compactadora","12":"product_tag-placa-compactadora-296cc","13":"product_tag-placa-compactadora-4000vpn","14":"product_tag-placa-compactadora-7hp","15":"product_tag-placa-compactadora-diesel","16":"product_tag-placa-compactadora-matsuyama","18":"first","19":"instock","20":"shipping-taxable","21":"product-type-simple"},"yoast_head":"<!-- This site is optimized with the Yoast SEO plugin v27.3 - https:\/\/yoast.com\/product\/yoast-seo-wordpress\/ -->\n<title>Placa Compactadora PVM30 4T 7hp \/ Matsuyama - Loja de Equipamentos<\/title>\n<meta name=\"description\" content=\"Placa Compactadora PVM30 4T 7hp \/ Matsuyama R$:\" \/>\n<meta name=\"robots\" content=\"index, follow, max-snippet:-1, max-image-preview:large, max-video-preview:-1\" \/>\n<link rel=\"canonical\" href=\"https:\/\/www.lojadeequipamentos.com.br\/loja\/produto\/placa-compactadora-pvm30-4t-7hp-matsuyama\/\" \/>\n<meta property=\"og:locale\" content=\"pt_BR\" \/>\n<meta property=\"og:type\" content=\"article\" \/>\n<meta property=\"og:title\" content=\"Placa Compactadora PVM30 4T 7hp \/ Matsuyama - Loja de Equipamentos\" \/>\n<meta property=\"og:description\" content=\"Placa Compactadora PVM30 4T 7hp \/ Matsuyama R$:\" \/>\n<meta property=\"og:url\" content=\"https:\/\/www.lojadeequipamentos.com.br\/loja\/produto\/placa-compactadora-pvm30-4t-7hp-matsuyama\/\" \/>\n<meta property=\"og:site_name\" content=\"Loja de Equipamentos\" \/>\n<meta property=\"article:modified_time\" content=\"2021-07-18T20:15:34+00:00\" \/>\n<meta property=\"og:image\" content=\"https:\/\/www.lojadeequipamentos.com.br\/loja\/wp-content\/uploads\/2021\/03\/placa-compactadora-pvm30.png\" \/>\n\t<meta property=\"og:image:width\" content=\"401\" \/>\n\t<meta property=\"og:image:height\" content=\"380\" \/>\n\t<meta property=\"og:image:type\" content=\"image\/png\" \/>\n<meta name=\"twitter:card\" content=\"summary_large_image\" \/>\n<meta name=\"twitter:label1\" content=\"Est. tempo de leitura\" \/>\n\t<meta name=\"twitter:data1\" content=\"1 minuto\" \/>\n<script type=\"application\/ld+json\" class=\"yoast-schema-graph\">{\"@context\":\"https:\\\/\\\/schema.org\",\"@graph\":[{\"@type\":\"WebPage\",\"@id\":\"https:\\\/\\\/www.lojadeequipamentos.com.br\\\/loja\\\/produto\\\/placa-compactadora-pvm30-4t-7hp-matsuyama\\\/\",\"url\":\"https:\\\/\\\/www.lojadeequipamentos.com.br\\\/loja\\\/produto\\\/placa-compactadora-pvm30-4t-7hp-matsuyama\\\/\",\"name\":\"Placa Compactadora PVM30 4T 7hp \\\/ Matsuyama - Loja de Equipamentos\",\"isPartOf\":{\"@id\":\"https:\\\/\\\/www.lojadeequipamentos.com.br\\\/loja\\\/#website\"},\"primaryImageOfPage\":{\"@id\":\"https:\\\/\\\/www.lojadeequipamentos.com.br\\\/loja\\\/produto\\\/placa-compactadora-pvm30-4t-7hp-matsuyama\\\/#primaryimage\"},\"image\":{\"@id\":\"https:\\\/\\\/www.lojadeequipamentos.com.br\\\/loja\\\/produto\\\/placa-compactadora-pvm30-4t-7hp-matsuyama\\\/#primaryimage\"},\"thumbnailUrl\":\"https:\\\/\\\/www.lojadeequipamentos.com.br\\\/loja\\\/wp-content\\\/uploads\\\/2021\\\/03\\\/placa-compactadora-pvm30.png\",\"datePublished\":\"2021-03-19T03:30:35+00:00\",\"dateModified\":\"2021-07-18T20:15:34+00:00\",\"description\":\"Placa Compactadora PVM30 4T 7hp \\\/ Matsuyama R$:\",\"breadcrumb\":{\"@id\":\"https:\\\/\\\/www.lojadeequipamentos.com.br\\\/loja\\\/produto\\\/placa-compactadora-pvm30-4t-7hp-matsuyama\\\/#breadcrumb\"},\"inLanguage\":\"pt-BR\",\"potentialAction\":[{\"@type\":\"ReadAction\",\"target\":[\"https:\\\/\\\/www.lojadeequipamentos.com.br\\\/loja\\\/produto\\\/placa-compactadora-pvm30-4t-7hp-matsuyama\\\/\"]}]},{\"@type\":\"ImageObject\",\"inLanguage\":\"pt-BR\",\"@id\":\"https:\\\/\\\/www.lojadeequipamentos.com.br\\\/loja\\\/produto\\\/placa-compactadora-pvm30-4t-7hp-matsuyama\\\/#primaryimage\",\"url\":\"https:\\\/\\\/www.lojadeequipamentos.com.br\\\/loja\\\/wp-content\\\/uploads\\\/2021\\\/03\\\/placa-compactadora-pvm30.png\",\"contentUrl\":\"https:\\\/\\\/www.lojadeequipamentos.com.br\\\/loja\\\/wp-content\\\/uploads\\\/2021\\\/03\\\/placa-compactadora-pvm30.png\",\"width\":401,\"height\":380},{\"@type\":\"BreadcrumbList\",\"@id\":\"https:\\\/\\\/www.lojadeequipamentos.com.br\\\/loja\\\/produto\\\/placa-compactadora-pvm30-4t-7hp-matsuyama\\\/#breadcrumb\",\"itemListElement\":[{\"@type\":\"ListItem\",\"position\":1,\"name\":\"In\u00edcio\",\"item\":\"https:\\\/\\\/www.lojadeequipamentos.com.br\\\/loja\\\/\"},{\"@type\":\"ListItem\",\"position\":2,\"name\":\"Loja Virtual\",\"item\":\"https:\\\/\\\/www.lojadeequipamentos.com.br\\\/loja\\\/shop\\\/\"},{\"@type\":\"ListItem\",\"position\":3,\"name\":\"Placa Compactadora PVM30 4T 7hp \\\/ Matsuyama\"}]},{\"@type\":\"WebSite\",\"@id\":\"https:\\\/\\\/www.lojadeequipamentos.com.br\\\/loja\\\/#website\",\"url\":\"https:\\\/\\\/www.lojadeequipamentos.com.br\\\/loja\\\/\",\"name\":\"Loja de Equipamentos\",\"description\":\"\",\"potentialAction\":[{\"@type\":\"SearchAction\",\"target\":{\"@type\":\"EntryPoint\",\"urlTemplate\":\"https:\\\/\\\/www.lojadeequipamentos.com.br\\\/loja\\\/?s={search_term_string}\"},\"query-input\":{\"@type\":\"PropertyValueSpecification\",\"valueRequired\":true,\"valueName\":\"search_term_string\"}}],\"inLanguage\":\"pt-BR\"}]}<\/script>\n<!-- \/ Yoast SEO plugin. -->","yoast_head_json":{"title":"Placa Compactadora PVM30 4T 7hp \/ Matsuyama - Loja de Equipamentos","description":"Placa Compactadora PVM30 4T 7hp \/ Matsuyama R$:","robots":{"index":"index","follow":"follow","max-snippet":"max-snippet:-1","max-image-preview":"max-image-preview:large","max-video-preview":"max-video-preview:-1"},"canonical":"https:\/\/www.lojadeequipamentos.com.br\/loja\/produto\/placa-compactadora-pvm30-4t-7hp-matsuyama\/","og_locale":"pt_BR","og_type":"article","og_title":"Placa Compactadora PVM30 4T 7hp \/ Matsuyama - Loja de Equipamentos","og_description":"Placa Compactadora PVM30 4T 7hp \/ Matsuyama R$:","og_url":"https:\/\/www.lojadeequipamentos.com.br\/loja\/produto\/placa-compactadora-pvm30-4t-7hp-matsuyama\/","og_site_name":"Loja de Equipamentos","article_modified_time":"2021-07-18T20:15:34+00:00","og_image":[{"width":401,"height":380,"url":"https:\/\/www.lojadeequipamentos.com.br\/loja\/wp-content\/uploads\/2021\/03\/placa-compactadora-pvm30.png","type":"image\/png"}],"twitter_card":"summary_large_image","twitter_misc":{"Est. tempo de leitura":"1 minuto"},"schema":{"@context":"https:\/\/schema.org","@graph":[{"@type":"WebPage","@id":"https:\/\/www.lojadeequipamentos.com.br\/loja\/produto\/placa-compactadora-pvm30-4t-7hp-matsuyama\/","url":"https:\/\/www.lojadeequipamentos.com.br\/loja\/produto\/placa-compactadora-pvm30-4t-7hp-matsuyama\/","name":"Placa Compactadora PVM30 4T 7hp \/ Matsuyama - Loja de Equipamentos","isPartOf":{"@id":"https:\/\/www.lojadeequipamentos.com.br\/loja\/#website"},"primaryImageOfPage":{"@id":"https:\/\/www.lojadeequipamentos.com.br\/loja\/produto\/placa-compactadora-pvm30-4t-7hp-matsuyama\/#primaryimage"},"image":{"@id":"https:\/\/www.lojadeequipamentos.com.br\/loja\/produto\/placa-compactadora-pvm30-4t-7hp-matsuyama\/#primaryimage"},"thumbnailUrl":"https:\/\/www.lojadeequipamentos.com.br\/loja\/wp-content\/uploads\/2021\/03\/placa-compactadora-pvm30.png","datePublished":"2021-03-19T03:30:35+00:00","dateModified":"2021-07-18T20:15:34+00:00","description":"Placa Compactadora PVM30 4T 7hp \/ Matsuyama R$:","breadcrumb":{"@id":"https:\/\/www.lojadeequipamentos.com.br\/loja\/produto\/placa-compactadora-pvm30-4t-7hp-matsuyama\/#breadcrumb"},"inLanguage":"pt-BR","potentialAction":[{"@type":"ReadAction","target":["https:\/\/www.lojadeequipamentos.com.br\/loja\/produto\/placa-compactadora-pvm30-4t-7hp-matsuyama\/"]}]},{"@type":"ImageObject","inLanguage":"pt-BR","@id":"https:\/\/www.lojadeequipamentos.com.br\/loja\/produto\/placa-compactadora-pvm30-4t-7hp-matsuyama\/#primaryimage","url":"https:\/\/www.lojadeequipamentos.com.br\/loja\/wp-content\/uploads\/2021\/03\/placa-compactadora-pvm30.png","contentUrl":"https:\/\/www.lojadeequipamentos.com.br\/loja\/wp-content\/uploads\/2021\/03\/placa-compactadora-pvm30.png","width":401,"height":380},{"@type":"BreadcrumbList","@id":"https:\/\/www.lojadeequipamentos.com.br\/loja\/produto\/placa-compactadora-pvm30-4t-7hp-matsuyama\/#breadcrumb","itemListElement":[{"@type":"ListItem","position":1,"name":"In\u00edcio","item":"https:\/\/www.lojadeequipamentos.com.br\/loja\/"},{"@type":"ListItem","position":2,"name":"Loja Virtual","item":"https:\/\/www.lojadeequipamentos.com.br\/loja\/shop\/"},{"@type":"ListItem","position":3,"name":"Placa Compactadora PVM30 4T 7hp \/ Matsuyama"}]},{"@type":"WebSite","@id":"https:\/\/www.lojadeequipamentos.com.br\/loja\/#website","url":"https:\/\/www.lojadeequipamentos.com.br\/loja\/","name":"Loja de Equipamentos","description":"","potentialAction":[{"@type":"SearchAction","target":{"@type":"EntryPoint","urlTemplate":"https:\/\/www.lojadeequipamentos.com.br\/loja\/?s={search_term_string}"},"query-input":{"@type":"PropertyValueSpecification","valueRequired":true,"valueName":"search_term_string"}}],"inLanguage":"pt-BR"}]}},"_links":{"self":[{"href":"https:\/\/www.lojadeequipamentos.com.br\/loja\/wp-json\/wp\/v2\/product\/5291","targetHints":{"allow":["GET"]}}],"collection":[{"href":"https:\/\/www.lojadeequipamentos.com.br\/loja\/wp-json\/wp\/v2\/product"}],"about":[{"href":"https:\/\/www.lojadeequipamentos.com.br\/loja\/wp-json\/wp\/v2\/types\/product"}],"replies":[{"embeddable":true,"href":"https:\/\/www.lojadeequipamentos.com.br\/loja\/wp-json\/wp\/v2\/comments?post=5291"}],"wp:featuredmedia":[{"embeddable":true,"href":"https:\/\/www.lojadeequipamentos.com.br\/loja\/wp-json\/wp\/v2\/media\/6370"}],"wp:attachment":[{"href":"https:\/\/www.lojadeequipamentos.com.br\/loja\/wp-json\/wp\/v2\/media?parent=5291"}],"wp:term":[{"taxonomy":"product_brand","embeddable":true,"href":"https:\/\/www.lojadeequipamentos.com.br\/loja\/wp-json\/wp\/v2\/product_brand?post=5291"},{"taxonomy":"product_cat","embeddable":true,"href":"https:\/\/www.lojadeequipamentos.com.br\/loja\/wp-json\/wp\/v2\/product_cat?post=5291"},{"taxonomy":"product_tag","embeddable":true,"href":"https:\/\/www.lojadeequipamentos.com.br\/loja\/wp-json\/wp\/v2\/product_tag?post=5291"}],"curies":[{"name":"wp","href":"https:\/\/api.w.org\/{rel}","templated":true}]}}