{"id":5257,"date":"2021-03-18T22:53:23","date_gmt":"2021-03-18T22:53:23","guid":{"rendered":"https:\/\/www.lojadeequipamentos.com.br\/loja\/?post_type=product&#038;p=5257"},"modified":"2021-07-16T18:16:25","modified_gmt":"2021-07-16T18:16:25","slug":"aspirador-soprador-2t-25-4cc-1-2hp-matsuyama","status":"publish","type":"product","link":"https:\/\/www.lojadeequipamentos.com.br\/loja\/produto\/aspirador-soprador-2t-25-4cc-1-2hp-matsuyama\/","title":{"rendered":"Aspirador\/Soprador 2T 25.4cc 1.2hp \/ Matsuyama"},"content":{"rendered":"<p><strong>Ro\u00e7adeira 2T 42.7cc \/ Matsuyama<\/strong><\/p>\n<p>C\u00f3digo: 360422<br \/>\nVolume m\u00e1ximo de ar: 0.17 m\u00b3\/s<br \/>\nSistema de igni\u00e7\u00e3o: CDI<br \/>\nSistema de partida: Manual<br \/>\nCombust\u00edvel: Gasolina + \u00d3leo 2 tempos<br \/>\nMistura de combust\u00edvel: 25:1<br \/>\nTipo de \u00f3leo: SAE 20W-40 para motor 2 tempos<br \/>\nCapacidade do tanque: 0,5 L<br \/>\nConsumo m\u00e9dio: 0,76 L\/ P Hora<br \/>\nN\u00edvel de ru\u00eddo: 93 Db(A) (7M)<\/p>\n<p>Motor<br \/>\nPot\u00eancia: 1.02 hp<br \/>\nTipo: 2 Tempos<br \/>\nRefrigera\u00e7\u00e3o: AR<br \/>\nCilindradas: 25,4 CC<br \/>\nDi\u00e2metro do cilindro: 34 x 28 mm<br \/>\nRota\u00e7\u00e3o m\u00e1xima: 11000 rpm<br \/>\nRota\u00e7\u00e3o cont\u00ednua (lenta): 2800\/3200 rpm<br \/>\nCarburador: Diafragma<br \/>\nDimens\u00f5es: 580 X 355 X 370 mm<br \/>\nPeso: 4,8 kg<br \/>\nGarantia:<\/p>\n<p><strong>FAVOR ENTRAR EM CONTATO PARA COTA\u00c7\u00c3O DE FRETE<\/strong><\/p>\n<p><a href=\"https:\/\/api.whatsapp.com\/send?phone=5521964144201\"><img loading=\"lazy\" decoding=\"async\" class=\"alignnone size-full wp-image-4307\" src=\"http:\/\/www.lojadeequipamentos.com.br\/loja\/wp-content\/uploads\/2020\/08\/botao_whatsapp.png\" alt=\"botao_whatsapp\" width=\"226\" height=\"82\" \/><\/a><\/p>\n","protected":false},"excerpt":{"rendered":"<strong>Aspirador\/Soprador 2T 25.4cc 1.2hp \/ Matsuyama<\/strong>","protected":false},"featured_media":6336,"comment_status":"open","ping_status":"closed","template":"","meta":{"_links_to":"","_links_to_target":""},"product_brand":[],"product_cat":[4767],"product_tag":[5732,5738,5734,5733,5737,5730,5729,5735,5736,5731],"class_list":{"0":"post-5257","1":"product","2":"type-product","3":"status-publish","4":"has-post-thumbnail","6":"product_cat-aspirador","7":"product_tag-aspirador-matsuyama","8":"product_tag-aspirador-soprador-0-17m-s","9":"product_tag-aspirador-soprador-1-2hp","10":"product_tag-aspirador-soprador-25-4cc","11":"product_tag-aspirador-soprador-2t","12":"product_tag-aspirador-soprador-2t-25-4cc-1-2hp","13":"product_tag-aspirador-soprador-2t-25-4cc-1-2hp-matsuyama","14":"product_tag-aspirador-soprador-manual","15":"product_tag-manual-aspirador-soprador","16":"product_tag-soprador-matsuyama","18":"first","19":"instock","20":"shipping-taxable","21":"product-type-simple"},"yoast_head":"<!-- This site is optimized with the Yoast SEO plugin v27.3 - https:\/\/yoast.com\/product\/yoast-seo-wordpress\/ -->\n<title>Aspirador\/Soprador 2T 25.4cc 1.2hp \/ Matsuyama - Loja de Equipamentos<\/title>\n<meta name=\"description\" content=\"Aspirador\/Soprador 2T 25.4cc 1.2hp \/ Matsuyama R$:\" \/>\n<meta name=\"robots\" content=\"index, follow, max-snippet:-1, max-image-preview:large, max-video-preview:-1\" \/>\n<link rel=\"canonical\" href=\"https:\/\/www.lojadeequipamentos.com.br\/loja\/produto\/aspirador-soprador-2t-25-4cc-1-2hp-matsuyama\/\" \/>\n<meta property=\"og:locale\" content=\"pt_BR\" \/>\n<meta property=\"og:type\" content=\"article\" \/>\n<meta property=\"og:title\" content=\"Aspirador\/Soprador 2T 25.4cc 1.2hp \/ Matsuyama - Loja de Equipamentos\" \/>\n<meta property=\"og:description\" content=\"Aspirador\/Soprador 2T 25.4cc 1.2hp \/ Matsuyama R$:\" \/>\n<meta property=\"og:url\" content=\"https:\/\/www.lojadeequipamentos.com.br\/loja\/produto\/aspirador-soprador-2t-25-4cc-1-2hp-matsuyama\/\" \/>\n<meta property=\"og:site_name\" content=\"Loja de Equipamentos\" \/>\n<meta property=\"article:modified_time\" content=\"2021-07-16T18:16:25+00:00\" \/>\n<meta property=\"og:image\" content=\"https:\/\/www.lojadeequipamentos.com.br\/loja\/wp-content\/uploads\/2021\/03\/rocadeira-47cc.png\" \/>\n\t<meta property=\"og:image:width\" content=\"201\" \/>\n\t<meta property=\"og:image:height\" content=\"492\" \/>\n\t<meta property=\"og:image:type\" content=\"image\/png\" \/>\n<meta name=\"twitter:card\" content=\"summary_large_image\" \/>\n<meta name=\"twitter:label1\" content=\"Est. tempo de leitura\" \/>\n\t<meta name=\"twitter:data1\" content=\"1 minuto\" \/>\n<script type=\"application\/ld+json\" class=\"yoast-schema-graph\">{\"@context\":\"https:\\\/\\\/schema.org\",\"@graph\":[{\"@type\":\"WebPage\",\"@id\":\"https:\\\/\\\/www.lojadeequipamentos.com.br\\\/loja\\\/produto\\\/aspirador-soprador-2t-25-4cc-1-2hp-matsuyama\\\/\",\"url\":\"https:\\\/\\\/www.lojadeequipamentos.com.br\\\/loja\\\/produto\\\/aspirador-soprador-2t-25-4cc-1-2hp-matsuyama\\\/\",\"name\":\"Aspirador\\\/Soprador 2T 25.4cc 1.2hp \\\/ Matsuyama - Loja de Equipamentos\",\"isPartOf\":{\"@id\":\"https:\\\/\\\/www.lojadeequipamentos.com.br\\\/loja\\\/#website\"},\"primaryImageOfPage\":{\"@id\":\"https:\\\/\\\/www.lojadeequipamentos.com.br\\\/loja\\\/produto\\\/aspirador-soprador-2t-25-4cc-1-2hp-matsuyama\\\/#primaryimage\"},\"image\":{\"@id\":\"https:\\\/\\\/www.lojadeequipamentos.com.br\\\/loja\\\/produto\\\/aspirador-soprador-2t-25-4cc-1-2hp-matsuyama\\\/#primaryimage\"},\"thumbnailUrl\":\"https:\\\/\\\/www.lojadeequipamentos.com.br\\\/loja\\\/wp-content\\\/uploads\\\/2021\\\/03\\\/rocadeira-47cc.png\",\"datePublished\":\"2021-03-18T22:53:23+00:00\",\"dateModified\":\"2021-07-16T18:16:25+00:00\",\"description\":\"Aspirador\\\/Soprador 2T 25.4cc 1.2hp \\\/ Matsuyama R$:\",\"breadcrumb\":{\"@id\":\"https:\\\/\\\/www.lojadeequipamentos.com.br\\\/loja\\\/produto\\\/aspirador-soprador-2t-25-4cc-1-2hp-matsuyama\\\/#breadcrumb\"},\"inLanguage\":\"pt-BR\",\"potentialAction\":[{\"@type\":\"ReadAction\",\"target\":[\"https:\\\/\\\/www.lojadeequipamentos.com.br\\\/loja\\\/produto\\\/aspirador-soprador-2t-25-4cc-1-2hp-matsuyama\\\/\"]}]},{\"@type\":\"ImageObject\",\"inLanguage\":\"pt-BR\",\"@id\":\"https:\\\/\\\/www.lojadeequipamentos.com.br\\\/loja\\\/produto\\\/aspirador-soprador-2t-25-4cc-1-2hp-matsuyama\\\/#primaryimage\",\"url\":\"https:\\\/\\\/www.lojadeequipamentos.com.br\\\/loja\\\/wp-content\\\/uploads\\\/2021\\\/03\\\/rocadeira-47cc.png\",\"contentUrl\":\"https:\\\/\\\/www.lojadeequipamentos.com.br\\\/loja\\\/wp-content\\\/uploads\\\/2021\\\/03\\\/rocadeira-47cc.png\",\"width\":201,\"height\":492},{\"@type\":\"BreadcrumbList\",\"@id\":\"https:\\\/\\\/www.lojadeequipamentos.com.br\\\/loja\\\/produto\\\/aspirador-soprador-2t-25-4cc-1-2hp-matsuyama\\\/#breadcrumb\",\"itemListElement\":[{\"@type\":\"ListItem\",\"position\":1,\"name\":\"In\u00edcio\",\"item\":\"https:\\\/\\\/www.lojadeequipamentos.com.br\\\/loja\\\/\"},{\"@type\":\"ListItem\",\"position\":2,\"name\":\"Loja Virtual\",\"item\":\"https:\\\/\\\/www.lojadeequipamentos.com.br\\\/loja\\\/shop\\\/\"},{\"@type\":\"ListItem\",\"position\":3,\"name\":\"Aspirador\\\/Soprador 2T 25.4cc 1.2hp \\\/ Matsuyama\"}]},{\"@type\":\"WebSite\",\"@id\":\"https:\\\/\\\/www.lojadeequipamentos.com.br\\\/loja\\\/#website\",\"url\":\"https:\\\/\\\/www.lojadeequipamentos.com.br\\\/loja\\\/\",\"name\":\"Loja de Equipamentos\",\"description\":\"\",\"potentialAction\":[{\"@type\":\"SearchAction\",\"target\":{\"@type\":\"EntryPoint\",\"urlTemplate\":\"https:\\\/\\\/www.lojadeequipamentos.com.br\\\/loja\\\/?s={search_term_string}\"},\"query-input\":{\"@type\":\"PropertyValueSpecification\",\"valueRequired\":true,\"valueName\":\"search_term_string\"}}],\"inLanguage\":\"pt-BR\"}]}<\/script>\n<!-- \/ Yoast SEO plugin. -->","yoast_head_json":{"title":"Aspirador\/Soprador 2T 25.4cc 1.2hp \/ Matsuyama - Loja de Equipamentos","description":"Aspirador\/Soprador 2T 25.4cc 1.2hp \/ Matsuyama R$:","robots":{"index":"index","follow":"follow","max-snippet":"max-snippet:-1","max-image-preview":"max-image-preview:large","max-video-preview":"max-video-preview:-1"},"canonical":"https:\/\/www.lojadeequipamentos.com.br\/loja\/produto\/aspirador-soprador-2t-25-4cc-1-2hp-matsuyama\/","og_locale":"pt_BR","og_type":"article","og_title":"Aspirador\/Soprador 2T 25.4cc 1.2hp \/ Matsuyama - Loja de Equipamentos","og_description":"Aspirador\/Soprador 2T 25.4cc 1.2hp \/ Matsuyama R$:","og_url":"https:\/\/www.lojadeequipamentos.com.br\/loja\/produto\/aspirador-soprador-2t-25-4cc-1-2hp-matsuyama\/","og_site_name":"Loja de Equipamentos","article_modified_time":"2021-07-16T18:16:25+00:00","og_image":[{"width":201,"height":492,"url":"https:\/\/www.lojadeequipamentos.com.br\/loja\/wp-content\/uploads\/2021\/03\/rocadeira-47cc.png","type":"image\/png"}],"twitter_card":"summary_large_image","twitter_misc":{"Est. tempo de leitura":"1 minuto"},"schema":{"@context":"https:\/\/schema.org","@graph":[{"@type":"WebPage","@id":"https:\/\/www.lojadeequipamentos.com.br\/loja\/produto\/aspirador-soprador-2t-25-4cc-1-2hp-matsuyama\/","url":"https:\/\/www.lojadeequipamentos.com.br\/loja\/produto\/aspirador-soprador-2t-25-4cc-1-2hp-matsuyama\/","name":"Aspirador\/Soprador 2T 25.4cc 1.2hp \/ Matsuyama - Loja de Equipamentos","isPartOf":{"@id":"https:\/\/www.lojadeequipamentos.com.br\/loja\/#website"},"primaryImageOfPage":{"@id":"https:\/\/www.lojadeequipamentos.com.br\/loja\/produto\/aspirador-soprador-2t-25-4cc-1-2hp-matsuyama\/#primaryimage"},"image":{"@id":"https:\/\/www.lojadeequipamentos.com.br\/loja\/produto\/aspirador-soprador-2t-25-4cc-1-2hp-matsuyama\/#primaryimage"},"thumbnailUrl":"https:\/\/www.lojadeequipamentos.com.br\/loja\/wp-content\/uploads\/2021\/03\/rocadeira-47cc.png","datePublished":"2021-03-18T22:53:23+00:00","dateModified":"2021-07-16T18:16:25+00:00","description":"Aspirador\/Soprador 2T 25.4cc 1.2hp \/ Matsuyama R$:","breadcrumb":{"@id":"https:\/\/www.lojadeequipamentos.com.br\/loja\/produto\/aspirador-soprador-2t-25-4cc-1-2hp-matsuyama\/#breadcrumb"},"inLanguage":"pt-BR","potentialAction":[{"@type":"ReadAction","target":["https:\/\/www.lojadeequipamentos.com.br\/loja\/produto\/aspirador-soprador-2t-25-4cc-1-2hp-matsuyama\/"]}]},{"@type":"ImageObject","inLanguage":"pt-BR","@id":"https:\/\/www.lojadeequipamentos.com.br\/loja\/produto\/aspirador-soprador-2t-25-4cc-1-2hp-matsuyama\/#primaryimage","url":"https:\/\/www.lojadeequipamentos.com.br\/loja\/wp-content\/uploads\/2021\/03\/rocadeira-47cc.png","contentUrl":"https:\/\/www.lojadeequipamentos.com.br\/loja\/wp-content\/uploads\/2021\/03\/rocadeira-47cc.png","width":201,"height":492},{"@type":"BreadcrumbList","@id":"https:\/\/www.lojadeequipamentos.com.br\/loja\/produto\/aspirador-soprador-2t-25-4cc-1-2hp-matsuyama\/#breadcrumb","itemListElement":[{"@type":"ListItem","position":1,"name":"In\u00edcio","item":"https:\/\/www.lojadeequipamentos.com.br\/loja\/"},{"@type":"ListItem","position":2,"name":"Loja Virtual","item":"https:\/\/www.lojadeequipamentos.com.br\/loja\/shop\/"},{"@type":"ListItem","position":3,"name":"Aspirador\/Soprador 2T 25.4cc 1.2hp \/ Matsuyama"}]},{"@type":"WebSite","@id":"https:\/\/www.lojadeequipamentos.com.br\/loja\/#website","url":"https:\/\/www.lojadeequipamentos.com.br\/loja\/","name":"Loja de Equipamentos","description":"","potentialAction":[{"@type":"SearchAction","target":{"@type":"EntryPoint","urlTemplate":"https:\/\/www.lojadeequipamentos.com.br\/loja\/?s={search_term_string}"},"query-input":{"@type":"PropertyValueSpecification","valueRequired":true,"valueName":"search_term_string"}}],"inLanguage":"pt-BR"}]}},"_links":{"self":[{"href":"https:\/\/www.lojadeequipamentos.com.br\/loja\/wp-json\/wp\/v2\/product\/5257","targetHints":{"allow":["GET"]}}],"collection":[{"href":"https:\/\/www.lojadeequipamentos.com.br\/loja\/wp-json\/wp\/v2\/product"}],"about":[{"href":"https:\/\/www.lojadeequipamentos.com.br\/loja\/wp-json\/wp\/v2\/types\/product"}],"replies":[{"embeddable":true,"href":"https:\/\/www.lojadeequipamentos.com.br\/loja\/wp-json\/wp\/v2\/comments?post=5257"}],"wp:featuredmedia":[{"embeddable":true,"href":"https:\/\/www.lojadeequipamentos.com.br\/loja\/wp-json\/wp\/v2\/media\/6336"}],"wp:attachment":[{"href":"https:\/\/www.lojadeequipamentos.com.br\/loja\/wp-json\/wp\/v2\/media?parent=5257"}],"wp:term":[{"taxonomy":"product_brand","embeddable":true,"href":"https:\/\/www.lojadeequipamentos.com.br\/loja\/wp-json\/wp\/v2\/product_brand?post=5257"},{"taxonomy":"product_cat","embeddable":true,"href":"https:\/\/www.lojadeequipamentos.com.br\/loja\/wp-json\/wp\/v2\/product_cat?post=5257"},{"taxonomy":"product_tag","embeddable":true,"href":"https:\/\/www.lojadeequipamentos.com.br\/loja\/wp-json\/wp\/v2\/product_tag?post=5257"}],"curies":[{"name":"wp","href":"https:\/\/api.w.org\/{rel}","templated":true}]}}