{"id":4384,"date":"2020-09-12T04:23:20","date_gmt":"2020-09-12T04:23:20","guid":{"rendered":"http:\/\/www.lojadeequipamentos.com.br\/loja\/?post_type=product&#038;p=4384"},"modified":"2025-12-17T17:56:03","modified_gmt":"2025-12-17T17:56:03","slug":"motobomba-bd-700e-diesel-autoescorvante-branco","status":"publish","type":"product","link":"https:\/\/www.lojadeequipamentos.com.br\/loja\/produto\/motobomba-bd-700e-diesel-autoescorvante-branco\/","title":{"rendered":"Motobomba BD-700E Diesel Autoescorvante-Branco"},"content":{"rendered":"<h2>Motobomba BD-700E Diesel Autoescorvante - Partida Manual e El\u00e9trica - Branco<\/h2>\n<p>\nA Bomba Autoescorvante usa tamb\u00e9m a For\u00e7a Centr\u00edfuga em seu Funcionamento, por\u00e9m sua Partida \u00e9 dada pelo Processo de Escorvamento. Ela possui uma Cavidade de Reten\u00e7\u00e3o que permite entrar a Quantidade de \u00c1gua necess\u00e1ria para Operar.<br \/>\nCom Processos mais Espec\u00edficos, a Bomba Autoescorvante \u00e9 Indicada para os seguintes Servi\u00e7os:<br \/>\n<br \/>\nBombeamento e Escoamento de \u00c1guas Utilizadas em Diferentes Atividades Dom\u00e9sticas, Drenagem de Esgoto Dom\u00e9stico ou Industrial, Armazenamento de Cisternas, Reservat\u00f3rios e Caixas de \u00c1gua, Pressuriza\u00e7\u00e3o de \u00c1guas para Jardins, Pode ser Utilizada na Drenagem de Piscinas, Drenagem de Lagos, Pequenas \u00c1reas Alagadas, Reservat\u00f3rios, Po\u00e7os, Utilizada em Sistema de Filtragens, nas Ind\u00fastrias pode ser Aproveitada em Fornos de Indu\u00e7\u00e3o, M\u00e1quina Operatrizes, Caldeiras e Sistema de Circula\u00e7\u00e3o de Flu\u00eddos, Sistemas de Irriga\u00e7\u00e3o Agr\u00edcola (Manual,por Aspers\u00e3o e Gotejamento), Esgotamento de Est\u00e1bulos, Sistemas de Osmose Reversa e  Processos de Dessaliniza\u00e7\u00e3o,para uso em Constru\u00e7\u00e3o Civil, Alagamento de Arrozal, Tanque Pipa, Piscicultura, Transfer\u00eancia de \u00c1gua para Diversas Dist\u00e2ncias e Terrenos Planos.<br \/>\n\u00c9 Importante Lembrar que para Cada Utiliza\u00e7\u00e3o dessa, Existe um Formato de Motobomba Espec\u00edfico.<br \/>\n<br \/>\nAs Bombas Autoescorvantes precisar\u00e3o de Conex\u00f5es como Curvas, Uni\u00e3o, Registro de Gaveta ou Esfera e Tubula\u00e7\u00e3o indicada para Suc\u00e7\u00e3o. Aqui \u00e9 Necess\u00e1rio ter todo Cuidado na Primeira Partida para n\u00e3o Danificar o Motor. N\u00e3o \u00e9 Preciso V\u00e1lvula de P\u00e9, por\u00e9m, para Evitar que Particulares Maiores (em Processos de Drenagem de \u00c1guas Servidas, por exemplo) Utilize Ralo na Entrada da Tubula\u00e7\u00e3o de Suc\u00e7\u00e3o.<br \/>\n<br \/>\nDe maneira alguma Instale a Motobomba Autoescorvante for\u00e7ando os Bocais; essa A\u00e7\u00e3o pode Desalinhar a Carenagem da Bomba e o Motor, e Danificar o Equipamento e Inclusive Acidentes, caso tenha Pessoas Pr\u00f3ximas.<br \/>\n<br \/>\nO Combust\u00edvel necess\u00e1rio \u00e9 Diesel Comum(S-500), S10 de Melhor Rendimento ou o Diesel B2 (Bio Diesel).<br \/>\nObedecendo as Caracter\u00edsticas do \u00d3leo do Motor ser: SAE 5W-40<br \/>\n<br \/> <br \/>\nOBS: O uso de \u00d3leos de Motor Semi-Sint\u00e9ticos e Sint\u00e9ticos sempre resultar\u00e1 em Maior Desempenho a Altas Temperaturas, Economia de Combust\u00edvel, Redu\u00e7\u00e3o da Carboniza\u00e7\u00e3o Interna do Motor\/Componentes e Controle de Emiss\u00f5es de Poluentes.<br \/>\nO Combust\u00edvel Diesel S10 \u00e9 mais Eficiente. possui um Teor de Cetano que pode chegar a 48 contra 42 Diesel Comum (S-500); essa Subst\u00e2ncia Aumenta a Efici\u00eancia da Queima de Combust\u00edvel(combust\u00e3o),Menor Atraso da Igni\u00e7\u00e3o melhorando a Partida a Frio e Reduzindo a Fuma\u00e7a Branca no Escape. Outro Fator de Extrema Import\u00e2ncia \u00e9 Menor Teor de Enxofre de 10ppm contra 500ppm do Diesel Comum e a sua Capacidade Solvente de Sujeiras, devido a presen\u00e7a Maior de Hidrog\u00eanio.<br \/>\nRecomenda-se a utiliza\u00e7\u00e3o de \u00d3leo Diesel S-500(comum) em Geradores em Regime Stand-By de Opera\u00e7\u00e3o e o \u00d3leo Diesel S-10 em Geradores em Regime de Hor\u00e1rio de Ponta ou que Entrem em Opera\u00e7\u00e3o Frequentemente, a Vazio ou em Carga.<br \/>\n<br \/>\nConsequ\u00eancias do Diesel parado no Tanque segundo a ANP*<br \/>\nSurgimento de Part\u00edculas de \u00c1gua; Degrada\u00e7\u00e3o do Combust\u00edvel e suas Propriedades Qu\u00edmicas;<br \/>\nSurgimento de Sedimentos devido a Atividade Microbiana (borras); Degrada\u00e7\u00e3o das Paredes Internas de Tanques de Ferro pela A\u00e7\u00e3o da \u00c1gua;<br \/>\nDegrada\u00e7\u00e3o de Pe\u00e7as Internas do Motor que tem Contato com o Combust\u00edvel e Entupimento dos Filtros pela Borra e demais Sedimentos.<br \/>\n<br \/>\n<strong>Caracter\u00edsticas do Produto<\/strong><br \/>\nC\u00f3digo                  90304223<br \/>\nEstrutura Carca\u00e7a \tAlum\u00ednio<br \/>\nEstrutura Hidr\u00e1ulica \tFerro fundido<br \/>\nModelo\t                BD-700<br \/>\nMotor\t                10,0 Cv<br \/>\nPartida\t                Manual e El\u00e9trica (Bateria Inclusa)<br \/>\nTipo de Combust\u00edvel\tDiesel<br \/>\nSuc\u00e7\u00e3o e Recalque\tSuc\u00e7\u00e3o 4 Pol e recalque 4 Pol com ralo de suc\u00e7\u00e3o<br \/>\nNumero de Rotores\t1<br \/>\nTipo de Rotor\t        Semiaberto<br \/>\nDi\u00e2metro de Rotores\t126mm<br \/>\nAltura Manom\u00e9trica Max. 30 Mca<br \/>\nVaz\u00e3o M\u00e1xima\t        96 m\u00b3\/h - 1600L\/min.<br \/>\nSuc\u00e7\u00e3o M\u00e1xima\t        7 m<br \/>\nCapacidade do Tanque\t10 Litros<br \/>\nDimens\u00f5es do Equip.     65 x 49 x 70 cm (C x L x A)<br \/>\nDimens\u00f5es da Embalagem\t68 x 51 x 73 cm (C x L x A)<br \/>\nPeso Aprox. do Produto\t76 Kg<br \/>\nPeso Aprox. Embalagem\t84 kg<br \/>\nGarantia do Fornecedor\t06 Meses<br \/>\n<br \/>\n<strong>FAVOR ENTRAR EM CONTATO PARA COTA\u00c7\u00c3O DE FRETE<strong><\/strong><\/strong><br \/>\n<br \/>\n<a href=\"https:\/\/api.whatsapp.com\/send?phone=5521964144201\"><img loading=\"lazy\" decoding=\"async\" class=\"alignnone size-full wp-image-4307\" alt=\"botao_whatsapp\" src=\"http:\/\/www.lojadeequipamentos.com.br\/loja\/wp-content\/uploads\/2020\/08\/botao_whatsapp.png\" width=\"226\" height=\"82\" \/><\/a><\/p>\n","protected":false},"excerpt":{"rendered":"<strong>Motobomba BD-700E Diesel Autoescorvante - Partida Manual e El\u00e9trica - Branco<\/strong>","protected":false},"featured_media":4196,"comment_status":"open","ping_status":"closed","template":"","meta":{"_links_to":"","_links_to_target":""},"product_brand":[],"product_cat":[3974],"product_tag":[3929,3920,3922,3930,3923,3900,3924,3901,3896,3898,3897,3865,3902,3907,3903,3905,3904,3906,3918,3931,3932,3933,3899,3914,3913,3911,3912,3936,3908,3909,3910,3934,3937,3935,3938],"class_list":{"0":"post-4384","1":"product","2":"type-product","3":"status-publish","4":"has-post-thumbnail","6":"product_cat-motor-branco","7":"product_tag-bd-700e-motobomba","8":"product_tag-branco-motobomba","9":"product_tag-branco-motobomba-autoescorvante","10":"product_tag-branco-motobomba-bd700e","11":"product_tag-branco-motobomba-diesel","12":"product_tag-motobomba-10cv-4-branco","13":"product_tag-motobomba-10cv-autoescorvante","14":"product_tag-motobomba-10cv-branco","15":"product_tag-motobomba-4-10cv-branco","16":"product_tag-motobomba-4-branco","17":"product_tag-motobomba-4-diesel-branco","18":"product_tag-motobomba-autoescorvante","19":"product_tag-motobomba-autoescorvante-10cv-branco","20":"product_tag-motobomba-autoescorvante-branco","21":"product_tag-motobomba-autoescorvante-diesel","22":"product_tag-motobomba-autoescorvante-diesel-10cv-branco","23":"product_tag-motobomba-autoescorvante-diesel-4-polegadas-branco","24":"product_tag-motobomba-autoescorvante-diesel-branco","25":"product_tag-motobomba-bd700-diesel-branco","26":"product_tag-motobomba-bd700e","27":"product_tag-motobomba-bd700e-branco","28":"product_tag-motobomba-bd700e-diesel","29":"product_tag-motobomba-branco-2","30":"product_tag-motobomba-branco-10cv","31":"product_tag-motobomba-branco-4","32":"product_tag-motobomba-branco-autoescorvante","33":"product_tag-motobomba-branco-diesel","34":"product_tag-motobomba-branco-partida-eletrica","35":"product_tag-motobomba-diesel","36":"product_tag-motobomba-diesel-10cv-branco","37":"product_tag-motobomba-diesel-branco","38":"product_tag-motobomba-partida-eletrica","39":"product_tag-motobomba-partida-eletrica-branco","40":"product_tag-partida-eletrica-motobomba","41":"product_tag-partida-eletrica-motobomba-branco","43":"first","44":"instock","45":"shipping-taxable","46":"purchasable","47":"product-type-simple"},"yoast_head":"<!-- This site is optimized with the Yoast SEO plugin v27.3 - https:\/\/yoast.com\/product\/yoast-seo-wordpress\/ -->\n<title>Motobomba BD-700E Diesel Autoescorvante-Branco - Loja de Equipamentos<\/title>\n<meta name=\"description\" content=\"Motobomba BD-700E Diesel Autoescorvante Branco R$ 6.183,00 - Partida M\/El\u00e9trica.-Tanque Comb. 10L, Suc\u00e7\u00e3o e Recalque de 4&quot;, 30mca \/ Vaz\u00e3o Max.96m\u00b3\/h\" \/>\n<meta name=\"robots\" content=\"index, follow, max-snippet:-1, max-image-preview:large, max-video-preview:-1\" \/>\n<link rel=\"canonical\" href=\"https:\/\/www.lojadeequipamentos.com.br\/loja\/produto\/motobomba-bd-700e-diesel-autoescorvante-branco\/\" \/>\n<meta property=\"og:locale\" content=\"pt_BR\" \/>\n<meta property=\"og:type\" content=\"article\" \/>\n<meta property=\"og:title\" content=\"Motobomba BD-700E Diesel Autoescorvante-Branco - Loja de Equipamentos\" \/>\n<meta property=\"og:description\" content=\"Motobomba BD-700E Diesel Autoescorvante Branco R$ 6.183,00 - Partida M\/El\u00e9trica.-Tanque Comb. 10L, Suc\u00e7\u00e3o e Recalque de 4&quot;, 30mca \/ Vaz\u00e3o Max.96m\u00b3\/h\" \/>\n<meta property=\"og:url\" content=\"https:\/\/www.lojadeequipamentos.com.br\/loja\/produto\/motobomba-bd-700e-diesel-autoescorvante-branco\/\" \/>\n<meta property=\"og:site_name\" content=\"Loja de Equipamentos\" \/>\n<meta property=\"article:modified_time\" content=\"2025-12-17T17:56:03+00:00\" \/>\n<meta property=\"og:image\" content=\"https:\/\/www.lojadeequipamentos.com.br\/loja\/wp-content\/uploads\/2020\/08\/Motobomba-BD-700E.png\" \/>\n\t<meta property=\"og:image:width\" content=\"310\" \/>\n\t<meta property=\"og:image:height\" content=\"252\" \/>\n\t<meta property=\"og:image:type\" content=\"image\/png\" \/>\n<meta name=\"twitter:card\" content=\"summary_large_image\" \/>\n<meta name=\"twitter:label1\" content=\"Est. tempo de leitura\" \/>\n\t<meta name=\"twitter:data1\" content=\"4 minutos\" \/>\n<script type=\"application\/ld+json\" class=\"yoast-schema-graph\">{\"@context\":\"https:\\\/\\\/schema.org\",\"@graph\":[{\"@type\":\"WebPage\",\"@id\":\"https:\\\/\\\/www.lojadeequipamentos.com.br\\\/loja\\\/produto\\\/motobomba-bd-700e-diesel-autoescorvante-branco\\\/\",\"url\":\"https:\\\/\\\/www.lojadeequipamentos.com.br\\\/loja\\\/produto\\\/motobomba-bd-700e-diesel-autoescorvante-branco\\\/\",\"name\":\"Motobomba BD-700E Diesel Autoescorvante-Branco - Loja de Equipamentos\",\"isPartOf\":{\"@id\":\"https:\\\/\\\/www.lojadeequipamentos.com.br\\\/loja\\\/#website\"},\"primaryImageOfPage\":{\"@id\":\"https:\\\/\\\/www.lojadeequipamentos.com.br\\\/loja\\\/produto\\\/motobomba-bd-700e-diesel-autoescorvante-branco\\\/#primaryimage\"},\"image\":{\"@id\":\"https:\\\/\\\/www.lojadeequipamentos.com.br\\\/loja\\\/produto\\\/motobomba-bd-700e-diesel-autoescorvante-branco\\\/#primaryimage\"},\"thumbnailUrl\":\"https:\\\/\\\/www.lojadeequipamentos.com.br\\\/loja\\\/wp-content\\\/uploads\\\/2020\\\/08\\\/Motobomba-BD-700E.png\",\"datePublished\":\"2020-09-12T04:23:20+00:00\",\"dateModified\":\"2025-12-17T17:56:03+00:00\",\"description\":\"Motobomba BD-700E Diesel Autoescorvante Branco R$ 6.183,00 - Partida M\\\/El\u00e9trica.-Tanque Comb. 10L, Suc\u00e7\u00e3o e Recalque de 4\\\", 30mca \\\/ Vaz\u00e3o Max.96m\u00b3\\\/h\",\"breadcrumb\":{\"@id\":\"https:\\\/\\\/www.lojadeequipamentos.com.br\\\/loja\\\/produto\\\/motobomba-bd-700e-diesel-autoescorvante-branco\\\/#breadcrumb\"},\"inLanguage\":\"pt-BR\",\"potentialAction\":[{\"@type\":\"ReadAction\",\"target\":[\"https:\\\/\\\/www.lojadeequipamentos.com.br\\\/loja\\\/produto\\\/motobomba-bd-700e-diesel-autoescorvante-branco\\\/\"]}]},{\"@type\":\"ImageObject\",\"inLanguage\":\"pt-BR\",\"@id\":\"https:\\\/\\\/www.lojadeequipamentos.com.br\\\/loja\\\/produto\\\/motobomba-bd-700e-diesel-autoescorvante-branco\\\/#primaryimage\",\"url\":\"https:\\\/\\\/www.lojadeequipamentos.com.br\\\/loja\\\/wp-content\\\/uploads\\\/2020\\\/08\\\/Motobomba-BD-700E.png\",\"contentUrl\":\"https:\\\/\\\/www.lojadeequipamentos.com.br\\\/loja\\\/wp-content\\\/uploads\\\/2020\\\/08\\\/Motobomba-BD-700E.png\",\"width\":310,\"height\":252},{\"@type\":\"BreadcrumbList\",\"@id\":\"https:\\\/\\\/www.lojadeequipamentos.com.br\\\/loja\\\/produto\\\/motobomba-bd-700e-diesel-autoescorvante-branco\\\/#breadcrumb\",\"itemListElement\":[{\"@type\":\"ListItem\",\"position\":1,\"name\":\"In\u00edcio\",\"item\":\"https:\\\/\\\/www.lojadeequipamentos.com.br\\\/loja\\\/\"},{\"@type\":\"ListItem\",\"position\":2,\"name\":\"Loja Virtual\",\"item\":\"https:\\\/\\\/www.lojadeequipamentos.com.br\\\/loja\\\/shop\\\/\"},{\"@type\":\"ListItem\",\"position\":3,\"name\":\"Motobomba BD-700E Diesel Autoescorvante-Branco\"}]},{\"@type\":\"WebSite\",\"@id\":\"https:\\\/\\\/www.lojadeequipamentos.com.br\\\/loja\\\/#website\",\"url\":\"https:\\\/\\\/www.lojadeequipamentos.com.br\\\/loja\\\/\",\"name\":\"Loja de Equipamentos\",\"description\":\"\",\"potentialAction\":[{\"@type\":\"SearchAction\",\"target\":{\"@type\":\"EntryPoint\",\"urlTemplate\":\"https:\\\/\\\/www.lojadeequipamentos.com.br\\\/loja\\\/?s={search_term_string}\"},\"query-input\":{\"@type\":\"PropertyValueSpecification\",\"valueRequired\":true,\"valueName\":\"search_term_string\"}}],\"inLanguage\":\"pt-BR\"}]}<\/script>\n<!-- \/ Yoast SEO plugin. -->","yoast_head_json":{"title":"Motobomba BD-700E Diesel Autoescorvante-Branco - Loja de Equipamentos","description":"Motobomba BD-700E Diesel Autoescorvante Branco R$ 6.183,00 - Partida M\/El\u00e9trica.-Tanque Comb. 10L, Suc\u00e7\u00e3o e Recalque de 4\", 30mca \/ Vaz\u00e3o Max.96m\u00b3\/h","robots":{"index":"index","follow":"follow","max-snippet":"max-snippet:-1","max-image-preview":"max-image-preview:large","max-video-preview":"max-video-preview:-1"},"canonical":"https:\/\/www.lojadeequipamentos.com.br\/loja\/produto\/motobomba-bd-700e-diesel-autoescorvante-branco\/","og_locale":"pt_BR","og_type":"article","og_title":"Motobomba BD-700E Diesel Autoescorvante-Branco - Loja de Equipamentos","og_description":"Motobomba BD-700E Diesel Autoescorvante Branco R$ 6.183,00 - Partida M\/El\u00e9trica.-Tanque Comb. 10L, Suc\u00e7\u00e3o e Recalque de 4\", 30mca \/ Vaz\u00e3o Max.96m\u00b3\/h","og_url":"https:\/\/www.lojadeequipamentos.com.br\/loja\/produto\/motobomba-bd-700e-diesel-autoescorvante-branco\/","og_site_name":"Loja de Equipamentos","article_modified_time":"2025-12-17T17:56:03+00:00","og_image":[{"width":310,"height":252,"url":"https:\/\/www.lojadeequipamentos.com.br\/loja\/wp-content\/uploads\/2020\/08\/Motobomba-BD-700E.png","type":"image\/png"}],"twitter_card":"summary_large_image","twitter_misc":{"Est. tempo de leitura":"4 minutos"},"schema":{"@context":"https:\/\/schema.org","@graph":[{"@type":"WebPage","@id":"https:\/\/www.lojadeequipamentos.com.br\/loja\/produto\/motobomba-bd-700e-diesel-autoescorvante-branco\/","url":"https:\/\/www.lojadeequipamentos.com.br\/loja\/produto\/motobomba-bd-700e-diesel-autoescorvante-branco\/","name":"Motobomba BD-700E Diesel Autoescorvante-Branco - Loja de Equipamentos","isPartOf":{"@id":"https:\/\/www.lojadeequipamentos.com.br\/loja\/#website"},"primaryImageOfPage":{"@id":"https:\/\/www.lojadeequipamentos.com.br\/loja\/produto\/motobomba-bd-700e-diesel-autoescorvante-branco\/#primaryimage"},"image":{"@id":"https:\/\/www.lojadeequipamentos.com.br\/loja\/produto\/motobomba-bd-700e-diesel-autoescorvante-branco\/#primaryimage"},"thumbnailUrl":"https:\/\/www.lojadeequipamentos.com.br\/loja\/wp-content\/uploads\/2020\/08\/Motobomba-BD-700E.png","datePublished":"2020-09-12T04:23:20+00:00","dateModified":"2025-12-17T17:56:03+00:00","description":"Motobomba BD-700E Diesel Autoescorvante Branco R$ 6.183,00 - Partida M\/El\u00e9trica.-Tanque Comb. 10L, Suc\u00e7\u00e3o e Recalque de 4\", 30mca \/ Vaz\u00e3o Max.96m\u00b3\/h","breadcrumb":{"@id":"https:\/\/www.lojadeequipamentos.com.br\/loja\/produto\/motobomba-bd-700e-diesel-autoescorvante-branco\/#breadcrumb"},"inLanguage":"pt-BR","potentialAction":[{"@type":"ReadAction","target":["https:\/\/www.lojadeequipamentos.com.br\/loja\/produto\/motobomba-bd-700e-diesel-autoescorvante-branco\/"]}]},{"@type":"ImageObject","inLanguage":"pt-BR","@id":"https:\/\/www.lojadeequipamentos.com.br\/loja\/produto\/motobomba-bd-700e-diesel-autoescorvante-branco\/#primaryimage","url":"https:\/\/www.lojadeequipamentos.com.br\/loja\/wp-content\/uploads\/2020\/08\/Motobomba-BD-700E.png","contentUrl":"https:\/\/www.lojadeequipamentos.com.br\/loja\/wp-content\/uploads\/2020\/08\/Motobomba-BD-700E.png","width":310,"height":252},{"@type":"BreadcrumbList","@id":"https:\/\/www.lojadeequipamentos.com.br\/loja\/produto\/motobomba-bd-700e-diesel-autoescorvante-branco\/#breadcrumb","itemListElement":[{"@type":"ListItem","position":1,"name":"In\u00edcio","item":"https:\/\/www.lojadeequipamentos.com.br\/loja\/"},{"@type":"ListItem","position":2,"name":"Loja Virtual","item":"https:\/\/www.lojadeequipamentos.com.br\/loja\/shop\/"},{"@type":"ListItem","position":3,"name":"Motobomba BD-700E Diesel Autoescorvante-Branco"}]},{"@type":"WebSite","@id":"https:\/\/www.lojadeequipamentos.com.br\/loja\/#website","url":"https:\/\/www.lojadeequipamentos.com.br\/loja\/","name":"Loja de Equipamentos","description":"","potentialAction":[{"@type":"SearchAction","target":{"@type":"EntryPoint","urlTemplate":"https:\/\/www.lojadeequipamentos.com.br\/loja\/?s={search_term_string}"},"query-input":{"@type":"PropertyValueSpecification","valueRequired":true,"valueName":"search_term_string"}}],"inLanguage":"pt-BR"}]}},"_links":{"self":[{"href":"https:\/\/www.lojadeequipamentos.com.br\/loja\/wp-json\/wp\/v2\/product\/4384","targetHints":{"allow":["GET"]}}],"collection":[{"href":"https:\/\/www.lojadeequipamentos.com.br\/loja\/wp-json\/wp\/v2\/product"}],"about":[{"href":"https:\/\/www.lojadeequipamentos.com.br\/loja\/wp-json\/wp\/v2\/types\/product"}],"replies":[{"embeddable":true,"href":"https:\/\/www.lojadeequipamentos.com.br\/loja\/wp-json\/wp\/v2\/comments?post=4384"}],"wp:featuredmedia":[{"embeddable":true,"href":"https:\/\/www.lojadeequipamentos.com.br\/loja\/wp-json\/wp\/v2\/media\/4196"}],"wp:attachment":[{"href":"https:\/\/www.lojadeequipamentos.com.br\/loja\/wp-json\/wp\/v2\/media?parent=4384"}],"wp:term":[{"taxonomy":"product_brand","embeddable":true,"href":"https:\/\/www.lojadeequipamentos.com.br\/loja\/wp-json\/wp\/v2\/product_brand?post=4384"},{"taxonomy":"product_cat","embeddable":true,"href":"https:\/\/www.lojadeequipamentos.com.br\/loja\/wp-json\/wp\/v2\/product_cat?post=4384"},{"taxonomy":"product_tag","embeddable":true,"href":"https:\/\/www.lojadeequipamentos.com.br\/loja\/wp-json\/wp\/v2\/product_tag?post=4384"}],"curies":[{"name":"wp","href":"https:\/\/api.w.org\/{rel}","templated":true}]}}