{"id":4044,"date":"2020-08-04T04:36:35","date_gmt":"2020-08-04T04:36:35","guid":{"rendered":"http:\/\/www.lojadeequipamentos.com.br\/loja\/?post_type=product&#038;p=4044"},"modified":"2021-01-13T21:38:18","modified_gmt":"2021-01-13T21:38:18","slug":"gerador-mitsuyama-mod-8000-silencioso-gas","status":"publish","type":"product","link":"https:\/\/www.lojadeequipamentos.com.br\/loja\/produto\/gerador-mitsuyama-mod-8000-silencioso-gas\/","title":{"rendered":"Gerador Gas16HP-8Kva Mono.Matsuyama 8000Silenc."},"content":{"rendered":"<p><strong>Gerador 16Hp - 8 Kva Matsuyama Modelo 8000 - Silencioso \/ Gasolina 4T Manual- Partida El\u00e9trica<\/strong><br \/>\nCabine em Chapa Galvanizada com Tratamento Sonoro, Redu\u00e7\u00e3o de 20% na Emiss\u00e3o Sonora, Estrutura Interna Confeccionada em Tubo Galvanizado com Pintura a \u00d3leo, Cal\u00e7os em Borracha Anti Vibra\u00e7\u00e3o, Tanque de Combust\u00edvel Confeccionado em Chapa Galvanizada com tratamento Interno Anti-Corros\u00e3o com  Capacidade de 12 Litros e Autonomia M\u00e9dia de Uso de 2 Horas e 35 Minutos, Partida Manual e Partida El\u00e9trica, Bateria incluso, Regulador de Tens\u00e3o por AVR (Regulador Autom\u00e1tico de Tens\u00e3o, tendo a fun\u00e7\u00e3o de manter a Tens\u00e3o de Sa\u00edda do Gerador sempre constante, independente das Oscila\u00e7\u00f5es de Carga e Rota\u00e7\u00e3o, dentro dos patamares corretos do Gerador), 01 Medidor de Voltagem, Disjuntor Bi-Polar, Equipamento de Tens\u00e3o de Sa\u00edda de 127V e Tens\u00e3o de 220V com Pot\u00eancia Nominal de 7,2KVA. As Correntes Nominais s\u00e3o: 127V de 56 Amperes e 220V de 32,5 Amperes ou ambas de 30 Amperes, Carregador de Baterias de 12V com Corrente de Carga de 8,3 Amperes, Gerador recomend\u00e1vel par uso Campestre + Equipamentos El\u00e9tricos dentro da Capacidade Nominal do Gerador, Uso em Pescarias + Auxilio de Refrigeradores e equipamentos El\u00e9tricos, Uso Dom\u00e9stico + Equipamentos dentro da Capacidade Nominal do Gerador, Uso Emergencial, Uso Comercial para Auxilio de Ilumina\u00e7\u00f5es + Equipamentos dentro da Capacidade Nominal do Gerador, Uso Industrial dentro da Capacidade Nominal do Gerador.<br \/>\nO Combust\u00edvel necess\u00e1rio \u00e9 Gasolina Comum, Obedecendo as Caracter\u00edsticas do \u00d3leo ser: SAE 15W-40 ou 20W-40 ou 50, Classifica\u00e7\u00e3o API - SL ou Superior (O Melhor \u00e9 o SN).<br \/>\nOBS: O uso de \u00d3leos Semi-Sint\u00e9ticos e Sint\u00e9ticos sempre resultar\u00e1 em Maior Desempenho a Altas Temperaturas, Economia de Combust\u00edvel, Redu\u00e7\u00e3o da Carboniza\u00e7\u00e3o Interna do Motor\/Componentes e Controle de Emiss\u00f5es de Poluentes.<\/p>\n<p>DADOS T\u00c9CNICOS: \t  374687<br \/>\nTens\u00e3o de sa\u00edda:\t 127\/220V<br \/>\nRegulador de tens\u00e3o:   \t   AVR<br \/>\nFrequ\u00eancia:\t          60 Hz<br \/>\nFator de pot\u00eancia:\t  COS=1<br \/>\nPot\u00eancia de partida:\t  8 KVA<br \/>\nPot\u00eancia nominal:        7,2 KVA<br \/>\nCorrente nominal:       Ambas 30 A<br \/>\nCarregador de bateria: 12 V - 8,3 A<br \/>\nCombust\u00edvel:\t         Gasolina<br \/>\nCapacidade do tanque:\t   12L<br \/>\nConsumo de combust\u00edvel:4,4L\/P-Hora<br \/>\nSistema de partida:  Manual e El\u00e9trico<br \/>\nN\u00edvel de ru\u00eddo:\t       72db(A) (7M)<br \/>\nDimens\u00f5es:(C x L x A)950 x 580 x 810 mm<br \/>\nPeso:\t                  135kg<\/p>\n<p>MOTOR<br \/>\nPot\u00eancia:\t         16 HP<br \/>\nRefrigera\u00e7\u00e3o:\t          AR<br \/>\nCilindrada:\t         420cc<br \/>\nRota\u00e7\u00e3o m\u00e1xima:\t        3600rpm<br \/>\nFiltro de ar:\t       Semi-seco<br \/>\nQuant.\u00f3leo lubrificante: 1,1L<br \/>\nTipo de \u00f3leo:  SAE 15W-40 ou SAE 20W-40 ou 50<br \/>\nSensor de \u00f3leo:\t         Sim<br \/>\n<br \/>\n<strong>FAVOR ENTRAR EM CONTATO PARA COTA\u00c7\u00c3O DE FRETE<\/strong><br \/>\n<br \/>\n<a href=\"https:\/\/api.whatsapp.com\/send?phone=5521964144201\"><img loading=\"lazy\" decoding=\"async\" class=\"alignnone size-full wp-image-4307\" alt=\"botao_whatsapp\" src=\"http:\/\/www.lojadeequipamentos.com.br\/loja\/wp-content\/uploads\/2020\/08\/botao_whatsapp.png\" width=\"226\" height=\"82\" \/><\/a><\/p>\n","protected":false},"excerpt":{"rendered":"<strong>Gerador Gas 16HP-8Kva Elet. Matsuyama 8000 Silencioso.<\/strong>","protected":false},"featured_media":3998,"comment_status":"open","ping_status":"closed","template":"","meta":{"_links_to":"","_links_to_target":""},"product_brand":[],"product_cat":[3010],"product_tag":[3177,3056,3272,3178,3057,3273,3204,3058,3085,3035,3017,3179,3180,3181,3207,3059,3084,3187,3274,3275,3276,3186,3182,3183,3271,3184,3185,3208,3012,3119,3143,3205,3206,3219,3279,3217,3218,3220,3281,3282,3283,3284,3280,3011,3016,3189,3190,3070,3191,3168,3021,3192,3211,3194,3193,3212,3086,3195,3209,3210,3169,3196,3197,3167,3198,3278,3277,3200,3023,3201,3215,3203,3202,3216,3025,3170,3214,3213],"class_list":{"0":"post-4044","1":"product","2":"type-product","3":"status-publish","4":"has-post-thumbnail","6":"product_cat-gerador","7":"product_tag-16hp-gerador","8":"product_tag-4-tempos-gerador","9":"product_tag-4-tempos-gerador-8-kva","10":"product_tag-4-tempos-gerador-8kva","11":"product_tag-4t-gerador","12":"product_tag-4t-gerador-8-kva","13":"product_tag-4t-gerador-8kva","14":"product_tag-gasolina-gerador","15":"product_tag-gasolina-gerador-matsuyama","16":"product_tag-gasolina-matsuyama-gerador","17":"product_tag-gerador-2","18":"product_tag-gerador-16hp","19":"product_tag-gerador-16hp-gasolina","20":"product_tag-gerador-16hp-partida-eletrica","21":"product_tag-gerador-16hp-silencioso","22":"product_tag-gerador-4-tempos","23":"product_tag-gerador-4-tempos-matsuyama","24":"product_tag-gerador-7","25":"product_tag-gerador-8-kva","26":"product_tag-gerador-8-kva-gasolina","27":"product_tag-gerador-8-kva-matsuyama","28":"product_tag-gerador-8000-matsuyama","29":"product_tag-gerador-8kva","30":"product_tag-gerador-8kva-gasolina","31":"product_tag-gerador-8kva-gasolina-matsuyama","32":"product_tag-gerador-8kva-matsuyama","33":"product_tag-gerador-8kva-partida-eletrica","34":"product_tag-gerador-8kva-silencioso","35":"product_tag-gerador-a-gasolina","36":"product_tag-gerador-bi-volt","37":"product_tag-gerador-bivolt","38":"product_tag-gerador-cabine-silenciada","39":"product_tag-gerador-cabine-silenciosa","40":"product_tag-gerador-de-energia-16hp","41":"product_tag-gerador-de-energia-8-kva","42":"product_tag-gerador-de-energia-a-gasolina-16hp","43":"product_tag-gerador-de-energia-a-gasolina-8kva","44":"product_tag-gerador-de-energia-de-8ka","45":"product_tag-gerador-de-energia-matsuyama-a-gasolina","46":"product_tag-gerador-de-energia-matsuyama-de-16hp","47":"product_tag-gerador-de-energia-matsuyama-de-8-kva-gerador-de-energia-matsuyama-mod-8000","48":"product_tag-gerador-de-energia-matsuyama-modelo-8000","49":"product_tag-gerador-de-energia-silenciosa-8-kva","50":"product_tag-gerador-de-luz","51":"product_tag-gerador-gasolina","52":"product_tag-gerador-gasolina-16hp","53":"product_tag-gerador-gasolina-8kva","54":"product_tag-gerador-gasolina-matsuyama","55":"product_tag-gerador-gasolina-matsuyama-modelo-8000","56":"product_tag-gerador-gasolina-partida-eletrica","57":"product_tag-gerador-matsuyama","58":"product_tag-gerador-matsuyama-16hp","59":"product_tag-gerador-matsuyama-16hp-silencioso","60":"product_tag-gerador-matsuyama-8000","61":"product_tag-gerador-matsuyama-8kva","62":"product_tag-gerador-matsuyama-8kva-silencioso","63":"product_tag-gerador-matsuyama-gasolina","64":"product_tag-gerador-matsuyama-mod-8000","65":"product_tag-gerador-matsuyama-silenciado","66":"product_tag-gerador-matsuyama-silencioso","67":"product_tag-gerador-mitsuyama-partida-eletrica","68":"product_tag-gerador-modelo-8000","69":"product_tag-gerador-modelo-8000-matsuyama","70":"product_tag-gerador-partida-eletrica","71":"product_tag-gerador-potencia-nominal-7","72":"product_tag-gerador-silencioso-8-kva","73":"product_tag-geraldor-8-kva-gasolina-matsuyama","74":"product_tag-matsuyama-8kva-gerador","75":"product_tag-matsuyama-gerador","76":"product_tag-matsuyama-gerador-16hp","77":"product_tag-matsuyama-gerador-16hp-silencioso","78":"product_tag-matsuyama-gerador-8000","79":"product_tag-matsuyama-gerador-8kva","80":"product_tag-matsuyama-gerador-8kva-silencioso","81":"product_tag-matsuyama-gerador-gasolina","82":"product_tag-matsuyama-gerador-partida-eletrica","83":"product_tag-matsuyama-gerador-silenciado","84":"product_tag-matsuyama-gerador-silencioso","86":"first","87":"instock","88":"shipping-taxable","89":"product-type-simple"},"yoast_head":"<!-- This site is optimized with the Yoast SEO plugin v27.3 - https:\/\/yoast.com\/product\/yoast-seo-wordpress\/ -->\n<title>Gerador Gas16HP-8Kva Mono.Matsuyama 8000Silenc. - Loja de Equipamentos<\/title>\n<meta name=\"description\" content=\"Gerador 16HP, 8KVA, 4 Tempos, Potencia Nominal 7,2KVA, Cabine Silenciosa, Partida M\/El\u00e9trica, Autonomia. 2h35min. Tanque de Comb. 12L, Bi-Volt 127V e 220V\" \/>\n<meta name=\"robots\" content=\"index, follow, max-snippet:-1, max-image-preview:large, max-video-preview:-1\" \/>\n<link rel=\"canonical\" href=\"https:\/\/www.lojadeequipamentos.com.br\/loja\/produto\/gerador-mitsuyama-mod-8000-silencioso-gas\/\" \/>\n<meta property=\"og:locale\" content=\"pt_BR\" \/>\n<meta property=\"og:type\" content=\"article\" \/>\n<meta property=\"og:title\" content=\"Gerador Gas16HP-8Kva Mono.Matsuyama 8000Silenc. - Loja de Equipamentos\" \/>\n<meta property=\"og:description\" content=\"Gerador 16HP, 8KVA, 4 Tempos, Potencia Nominal 7,2KVA, Cabine Silenciosa, Partida M\/El\u00e9trica, Autonomia. 2h35min. Tanque de Comb. 12L, Bi-Volt 127V e 220V\" \/>\n<meta property=\"og:url\" content=\"https:\/\/www.lojadeequipamentos.com.br\/loja\/produto\/gerador-mitsuyama-mod-8000-silencioso-gas\/\" \/>\n<meta property=\"og:site_name\" content=\"Loja de Equipamentos\" \/>\n<meta property=\"article:modified_time\" content=\"2021-01-13T21:38:18+00:00\" \/>\n<meta property=\"og:image\" content=\"https:\/\/www.lojadeequipamentos.com.br\/loja\/wp-content\/uploads\/2020\/08\/Gerador-8000-D-Silencioso.jpg\" \/>\n\t<meta property=\"og:image:width\" content=\"1000\" \/>\n\t<meta property=\"og:image:height\" content=\"1000\" \/>\n\t<meta property=\"og:image:type\" content=\"image\/jpeg\" \/>\n<meta name=\"twitter:card\" content=\"summary_large_image\" \/>\n<meta name=\"twitter:label1\" content=\"Est. tempo de leitura\" \/>\n\t<meta name=\"twitter:data1\" content=\"2 minutos\" \/>\n<script type=\"application\/ld+json\" class=\"yoast-schema-graph\">{\"@context\":\"https:\\\/\\\/schema.org\",\"@graph\":[{\"@type\":\"WebPage\",\"@id\":\"https:\\\/\\\/www.lojadeequipamentos.com.br\\\/loja\\\/produto\\\/gerador-mitsuyama-mod-8000-silencioso-gas\\\/\",\"url\":\"https:\\\/\\\/www.lojadeequipamentos.com.br\\\/loja\\\/produto\\\/gerador-mitsuyama-mod-8000-silencioso-gas\\\/\",\"name\":\"Gerador Gas16HP-8Kva Mono.Matsuyama 8000Silenc. - Loja de Equipamentos\",\"isPartOf\":{\"@id\":\"https:\\\/\\\/www.lojadeequipamentos.com.br\\\/loja\\\/#website\"},\"primaryImageOfPage\":{\"@id\":\"https:\\\/\\\/www.lojadeequipamentos.com.br\\\/loja\\\/produto\\\/gerador-mitsuyama-mod-8000-silencioso-gas\\\/#primaryimage\"},\"image\":{\"@id\":\"https:\\\/\\\/www.lojadeequipamentos.com.br\\\/loja\\\/produto\\\/gerador-mitsuyama-mod-8000-silencioso-gas\\\/#primaryimage\"},\"thumbnailUrl\":\"https:\\\/\\\/www.lojadeequipamentos.com.br\\\/loja\\\/wp-content\\\/uploads\\\/2020\\\/08\\\/Gerador-8000-D-Silencioso.jpg\",\"datePublished\":\"2020-08-04T04:36:35+00:00\",\"dateModified\":\"2021-01-13T21:38:18+00:00\",\"description\":\"Gerador 16HP, 8KVA, 4 Tempos, Potencia Nominal 7,2KVA, Cabine Silenciosa, Partida M\\\/El\u00e9trica, Autonomia. 2h35min. Tanque de Comb. 12L, Bi-Volt 127V e 220V\",\"breadcrumb\":{\"@id\":\"https:\\\/\\\/www.lojadeequipamentos.com.br\\\/loja\\\/produto\\\/gerador-mitsuyama-mod-8000-silencioso-gas\\\/#breadcrumb\"},\"inLanguage\":\"pt-BR\",\"potentialAction\":[{\"@type\":\"ReadAction\",\"target\":[\"https:\\\/\\\/www.lojadeequipamentos.com.br\\\/loja\\\/produto\\\/gerador-mitsuyama-mod-8000-silencioso-gas\\\/\"]}]},{\"@type\":\"ImageObject\",\"inLanguage\":\"pt-BR\",\"@id\":\"https:\\\/\\\/www.lojadeequipamentos.com.br\\\/loja\\\/produto\\\/gerador-mitsuyama-mod-8000-silencioso-gas\\\/#primaryimage\",\"url\":\"https:\\\/\\\/www.lojadeequipamentos.com.br\\\/loja\\\/wp-content\\\/uploads\\\/2020\\\/08\\\/Gerador-8000-D-Silencioso.jpg\",\"contentUrl\":\"https:\\\/\\\/www.lojadeequipamentos.com.br\\\/loja\\\/wp-content\\\/uploads\\\/2020\\\/08\\\/Gerador-8000-D-Silencioso.jpg\",\"width\":1000,\"height\":1000},{\"@type\":\"BreadcrumbList\",\"@id\":\"https:\\\/\\\/www.lojadeequipamentos.com.br\\\/loja\\\/produto\\\/gerador-mitsuyama-mod-8000-silencioso-gas\\\/#breadcrumb\",\"itemListElement\":[{\"@type\":\"ListItem\",\"position\":1,\"name\":\"In\u00edcio\",\"item\":\"https:\\\/\\\/www.lojadeequipamentos.com.br\\\/loja\\\/\"},{\"@type\":\"ListItem\",\"position\":2,\"name\":\"Loja Virtual\",\"item\":\"https:\\\/\\\/www.lojadeequipamentos.com.br\\\/loja\\\/shop\\\/\"},{\"@type\":\"ListItem\",\"position\":3,\"name\":\"Gerador Gas16HP-8Kva Mono.Matsuyama 8000Silenc.\"}]},{\"@type\":\"WebSite\",\"@id\":\"https:\\\/\\\/www.lojadeequipamentos.com.br\\\/loja\\\/#website\",\"url\":\"https:\\\/\\\/www.lojadeequipamentos.com.br\\\/loja\\\/\",\"name\":\"Loja de Equipamentos\",\"description\":\"\",\"potentialAction\":[{\"@type\":\"SearchAction\",\"target\":{\"@type\":\"EntryPoint\",\"urlTemplate\":\"https:\\\/\\\/www.lojadeequipamentos.com.br\\\/loja\\\/?s={search_term_string}\"},\"query-input\":{\"@type\":\"PropertyValueSpecification\",\"valueRequired\":true,\"valueName\":\"search_term_string\"}}],\"inLanguage\":\"pt-BR\"}]}<\/script>\n<!-- \/ Yoast SEO plugin. -->","yoast_head_json":{"title":"Gerador Gas16HP-8Kva Mono.Matsuyama 8000Silenc. - Loja de Equipamentos","description":"Gerador 16HP, 8KVA, 4 Tempos, Potencia Nominal 7,2KVA, Cabine Silenciosa, Partida M\/El\u00e9trica, Autonomia. 2h35min. Tanque de Comb. 12L, Bi-Volt 127V e 220V","robots":{"index":"index","follow":"follow","max-snippet":"max-snippet:-1","max-image-preview":"max-image-preview:large","max-video-preview":"max-video-preview:-1"},"canonical":"https:\/\/www.lojadeequipamentos.com.br\/loja\/produto\/gerador-mitsuyama-mod-8000-silencioso-gas\/","og_locale":"pt_BR","og_type":"article","og_title":"Gerador Gas16HP-8Kva Mono.Matsuyama 8000Silenc. - Loja de Equipamentos","og_description":"Gerador 16HP, 8KVA, 4 Tempos, Potencia Nominal 7,2KVA, Cabine Silenciosa, Partida M\/El\u00e9trica, Autonomia. 2h35min. Tanque de Comb. 12L, Bi-Volt 127V e 220V","og_url":"https:\/\/www.lojadeequipamentos.com.br\/loja\/produto\/gerador-mitsuyama-mod-8000-silencioso-gas\/","og_site_name":"Loja de Equipamentos","article_modified_time":"2021-01-13T21:38:18+00:00","og_image":[{"width":1000,"height":1000,"url":"https:\/\/www.lojadeequipamentos.com.br\/loja\/wp-content\/uploads\/2020\/08\/Gerador-8000-D-Silencioso.jpg","type":"image\/jpeg"}],"twitter_card":"summary_large_image","twitter_misc":{"Est. tempo de leitura":"2 minutos"},"schema":{"@context":"https:\/\/schema.org","@graph":[{"@type":"WebPage","@id":"https:\/\/www.lojadeequipamentos.com.br\/loja\/produto\/gerador-mitsuyama-mod-8000-silencioso-gas\/","url":"https:\/\/www.lojadeequipamentos.com.br\/loja\/produto\/gerador-mitsuyama-mod-8000-silencioso-gas\/","name":"Gerador Gas16HP-8Kva Mono.Matsuyama 8000Silenc. - Loja de Equipamentos","isPartOf":{"@id":"https:\/\/www.lojadeequipamentos.com.br\/loja\/#website"},"primaryImageOfPage":{"@id":"https:\/\/www.lojadeequipamentos.com.br\/loja\/produto\/gerador-mitsuyama-mod-8000-silencioso-gas\/#primaryimage"},"image":{"@id":"https:\/\/www.lojadeequipamentos.com.br\/loja\/produto\/gerador-mitsuyama-mod-8000-silencioso-gas\/#primaryimage"},"thumbnailUrl":"https:\/\/www.lojadeequipamentos.com.br\/loja\/wp-content\/uploads\/2020\/08\/Gerador-8000-D-Silencioso.jpg","datePublished":"2020-08-04T04:36:35+00:00","dateModified":"2021-01-13T21:38:18+00:00","description":"Gerador 16HP, 8KVA, 4 Tempos, Potencia Nominal 7,2KVA, Cabine Silenciosa, Partida M\/El\u00e9trica, Autonomia. 2h35min. Tanque de Comb. 12L, Bi-Volt 127V e 220V","breadcrumb":{"@id":"https:\/\/www.lojadeequipamentos.com.br\/loja\/produto\/gerador-mitsuyama-mod-8000-silencioso-gas\/#breadcrumb"},"inLanguage":"pt-BR","potentialAction":[{"@type":"ReadAction","target":["https:\/\/www.lojadeequipamentos.com.br\/loja\/produto\/gerador-mitsuyama-mod-8000-silencioso-gas\/"]}]},{"@type":"ImageObject","inLanguage":"pt-BR","@id":"https:\/\/www.lojadeequipamentos.com.br\/loja\/produto\/gerador-mitsuyama-mod-8000-silencioso-gas\/#primaryimage","url":"https:\/\/www.lojadeequipamentos.com.br\/loja\/wp-content\/uploads\/2020\/08\/Gerador-8000-D-Silencioso.jpg","contentUrl":"https:\/\/www.lojadeequipamentos.com.br\/loja\/wp-content\/uploads\/2020\/08\/Gerador-8000-D-Silencioso.jpg","width":1000,"height":1000},{"@type":"BreadcrumbList","@id":"https:\/\/www.lojadeequipamentos.com.br\/loja\/produto\/gerador-mitsuyama-mod-8000-silencioso-gas\/#breadcrumb","itemListElement":[{"@type":"ListItem","position":1,"name":"In\u00edcio","item":"https:\/\/www.lojadeequipamentos.com.br\/loja\/"},{"@type":"ListItem","position":2,"name":"Loja Virtual","item":"https:\/\/www.lojadeequipamentos.com.br\/loja\/shop\/"},{"@type":"ListItem","position":3,"name":"Gerador Gas16HP-8Kva Mono.Matsuyama 8000Silenc."}]},{"@type":"WebSite","@id":"https:\/\/www.lojadeequipamentos.com.br\/loja\/#website","url":"https:\/\/www.lojadeequipamentos.com.br\/loja\/","name":"Loja de Equipamentos","description":"","potentialAction":[{"@type":"SearchAction","target":{"@type":"EntryPoint","urlTemplate":"https:\/\/www.lojadeequipamentos.com.br\/loja\/?s={search_term_string}"},"query-input":{"@type":"PropertyValueSpecification","valueRequired":true,"valueName":"search_term_string"}}],"inLanguage":"pt-BR"}]}},"_links":{"self":[{"href":"https:\/\/www.lojadeequipamentos.com.br\/loja\/wp-json\/wp\/v2\/product\/4044","targetHints":{"allow":["GET"]}}],"collection":[{"href":"https:\/\/www.lojadeequipamentos.com.br\/loja\/wp-json\/wp\/v2\/product"}],"about":[{"href":"https:\/\/www.lojadeequipamentos.com.br\/loja\/wp-json\/wp\/v2\/types\/product"}],"replies":[{"embeddable":true,"href":"https:\/\/www.lojadeequipamentos.com.br\/loja\/wp-json\/wp\/v2\/comments?post=4044"}],"wp:featuredmedia":[{"embeddable":true,"href":"https:\/\/www.lojadeequipamentos.com.br\/loja\/wp-json\/wp\/v2\/media\/3998"}],"wp:attachment":[{"href":"https:\/\/www.lojadeequipamentos.com.br\/loja\/wp-json\/wp\/v2\/media?parent=4044"}],"wp:term":[{"taxonomy":"product_brand","embeddable":true,"href":"https:\/\/www.lojadeequipamentos.com.br\/loja\/wp-json\/wp\/v2\/product_brand?post=4044"},{"taxonomy":"product_cat","embeddable":true,"href":"https:\/\/www.lojadeequipamentos.com.br\/loja\/wp-json\/wp\/v2\/product_cat?post=4044"},{"taxonomy":"product_tag","embeddable":true,"href":"https:\/\/www.lojadeequipamentos.com.br\/loja\/wp-json\/wp\/v2\/product_tag?post=4044"}],"curies":[{"name":"wp","href":"https:\/\/api.w.org\/{rel}","templated":true}]}}