{"id":4042,"date":"2020-08-04T03:22:57","date_gmt":"2020-08-04T03:22:57","guid":{"rendered":"http:\/\/www.lojadeequipamentos.com.br\/loja\/?post_type=product&#038;p=4042"},"modified":"2020-12-21T00:39:14","modified_gmt":"2020-12-21T00:39:14","slug":"gerador-mitsuyama-mod-6500-gas-4t-meletrico","status":"publish","type":"product","link":"https:\/\/www.lojadeequipamentos.com.br\/loja\/produto\/gerador-mitsuyama-mod-6500-gas-4t-meletrico\/","title":{"rendered":"Gerador Gas 13HP &#8211; 6,5Kva Elet. Matsuyama 6500"},"content":{"rendered":"<p>Gerador 13HP - 6,5 Kva Matsuyama Modelo 6500 \/ Gasolina 4T Manual-El\u00e9trico<br \/>\nEstrutura Externa Confeccionado em Tubo Galvanizado com Pintura a \u00d3leo, Cal\u00e7os em Borracha Anti Vibra\u00e7\u00e3o, Tanque de Combust\u00edvel Confeccionado em Chapa Galvanizada com tratamento Interno Anti-Corros\u00e3o com  Capacidade de 25 Litros e Autonomia M\u00e9dia de Uso de 6 Horas e 40 Minutos, Partida Manual e Partida El\u00e9trica, Bateria incluso, Regulador de Tens\u00e3o por AVR (Regulador Autom\u00e1tico de Tens\u00e3o, tendo a fun\u00e7\u00e3o de manter a Tens\u00e3o de Sa\u00edda do Gerador sempre constante, independente das Oscila\u00e7\u00f5es de Carga e Rota\u00e7\u00e3o, dentro dos patamares corretos do Gerador), 01 Medidor de Voltagem, Disjuntor Bi-Polar, Equipamento de Tens\u00e3o de Sa\u00edda de 127V e Tens\u00e3o de 220V com Pot\u00eancia Nominal de 6KVA. As Correntes Nominais s\u00e3o: 127V de 47 Amperes e 220V de 27 Amperes ou ambas de 23 Amperes, Carregador de Baterias de 12V com Corrente de Carga de 8,3 Amperes, Gerador recomend\u00e1vel par uso Campestre, Uso em Pescarias e auxilio de refrigeradores, Uso Dom\u00e9stico + Equipamentos dentro da Capacidade Nominal do Gerador, Uso Emergencial, Uso Comercial para Auxilio de Ilumina\u00e7\u00f5es + Equipamentos dentro da Capacidade Nominal do Gerador, Uso Industrial dentro da Capacidade Nominal do Gerador.<br \/>\nO Combust\u00edvel necess\u00e1rio \u00e9 Gasolina Comum, Obedecendo as Caracter\u00edsticas do \u00d3leo ser: SAE 15W-40 ou 20W-40 ou 50, Classifica\u00e7\u00e3o API - SL ou Superior (O Melhor \u00e9 o SN).<br \/>\nOBS: O uso de \u00d3leos Semi-Sint\u00e9ticos e Sint\u00e9ticos sempre resultar\u00e1 em Maior Desempenho a Altas Temperaturas, Economia de Combust\u00edvel, Redu\u00e7\u00e3o da Carboniza\u00e7\u00e3o Interna do Motor\/Componentes e Controle de Emiss\u00f5es de Poluentes.<\/p>\n<p>DADOS T\u00c9CNICOS: \t 374660<br \/>\nTens\u00e3o de sa\u00edda:\t127\/220V<br \/>\nRegulador de tens\u00e3o:   \t  AVR<br \/>\nFrequ\u00eancia:\t         60 Hz<br \/>\nFator de pot\u00eancia:\t COS=1<br \/>\nPot\u00eancia de partida:\t6,5 KVA<br \/>\nPot\u00eancia nominal:\t 6 KVA<br \/>\nCorrente nominal:      Ambas 23 A<br \/>\nCarregador de bateria:12 V - 8,3 A<br \/>\nCombust\u00edvel:\t        Gasolina<br \/>\nCapacidade do tanque:\t  25 L<br \/>\nConsumo de combust\u00edvel:3,37L\/P-Hora<br \/>\nSistema de partida: Manual e El\u00e9trico<br \/>\nN\u00edvel de ru\u00eddo:\t       72db(A) (7M)<br \/>\nDimens\u00f5es:(C x L x A)700 x 530 x 570 mm<br \/>\nPeso:\t                  97kg<\/p>\n<p>MOTOR<br \/>\nPot\u00eancia:\t         13 HP<br \/>\nRefrigera\u00e7\u00e3o:\t          AR<br \/>\nCilindrada:\t         389cc<br \/>\nRota\u00e7\u00e3o m\u00e1xima:\t        3600rpm<br \/>\nFiltro de ar:\t       Semi-seco<br \/>\nQuant.\u00f3leo lubrificante: 1,1L<br \/>\nTipo de \u00f3leo:  SAE 15W-40 ou SAE 20W-40 ou 50<br \/>\nSensor de \u00f3leo:\t         Sim<br \/>\n<br \/>\n<strong>FAVOR ENTRAR EM CONTATO PARA COTA\u00c7\u00c3O DE FRETE<\/strong><br \/>\n<br \/>\n<a href=\"https:\/\/api.whatsapp.com\/send?phone=5521964144201\"><img loading=\"lazy\" decoding=\"async\" class=\"alignnone size-full wp-image-4307\" alt=\"botao_whatsapp\" src=\"http:\/\/www.lojadeequipamentos.com.br\/loja\/wp-content\/uploads\/2020\/08\/botao_whatsapp.png\" width=\"226\" height=\"82\" \/><\/a><\/p>\n","protected":false},"excerpt":{"rendered":"<strong>Gerador 13HP-6,5 Kva Matsuyama Modelo 6500 \/ Gasolina 4T Manual-El\u00e9trico<\/strong>","protected":false},"featured_media":3995,"comment_status":"open","ping_status":"closed","template":"","meta":{"_links_to":"","_links_to_target":""},"product_brand":[],"product_cat":[3010],"product_tag":[3146,3056,3144,3057,3145,3058,3085,3035,3017,3151,3152,3172,3059,3084,3147,3148,3270,3149,3173,3150,3164,3012,3119,3143,3226,3227,3228,3229,3281,3285,3286,3287,3288,3011,3016,3154,3153,3070,3155,3168,3021,3174,3165,3156,3086,3157,3169,3158,3159,3167,3160,3161,3023,3163,3162,3171,3025,3170],"class_list":{"0":"post-4042","1":"product","2":"type-product","3":"status-publish","4":"has-post-thumbnail","6":"product_cat-gerador","7":"product_tag-13hp-gerador","8":"product_tag-4-tempos-gerador","9":"product_tag-4-tempos-gerador-6-5kva","10":"product_tag-4t-gerador","11":"product_tag-4t-gerador-6-5kva","12":"product_tag-gasolina-gerador","13":"product_tag-gasolina-gerador-matsuyama","14":"product_tag-gasolina-matsuyama-gerador","15":"product_tag-gerador-2","16":"product_tag-gerador-13hp","17":"product_tag-gerador-13hp-gasolina","18":"product_tag-gerador-13hp-partida-eletrica","19":"product_tag-gerador-4-tempos","20":"product_tag-gerador-4-tempos-matsuyama","21":"product_tag-gerador-6-5kva","22":"product_tag-gerador-6-5kva-gasolina","23":"product_tag-gerador-6-5kva-gasolina-matsuyama","24":"product_tag-gerador-6-5kva-matsuyama","25":"product_tag-gerador-6-5kva-partida-eletrica","26":"product_tag-gerador-6500-matsuyama","27":"product_tag-gerador-6kva-nominal","28":"product_tag-gerador-a-gasolina","29":"product_tag-gerador-bi-volt","30":"product_tag-gerador-bivolt","31":"product_tag-gerador-de-energia-13hp","32":"product_tag-gerador-de-energia-a-gasolina-13hp","33":"product_tag-gerador-de-energia-a-gasolina-6-5kva","34":"product_tag-gerador-de-energia-de-6-5ka","35":"product_tag-gerador-de-energia-matsuyama-a-gasolina","36":"product_tag-gerador-de-energia-matsuyama-de-13hp","37":"product_tag-gerador-de-energia-matsuyama-de-6-5-kva","38":"product_tag-gerador-de-energia-matsuyama-mod-6500","39":"product_tag-gerador-de-energia-matsuyama-modelo-6500","40":"product_tag-gerador-de-luz","41":"product_tag-gerador-gasolina","42":"product_tag-gerador-gasolina-13hp","43":"product_tag-gerador-gasolina-6-5kva","44":"product_tag-gerador-gasolina-matsuyama","45":"product_tag-gerador-gasolina-matsuyama-modelo-6500","46":"product_tag-gerador-gasolina-partida-eletrica","47":"product_tag-gerador-matsuyama","48":"product_tag-gerador-matsuyama-13hp","49":"product_tag-gerador-matsuyama-6-5kva","50":"product_tag-gerador-matsuyama-6500","51":"product_tag-gerador-matsuyama-gasolina","52":"product_tag-gerador-matsuyama-mod-6500","53":"product_tag-gerador-mitsuyama-partida-eletrica","54":"product_tag-gerador-modelo-6500","55":"product_tag-gerador-modelo-6500-matsuyama","56":"product_tag-gerador-partida-eletrica","57":"product_tag-gerador-potencia-nominal-6kva","58":"product_tag-matsuyama-6-5kva-gerador","59":"product_tag-matsuyama-gerador","60":"product_tag-matsuyama-gerador-13hp","61":"product_tag-matsuyama-gerador-6-5kva","62":"product_tag-matsuyama-gerador-6500","63":"product_tag-matsuyama-gerador-gasolina","64":"product_tag-matsuyama-gerador-partida-eletrica","66":"first","67":"instock","68":"shipping-taxable","69":"purchasable","70":"product-type-simple"},"yoast_head":"<!-- This site is optimized with the Yoast SEO plugin v27.3 - https:\/\/yoast.com\/product\/yoast-seo-wordpress\/ -->\n<title>Gerador Gas 13HP - 6,5Kva Elet. Matsuyama 6500 - Loja de Equipamentos<\/title>\n<meta name=\"description\" content=\"Gerador 13HP, 6,5 KVA, 4T R$ 3.515,00 Pot. Nominal 6 KVA, Partida Manual e El\u00e9trica, Autonomia. 7h20min. Tanque de Comb. 25 Litros, Bi-Volt 127V e 220V\" \/>\n<meta name=\"robots\" content=\"index, follow, max-snippet:-1, max-image-preview:large, max-video-preview:-1\" \/>\n<link rel=\"canonical\" href=\"https:\/\/www.lojadeequipamentos.com.br\/loja\/produto\/gerador-mitsuyama-mod-6500-gas-4t-meletrico\/\" \/>\n<meta property=\"og:locale\" content=\"pt_BR\" \/>\n<meta property=\"og:type\" content=\"article\" \/>\n<meta property=\"og:title\" content=\"Gerador Gas 13HP - 6,5Kva Elet. Matsuyama 6500 - Loja de Equipamentos\" \/>\n<meta property=\"og:description\" content=\"Gerador 13HP, 6,5 KVA, 4T R$ 3.515,00 Pot. Nominal 6 KVA, Partida Manual e El\u00e9trica, Autonomia. 7h20min. Tanque de Comb. 25 Litros, Bi-Volt 127V e 220V\" \/>\n<meta property=\"og:url\" content=\"https:\/\/www.lojadeequipamentos.com.br\/loja\/produto\/gerador-mitsuyama-mod-6500-gas-4t-meletrico\/\" \/>\n<meta property=\"og:site_name\" content=\"Loja de Equipamentos\" \/>\n<meta property=\"article:modified_time\" content=\"2020-12-21T00:39:14+00:00\" \/>\n<meta property=\"og:image\" content=\"https:\/\/www.lojadeequipamentos.com.br\/loja\/wp-content\/uploads\/2020\/08\/Gerador-6500-G.jpg\" \/>\n\t<meta property=\"og:image:width\" content=\"1000\" \/>\n\t<meta property=\"og:image:height\" content=\"1000\" \/>\n\t<meta property=\"og:image:type\" content=\"image\/jpeg\" \/>\n<meta name=\"twitter:card\" content=\"summary_large_image\" \/>\n<meta name=\"twitter:label1\" content=\"Est. tempo de leitura\" \/>\n\t<meta name=\"twitter:data1\" content=\"2 minutos\" \/>\n<script type=\"application\/ld+json\" class=\"yoast-schema-graph\">{\"@context\":\"https:\\\/\\\/schema.org\",\"@graph\":[{\"@type\":\"WebPage\",\"@id\":\"https:\\\/\\\/www.lojadeequipamentos.com.br\\\/loja\\\/produto\\\/gerador-mitsuyama-mod-6500-gas-4t-meletrico\\\/\",\"url\":\"https:\\\/\\\/www.lojadeequipamentos.com.br\\\/loja\\\/produto\\\/gerador-mitsuyama-mod-6500-gas-4t-meletrico\\\/\",\"name\":\"Gerador Gas 13HP - 6,5Kva Elet. Matsuyama 6500 - Loja de Equipamentos\",\"isPartOf\":{\"@id\":\"https:\\\/\\\/www.lojadeequipamentos.com.br\\\/loja\\\/#website\"},\"primaryImageOfPage\":{\"@id\":\"https:\\\/\\\/www.lojadeequipamentos.com.br\\\/loja\\\/produto\\\/gerador-mitsuyama-mod-6500-gas-4t-meletrico\\\/#primaryimage\"},\"image\":{\"@id\":\"https:\\\/\\\/www.lojadeequipamentos.com.br\\\/loja\\\/produto\\\/gerador-mitsuyama-mod-6500-gas-4t-meletrico\\\/#primaryimage\"},\"thumbnailUrl\":\"https:\\\/\\\/www.lojadeequipamentos.com.br\\\/loja\\\/wp-content\\\/uploads\\\/2020\\\/08\\\/Gerador-6500-G.jpg\",\"datePublished\":\"2020-08-04T03:22:57+00:00\",\"dateModified\":\"2020-12-21T00:39:14+00:00\",\"description\":\"Gerador 13HP, 6,5 KVA, 4T R$ 3.515,00 Pot. Nominal 6 KVA, Partida Manual e El\u00e9trica, Autonomia. 7h20min. Tanque de Comb. 25 Litros, Bi-Volt 127V e 220V\",\"breadcrumb\":{\"@id\":\"https:\\\/\\\/www.lojadeequipamentos.com.br\\\/loja\\\/produto\\\/gerador-mitsuyama-mod-6500-gas-4t-meletrico\\\/#breadcrumb\"},\"inLanguage\":\"pt-BR\",\"potentialAction\":[{\"@type\":\"ReadAction\",\"target\":[\"https:\\\/\\\/www.lojadeequipamentos.com.br\\\/loja\\\/produto\\\/gerador-mitsuyama-mod-6500-gas-4t-meletrico\\\/\"]}]},{\"@type\":\"ImageObject\",\"inLanguage\":\"pt-BR\",\"@id\":\"https:\\\/\\\/www.lojadeequipamentos.com.br\\\/loja\\\/produto\\\/gerador-mitsuyama-mod-6500-gas-4t-meletrico\\\/#primaryimage\",\"url\":\"https:\\\/\\\/www.lojadeequipamentos.com.br\\\/loja\\\/wp-content\\\/uploads\\\/2020\\\/08\\\/Gerador-6500-G.jpg\",\"contentUrl\":\"https:\\\/\\\/www.lojadeequipamentos.com.br\\\/loja\\\/wp-content\\\/uploads\\\/2020\\\/08\\\/Gerador-6500-G.jpg\",\"width\":1000,\"height\":1000},{\"@type\":\"BreadcrumbList\",\"@id\":\"https:\\\/\\\/www.lojadeequipamentos.com.br\\\/loja\\\/produto\\\/gerador-mitsuyama-mod-6500-gas-4t-meletrico\\\/#breadcrumb\",\"itemListElement\":[{\"@type\":\"ListItem\",\"position\":1,\"name\":\"In\u00edcio\",\"item\":\"https:\\\/\\\/www.lojadeequipamentos.com.br\\\/loja\\\/\"},{\"@type\":\"ListItem\",\"position\":2,\"name\":\"Loja Virtual\",\"item\":\"https:\\\/\\\/www.lojadeequipamentos.com.br\\\/loja\\\/shop\\\/\"},{\"@type\":\"ListItem\",\"position\":3,\"name\":\"Gerador Gas 13HP &#8211; 6,5Kva Elet. Matsuyama 6500\"}]},{\"@type\":\"WebSite\",\"@id\":\"https:\\\/\\\/www.lojadeequipamentos.com.br\\\/loja\\\/#website\",\"url\":\"https:\\\/\\\/www.lojadeequipamentos.com.br\\\/loja\\\/\",\"name\":\"Loja de Equipamentos\",\"description\":\"\",\"potentialAction\":[{\"@type\":\"SearchAction\",\"target\":{\"@type\":\"EntryPoint\",\"urlTemplate\":\"https:\\\/\\\/www.lojadeequipamentos.com.br\\\/loja\\\/?s={search_term_string}\"},\"query-input\":{\"@type\":\"PropertyValueSpecification\",\"valueRequired\":true,\"valueName\":\"search_term_string\"}}],\"inLanguage\":\"pt-BR\"}]}<\/script>\n<!-- \/ Yoast SEO plugin. -->","yoast_head_json":{"title":"Gerador Gas 13HP - 6,5Kva Elet. Matsuyama 6500 - Loja de Equipamentos","description":"Gerador 13HP, 6,5 KVA, 4T R$ 3.515,00 Pot. Nominal 6 KVA, Partida Manual e El\u00e9trica, Autonomia. 7h20min. Tanque de Comb. 25 Litros, Bi-Volt 127V e 220V","robots":{"index":"index","follow":"follow","max-snippet":"max-snippet:-1","max-image-preview":"max-image-preview:large","max-video-preview":"max-video-preview:-1"},"canonical":"https:\/\/www.lojadeequipamentos.com.br\/loja\/produto\/gerador-mitsuyama-mod-6500-gas-4t-meletrico\/","og_locale":"pt_BR","og_type":"article","og_title":"Gerador Gas 13HP - 6,5Kva Elet. Matsuyama 6500 - Loja de Equipamentos","og_description":"Gerador 13HP, 6,5 KVA, 4T R$ 3.515,00 Pot. Nominal 6 KVA, Partida Manual e El\u00e9trica, Autonomia. 7h20min. Tanque de Comb. 25 Litros, Bi-Volt 127V e 220V","og_url":"https:\/\/www.lojadeequipamentos.com.br\/loja\/produto\/gerador-mitsuyama-mod-6500-gas-4t-meletrico\/","og_site_name":"Loja de Equipamentos","article_modified_time":"2020-12-21T00:39:14+00:00","og_image":[{"width":1000,"height":1000,"url":"https:\/\/www.lojadeequipamentos.com.br\/loja\/wp-content\/uploads\/2020\/08\/Gerador-6500-G.jpg","type":"image\/jpeg"}],"twitter_card":"summary_large_image","twitter_misc":{"Est. tempo de leitura":"2 minutos"},"schema":{"@context":"https:\/\/schema.org","@graph":[{"@type":"WebPage","@id":"https:\/\/www.lojadeequipamentos.com.br\/loja\/produto\/gerador-mitsuyama-mod-6500-gas-4t-meletrico\/","url":"https:\/\/www.lojadeequipamentos.com.br\/loja\/produto\/gerador-mitsuyama-mod-6500-gas-4t-meletrico\/","name":"Gerador Gas 13HP - 6,5Kva Elet. Matsuyama 6500 - Loja de Equipamentos","isPartOf":{"@id":"https:\/\/www.lojadeequipamentos.com.br\/loja\/#website"},"primaryImageOfPage":{"@id":"https:\/\/www.lojadeequipamentos.com.br\/loja\/produto\/gerador-mitsuyama-mod-6500-gas-4t-meletrico\/#primaryimage"},"image":{"@id":"https:\/\/www.lojadeequipamentos.com.br\/loja\/produto\/gerador-mitsuyama-mod-6500-gas-4t-meletrico\/#primaryimage"},"thumbnailUrl":"https:\/\/www.lojadeequipamentos.com.br\/loja\/wp-content\/uploads\/2020\/08\/Gerador-6500-G.jpg","datePublished":"2020-08-04T03:22:57+00:00","dateModified":"2020-12-21T00:39:14+00:00","description":"Gerador 13HP, 6,5 KVA, 4T R$ 3.515,00 Pot. Nominal 6 KVA, Partida Manual e El\u00e9trica, Autonomia. 7h20min. Tanque de Comb. 25 Litros, Bi-Volt 127V e 220V","breadcrumb":{"@id":"https:\/\/www.lojadeequipamentos.com.br\/loja\/produto\/gerador-mitsuyama-mod-6500-gas-4t-meletrico\/#breadcrumb"},"inLanguage":"pt-BR","potentialAction":[{"@type":"ReadAction","target":["https:\/\/www.lojadeequipamentos.com.br\/loja\/produto\/gerador-mitsuyama-mod-6500-gas-4t-meletrico\/"]}]},{"@type":"ImageObject","inLanguage":"pt-BR","@id":"https:\/\/www.lojadeequipamentos.com.br\/loja\/produto\/gerador-mitsuyama-mod-6500-gas-4t-meletrico\/#primaryimage","url":"https:\/\/www.lojadeequipamentos.com.br\/loja\/wp-content\/uploads\/2020\/08\/Gerador-6500-G.jpg","contentUrl":"https:\/\/www.lojadeequipamentos.com.br\/loja\/wp-content\/uploads\/2020\/08\/Gerador-6500-G.jpg","width":1000,"height":1000},{"@type":"BreadcrumbList","@id":"https:\/\/www.lojadeequipamentos.com.br\/loja\/produto\/gerador-mitsuyama-mod-6500-gas-4t-meletrico\/#breadcrumb","itemListElement":[{"@type":"ListItem","position":1,"name":"In\u00edcio","item":"https:\/\/www.lojadeequipamentos.com.br\/loja\/"},{"@type":"ListItem","position":2,"name":"Loja Virtual","item":"https:\/\/www.lojadeequipamentos.com.br\/loja\/shop\/"},{"@type":"ListItem","position":3,"name":"Gerador Gas 13HP &#8211; 6,5Kva Elet. Matsuyama 6500"}]},{"@type":"WebSite","@id":"https:\/\/www.lojadeequipamentos.com.br\/loja\/#website","url":"https:\/\/www.lojadeequipamentos.com.br\/loja\/","name":"Loja de Equipamentos","description":"","potentialAction":[{"@type":"SearchAction","target":{"@type":"EntryPoint","urlTemplate":"https:\/\/www.lojadeequipamentos.com.br\/loja\/?s={search_term_string}"},"query-input":{"@type":"PropertyValueSpecification","valueRequired":true,"valueName":"search_term_string"}}],"inLanguage":"pt-BR"}]}},"_links":{"self":[{"href":"https:\/\/www.lojadeequipamentos.com.br\/loja\/wp-json\/wp\/v2\/product\/4042","targetHints":{"allow":["GET"]}}],"collection":[{"href":"https:\/\/www.lojadeequipamentos.com.br\/loja\/wp-json\/wp\/v2\/product"}],"about":[{"href":"https:\/\/www.lojadeequipamentos.com.br\/loja\/wp-json\/wp\/v2\/types\/product"}],"replies":[{"embeddable":true,"href":"https:\/\/www.lojadeequipamentos.com.br\/loja\/wp-json\/wp\/v2\/comments?post=4042"}],"wp:featuredmedia":[{"embeddable":true,"href":"https:\/\/www.lojadeequipamentos.com.br\/loja\/wp-json\/wp\/v2\/media\/3995"}],"wp:attachment":[{"href":"https:\/\/www.lojadeequipamentos.com.br\/loja\/wp-json\/wp\/v2\/media?parent=4042"}],"wp:term":[{"taxonomy":"product_brand","embeddable":true,"href":"https:\/\/www.lojadeequipamentos.com.br\/loja\/wp-json\/wp\/v2\/product_brand?post=4042"},{"taxonomy":"product_cat","embeddable":true,"href":"https:\/\/www.lojadeequipamentos.com.br\/loja\/wp-json\/wp\/v2\/product_cat?post=4042"},{"taxonomy":"product_tag","embeddable":true,"href":"https:\/\/www.lojadeequipamentos.com.br\/loja\/wp-json\/wp\/v2\/product_tag?post=4042"}],"curies":[{"name":"wp","href":"https:\/\/api.w.org\/{rel}","templated":true}]}}