{"id":3188,"date":"2015-08-08T22:04:18","date_gmt":"2015-08-08T22:04:18","guid":{"rendered":"http:\/\/www.lojadeequipamentos.com.br\/loja\/?post_type=product&#038;p=3188"},"modified":"2024-09-15T02:19:56","modified_gmt":"2024-09-15T02:19:56","slug":"cobertura-termica-spa","status":"publish","type":"product","link":"https:\/\/www.lojadeequipamentos.com.br\/loja\/produto\/cobertura-termica-spa\/","title":{"rendered":"Cobertura Termica SPA e Ofuro"},"content":{"rendered":"<p><strong>Cobertura Termica SPA e Ofuro<\/strong><br \/>\nDescri\u00e7\u00e3o: a cobertura termica para SPA e Ofuro foi desenvolvida para ser utilizada em \u00e1rea coberta. confeccionada em couro sint\u00e9tico e isolante t\u00e9rmico.<br \/>\noferecendo uma economia consider\u00e1vel no consumo de energia e no tempo de aquecimento. protege contra poeira.<br \/>\nMedida e Peso: o produto \u00e9 feito sob medida para os modelos da SPA de diversos fabricantes, Ofuros e <strong>\u00e9 cobrado por M\u00b2(R$ 215,00)<\/strong>. o produto pesa por m\u00b2 3.087 Kg.<br \/>\nCores: Branco, Azul, Verde e Marrom (couro sint\u00e9tico)<\/p>\n<p><a href=\"https:\/\/api.whatsapp.com\/send?phone=5521964144201\"><img loading=\"lazy\" decoding=\"async\" class=\"alignnone size-full wp-image-4307\" alt=\"botao_whatsapp\" src=\"http:\/\/www.lojadeequipamentos.com.br\/loja\/wp-content\/uploads\/2020\/08\/botao_whatsapp.png\" width=\"226\" height=\"82\" \/><\/a><\/p>\n","protected":false},"excerpt":{"rendered":"<strong>Cobertura Termica SPA e Ofuro<\/strong>","protected":false},"featured_media":3764,"comment_status":"open","ping_status":"closed","template":"","meta":{"_links_to":"","_links_to_target":""},"product_brand":[],"product_cat":[233],"product_tag":[1261,1440,1435,1436,1437,1438,1442,1439,1441,1263,1262,1264],"class_list":{"0":"post-3188","1":"product","2":"type-product","3":"status-publish","4":"has-post-thumbnail","6":"product_cat-cobertura-termica-spa","7":"product_tag-cobertura-termica","8":"product_tag-cobertura-termica-agua-nativa","9":"product_tag-cobertura-termica-albacete","10":"product_tag-cobertura-termica-jacuzzi","11":"product_tag-cobertura-termica-jet-pool","12":"product_tag-cobertura-termica-mondialle","13":"product_tag-cobertura-termica-ofuro","14":"product_tag-cobertura-termica-ouro-fino","15":"product_tag-cobertura-termica-para-ofuro","16":"product_tag-cobertura-termica-para-spa","17":"product_tag-cobertura-termica-spa-2","18":"product_tag-spa-cobertura-termica","20":"first","21":"instock","22":"shipping-taxable","23":"purchasable","24":"product-type-simple"},"yoast_head":"<!-- This site is optimized with the Yoast SEO plugin v27.3 - https:\/\/yoast.com\/product\/yoast-seo-wordpress\/ -->\n<title>Cobertura Termica SPA e Ofuro - Loja de Equipamentos<\/title>\n<meta name=\"description\" content=\"cobertura termica SPA e Ofuro para ser utilizada em \u00e1rea coberta. confeccionada em couro sint\u00e9tico e isolante t\u00e9rmico. economia de energia e tempo de aquec.\" \/>\n<meta name=\"robots\" content=\"index, follow, max-snippet:-1, max-image-preview:large, max-video-preview:-1\" \/>\n<link rel=\"canonical\" href=\"https:\/\/www.lojadeequipamentos.com.br\/loja\/produto\/cobertura-termica-spa\/\" \/>\n<meta property=\"og:locale\" content=\"pt_BR\" \/>\n<meta property=\"og:type\" content=\"article\" \/>\n<meta property=\"og:title\" content=\"Cobertura Termica SPA e Ofuro - Loja de Equipamentos\" \/>\n<meta property=\"og:description\" content=\"cobertura termica SPA e Ofuro para ser utilizada em \u00e1rea coberta. confeccionada em couro sint\u00e9tico e isolante t\u00e9rmico. economia de energia e tempo de aquec.\" \/>\n<meta property=\"og:url\" content=\"https:\/\/www.lojadeequipamentos.com.br\/loja\/produto\/cobertura-termica-spa\/\" \/>\n<meta property=\"og:site_name\" content=\"Loja de Equipamentos\" \/>\n<meta property=\"article:modified_time\" content=\"2024-09-15T02:19:56+00:00\" \/>\n<meta property=\"og:image\" content=\"https:\/\/www.lojadeequipamentos.com.br\/loja\/wp-content\/uploads\/2015\/09\/Cobertura-Termica.png\" \/>\n\t<meta property=\"og:image:width\" content=\"260\" \/>\n\t<meta property=\"og:image:height\" content=\"260\" \/>\n\t<meta property=\"og:image:type\" content=\"image\/png\" \/>\n<meta name=\"twitter:card\" content=\"summary_large_image\" \/>\n<script type=\"application\/ld+json\" class=\"yoast-schema-graph\">{\"@context\":\"https:\\\/\\\/schema.org\",\"@graph\":[{\"@type\":\"WebPage\",\"@id\":\"https:\\\/\\\/www.lojadeequipamentos.com.br\\\/loja\\\/produto\\\/cobertura-termica-spa\\\/\",\"url\":\"https:\\\/\\\/www.lojadeequipamentos.com.br\\\/loja\\\/produto\\\/cobertura-termica-spa\\\/\",\"name\":\"Cobertura Termica SPA e Ofuro - Loja de Equipamentos\",\"isPartOf\":{\"@id\":\"https:\\\/\\\/www.lojadeequipamentos.com.br\\\/loja\\\/#website\"},\"primaryImageOfPage\":{\"@id\":\"https:\\\/\\\/www.lojadeequipamentos.com.br\\\/loja\\\/produto\\\/cobertura-termica-spa\\\/#primaryimage\"},\"image\":{\"@id\":\"https:\\\/\\\/www.lojadeequipamentos.com.br\\\/loja\\\/produto\\\/cobertura-termica-spa\\\/#primaryimage\"},\"thumbnailUrl\":\"https:\\\/\\\/www.lojadeequipamentos.com.br\\\/loja\\\/wp-content\\\/uploads\\\/2015\\\/09\\\/Cobertura-Termica.png\",\"datePublished\":\"2015-08-08T22:04:18+00:00\",\"dateModified\":\"2024-09-15T02:19:56+00:00\",\"description\":\"cobertura termica SPA e Ofuro para ser utilizada em \u00e1rea coberta. confeccionada em couro sint\u00e9tico e isolante t\u00e9rmico. economia de energia e tempo de aquec.\",\"breadcrumb\":{\"@id\":\"https:\\\/\\\/www.lojadeequipamentos.com.br\\\/loja\\\/produto\\\/cobertura-termica-spa\\\/#breadcrumb\"},\"inLanguage\":\"pt-BR\",\"potentialAction\":[{\"@type\":\"ReadAction\",\"target\":[\"https:\\\/\\\/www.lojadeequipamentos.com.br\\\/loja\\\/produto\\\/cobertura-termica-spa\\\/\"]}]},{\"@type\":\"ImageObject\",\"inLanguage\":\"pt-BR\",\"@id\":\"https:\\\/\\\/www.lojadeequipamentos.com.br\\\/loja\\\/produto\\\/cobertura-termica-spa\\\/#primaryimage\",\"url\":\"https:\\\/\\\/www.lojadeequipamentos.com.br\\\/loja\\\/wp-content\\\/uploads\\\/2015\\\/09\\\/Cobertura-Termica.png\",\"contentUrl\":\"https:\\\/\\\/www.lojadeequipamentos.com.br\\\/loja\\\/wp-content\\\/uploads\\\/2015\\\/09\\\/Cobertura-Termica.png\",\"width\":260,\"height\":260},{\"@type\":\"BreadcrumbList\",\"@id\":\"https:\\\/\\\/www.lojadeequipamentos.com.br\\\/loja\\\/produto\\\/cobertura-termica-spa\\\/#breadcrumb\",\"itemListElement\":[{\"@type\":\"ListItem\",\"position\":1,\"name\":\"In\u00edcio\",\"item\":\"https:\\\/\\\/www.lojadeequipamentos.com.br\\\/loja\\\/\"},{\"@type\":\"ListItem\",\"position\":2,\"name\":\"Loja Virtual\",\"item\":\"https:\\\/\\\/www.lojadeequipamentos.com.br\\\/loja\\\/shop\\\/\"},{\"@type\":\"ListItem\",\"position\":3,\"name\":\"Cobertura Termica SPA e Ofuro\"}]},{\"@type\":\"WebSite\",\"@id\":\"https:\\\/\\\/www.lojadeequipamentos.com.br\\\/loja\\\/#website\",\"url\":\"https:\\\/\\\/www.lojadeequipamentos.com.br\\\/loja\\\/\",\"name\":\"Loja de Equipamentos\",\"description\":\"\",\"potentialAction\":[{\"@type\":\"SearchAction\",\"target\":{\"@type\":\"EntryPoint\",\"urlTemplate\":\"https:\\\/\\\/www.lojadeequipamentos.com.br\\\/loja\\\/?s={search_term_string}\"},\"query-input\":{\"@type\":\"PropertyValueSpecification\",\"valueRequired\":true,\"valueName\":\"search_term_string\"}}],\"inLanguage\":\"pt-BR\"}]}<\/script>\n<!-- \/ Yoast SEO plugin. -->","yoast_head_json":{"title":"Cobertura Termica SPA e Ofuro - Loja de Equipamentos","description":"cobertura termica SPA e Ofuro para ser utilizada em \u00e1rea coberta. confeccionada em couro sint\u00e9tico e isolante t\u00e9rmico. economia de energia e tempo de aquec.","robots":{"index":"index","follow":"follow","max-snippet":"max-snippet:-1","max-image-preview":"max-image-preview:large","max-video-preview":"max-video-preview:-1"},"canonical":"https:\/\/www.lojadeequipamentos.com.br\/loja\/produto\/cobertura-termica-spa\/","og_locale":"pt_BR","og_type":"article","og_title":"Cobertura Termica SPA e Ofuro - Loja de Equipamentos","og_description":"cobertura termica SPA e Ofuro para ser utilizada em \u00e1rea coberta. confeccionada em couro sint\u00e9tico e isolante t\u00e9rmico. economia de energia e tempo de aquec.","og_url":"https:\/\/www.lojadeequipamentos.com.br\/loja\/produto\/cobertura-termica-spa\/","og_site_name":"Loja de Equipamentos","article_modified_time":"2024-09-15T02:19:56+00:00","og_image":[{"width":260,"height":260,"url":"https:\/\/www.lojadeequipamentos.com.br\/loja\/wp-content\/uploads\/2015\/09\/Cobertura-Termica.png","type":"image\/png"}],"twitter_card":"summary_large_image","schema":{"@context":"https:\/\/schema.org","@graph":[{"@type":"WebPage","@id":"https:\/\/www.lojadeequipamentos.com.br\/loja\/produto\/cobertura-termica-spa\/","url":"https:\/\/www.lojadeequipamentos.com.br\/loja\/produto\/cobertura-termica-spa\/","name":"Cobertura Termica SPA e Ofuro - Loja de Equipamentos","isPartOf":{"@id":"https:\/\/www.lojadeequipamentos.com.br\/loja\/#website"},"primaryImageOfPage":{"@id":"https:\/\/www.lojadeequipamentos.com.br\/loja\/produto\/cobertura-termica-spa\/#primaryimage"},"image":{"@id":"https:\/\/www.lojadeequipamentos.com.br\/loja\/produto\/cobertura-termica-spa\/#primaryimage"},"thumbnailUrl":"https:\/\/www.lojadeequipamentos.com.br\/loja\/wp-content\/uploads\/2015\/09\/Cobertura-Termica.png","datePublished":"2015-08-08T22:04:18+00:00","dateModified":"2024-09-15T02:19:56+00:00","description":"cobertura termica SPA e Ofuro para ser utilizada em \u00e1rea coberta. confeccionada em couro sint\u00e9tico e isolante t\u00e9rmico. economia de energia e tempo de aquec.","breadcrumb":{"@id":"https:\/\/www.lojadeequipamentos.com.br\/loja\/produto\/cobertura-termica-spa\/#breadcrumb"},"inLanguage":"pt-BR","potentialAction":[{"@type":"ReadAction","target":["https:\/\/www.lojadeequipamentos.com.br\/loja\/produto\/cobertura-termica-spa\/"]}]},{"@type":"ImageObject","inLanguage":"pt-BR","@id":"https:\/\/www.lojadeequipamentos.com.br\/loja\/produto\/cobertura-termica-spa\/#primaryimage","url":"https:\/\/www.lojadeequipamentos.com.br\/loja\/wp-content\/uploads\/2015\/09\/Cobertura-Termica.png","contentUrl":"https:\/\/www.lojadeequipamentos.com.br\/loja\/wp-content\/uploads\/2015\/09\/Cobertura-Termica.png","width":260,"height":260},{"@type":"BreadcrumbList","@id":"https:\/\/www.lojadeequipamentos.com.br\/loja\/produto\/cobertura-termica-spa\/#breadcrumb","itemListElement":[{"@type":"ListItem","position":1,"name":"In\u00edcio","item":"https:\/\/www.lojadeequipamentos.com.br\/loja\/"},{"@type":"ListItem","position":2,"name":"Loja Virtual","item":"https:\/\/www.lojadeequipamentos.com.br\/loja\/shop\/"},{"@type":"ListItem","position":3,"name":"Cobertura Termica SPA e Ofuro"}]},{"@type":"WebSite","@id":"https:\/\/www.lojadeequipamentos.com.br\/loja\/#website","url":"https:\/\/www.lojadeequipamentos.com.br\/loja\/","name":"Loja de Equipamentos","description":"","potentialAction":[{"@type":"SearchAction","target":{"@type":"EntryPoint","urlTemplate":"https:\/\/www.lojadeequipamentos.com.br\/loja\/?s={search_term_string}"},"query-input":{"@type":"PropertyValueSpecification","valueRequired":true,"valueName":"search_term_string"}}],"inLanguage":"pt-BR"}]}},"_links":{"self":[{"href":"https:\/\/www.lojadeequipamentos.com.br\/loja\/wp-json\/wp\/v2\/product\/3188","targetHints":{"allow":["GET"]}}],"collection":[{"href":"https:\/\/www.lojadeequipamentos.com.br\/loja\/wp-json\/wp\/v2\/product"}],"about":[{"href":"https:\/\/www.lojadeequipamentos.com.br\/loja\/wp-json\/wp\/v2\/types\/product"}],"replies":[{"embeddable":true,"href":"https:\/\/www.lojadeequipamentos.com.br\/loja\/wp-json\/wp\/v2\/comments?post=3188"}],"wp:featuredmedia":[{"embeddable":true,"href":"https:\/\/www.lojadeequipamentos.com.br\/loja\/wp-json\/wp\/v2\/media\/3764"}],"wp:attachment":[{"href":"https:\/\/www.lojadeequipamentos.com.br\/loja\/wp-json\/wp\/v2\/media?parent=3188"}],"wp:term":[{"taxonomy":"product_brand","embeddable":true,"href":"https:\/\/www.lojadeequipamentos.com.br\/loja\/wp-json\/wp\/v2\/product_brand?post=3188"},{"taxonomy":"product_cat","embeddable":true,"href":"https:\/\/www.lojadeequipamentos.com.br\/loja\/wp-json\/wp\/v2\/product_cat?post=3188"},{"taxonomy":"product_tag","embeddable":true,"href":"https:\/\/www.lojadeequipamentos.com.br\/loja\/wp-json\/wp\/v2\/product_tag?post=3188"}],"curies":[{"name":"wp","href":"https:\/\/api.w.org\/{rel}","templated":true}]}}