{"id":2726,"date":"2015-05-08T15:52:25","date_gmt":"2015-05-08T15:52:25","guid":{"rendered":"http:\/\/www.lojadeequipamentos.com.br\/loja\/?post_type=product&#038;p=2726"},"modified":"2023-07-24T15:07:51","modified_gmt":"2023-07-24T15:07:51","slug":"boiler-500l-alta-pressao-aco-inox-304-10mm-especial","status":"publish","type":"product","link":"https:\/\/www.lojadeequipamentos.com.br\/loja\/produto\/boiler-500l-alta-pressao-aco-inox-304-10mm-especial\/","title":{"rendered":"Boiler 500L Alta Press\u00e3o a\u00e7o inox 304 &#8211; 1,2mm &#8211; Especial"},"content":{"rendered":"<p><strong>Boiler 500L Alta Press\u00e3o a\u00e7o inox 304 - 1,2mm - Especial<\/strong><br \/>\nDescri\u00e7\u00e3o: boiler horizontal 500L alta press\u00e3o, cilindro\/tanque interno em a\u00e7o inox chapa 304 espessura 1,2mm, tampa com 1,5mm, press\u00e3o de trabalho de 40 mca \/ 04Kg, isolamento t\u00e9rmico interno em poliuretano de alta densidade, chapa externa de acabamento em alum\u00ednio, termostato regul\u00e1vel e resist\u00eancia padr\u00e3o de 3Kw 127\/220 Volts, 02 bases de sustenta\u00e7\u00e3o e conex\u00f5es rosqueadas de 1\".<br \/>\n<strong>Produto sob encomenda especial. Fique atento aos nossos prazos especiais para este tipo de produto <\/strong><br \/>\nTipo de Instala\u00e7\u00e3o: Solar - por termo sif\u00e3o com desn\u00edvel da base do boiler a placa solar de 30cm no minimo e distancia m\u00e1xima de 4m; caso contrario fazer instala\u00e7\u00e3o for\u00e7ada entre boiler e placa com 01 bomba de circula\u00e7\u00e3o especifica respeitando a press\u00e3o de trabalho do boiler.<br \/>\nMedida e Peso: di\u00e2metro 650mm x altura 850mm x comprimento 2000mm, peso de 65,000Kg.<br \/>\nGarantia: Tanque 01 ano contra defeito de fabrica\u00e7\u00e3o.(acompanha instru\u00e7\u00f5es e certificado de garantia do fabricante), Resist\u00eancia 90 dias e Termostato 90 dias<br \/>\nUso: somente \u00e1gua pot\u00e1vel, para uso domestico, comercial e industrial.<br \/>\nOp\u00e7\u00f5es: barra de anodo (sacrif\u00edcio), conex\u00f5es extras para aquecimento auxiliar, 02 resist\u00eancias e monitoramento digital.<br \/>\nObs: de acordo com as normas ABNT ser\u00e1 necess\u00e1rio a instala\u00e7\u00e3o de um vaso de expans\u00e3o de 25 Litros junto ao equipamento.<br \/>\nConsulte a op\u00e7\u00e3o de medidas especiais de boilers e placas solares.<\/p>\n<p>Visite nosso facebook: <a href=\"http:\/\/www.facebook.com\/lojadeequipamentos\" target=\"_blank\" rel=\"noopener\">facebook\/lojadeequipamentos<\/a><\/p>\n","protected":false},"excerpt":{"rendered":"<strong>Boiler 500L Alta Press\u00e3o a\u00e7o inox 304 - 1,2mm - Especial<\/strong>\r\n","protected":false},"featured_media":2825,"comment_status":"open","ping_status":"closed","template":"","meta":{"_links_to":"","_links_to_target":""},"product_brand":[],"product_cat":[3004],"product_tag":[45,272,812,805,806,804,154,814,68,66,273,344,350,4389,274,4387],"class_list":{"0":"post-2726","1":"product","2":"type-product","3":"status-publish","4":"has-post-thumbnail","6":"product_cat-boiler-500","7":"product_tag-boiler-2","8":"product_tag-boiler-500l","9":"product_tag-boiler-500l-alta-pressao","10":"product_tag-boiler-500l-eletrico","11":"product_tag-boiler-500l-horizontal","12":"product_tag-boiler-500l-solar","13":"product_tag-boiler-aco-inox-304","14":"product_tag-boiler-alta-pressao-500l","15":"product_tag-boiler-de-alta-pressao","16":"product_tag-boiler-eletrico","17":"product_tag-boiler-eletrico-500l","18":"product_tag-boiler-horizontal-2","19":"product_tag-boiler-horizontal-500l","20":"product_tag-boiler-solar","21":"product_tag-boiler-solar-500l","22":"product_tag-instalacao","24":"first","25":"instock","26":"shipping-taxable","27":"purchasable","28":"product-type-simple"},"yoast_head":"<!-- This site is optimized with the Yoast SEO plugin v27.3 - https:\/\/yoast.com\/product\/yoast-seo-wordpress\/ -->\n<title>Boiler 500L Alta Press\u00e3o a\u00e7o inox 304 - 1,2mm - Especial<\/title>\n<meta name=\"description\" content=\"Boiler 500L APa\u00e7o inox 304 - 1,2mm, R$ 5.559,30 horizontal, cilindro\/tanque interno em a\u00e7o inox chapa 304 espessura 1,2mm, press\u00e3o de trabalho 40 mca - 4Kg.\" \/>\n<meta name=\"robots\" content=\"index, follow, max-snippet:-1, max-image-preview:large, max-video-preview:-1\" \/>\n<link rel=\"canonical\" href=\"https:\/\/www.lojadeequipamentos.com.br\/loja\/produto\/boiler-500l-alta-pressao-aco-inox-304-10mm-especial\/\" \/>\n<meta property=\"og:locale\" content=\"pt_BR\" \/>\n<meta property=\"og:type\" content=\"article\" \/>\n<meta property=\"og:title\" content=\"Boiler 500L Alta Press\u00e3o a\u00e7o inox 304 - 1,2mm - Especial\" \/>\n<meta property=\"og:description\" content=\"Boiler 500L APa\u00e7o inox 304 - 1,2mm, R$ 5.559,30 horizontal, cilindro\/tanque interno em a\u00e7o inox chapa 304 espessura 1,2mm, press\u00e3o de trabalho 40 mca - 4Kg.\" \/>\n<meta property=\"og:url\" content=\"https:\/\/www.lojadeequipamentos.com.br\/loja\/produto\/boiler-500l-alta-pressao-aco-inox-304-10mm-especial\/\" \/>\n<meta property=\"og:site_name\" content=\"Loja de Equipamentos\" \/>\n<meta property=\"article:modified_time\" content=\"2023-07-24T15:07:51+00:00\" \/>\n<meta property=\"og:image\" content=\"https:\/\/www.lojadeequipamentos.com.br\/loja\/wp-content\/uploads\/2015\/05\/boiler.png\" \/>\n\t<meta property=\"og:image:width\" content=\"400\" \/>\n\t<meta property=\"og:image:height\" content=\"400\" \/>\n\t<meta property=\"og:image:type\" content=\"image\/png\" \/>\n<meta name=\"twitter:card\" content=\"summary_large_image\" \/>\n<meta name=\"twitter:label1\" content=\"Est. tempo de leitura\" \/>\n\t<meta name=\"twitter:data1\" content=\"2 minutos\" \/>\n<script type=\"application\/ld+json\" class=\"yoast-schema-graph\">{\"@context\":\"https:\\\/\\\/schema.org\",\"@graph\":[{\"@type\":\"WebPage\",\"@id\":\"https:\\\/\\\/www.lojadeequipamentos.com.br\\\/loja\\\/produto\\\/boiler-500l-alta-pressao-aco-inox-304-10mm-especial\\\/\",\"url\":\"https:\\\/\\\/www.lojadeequipamentos.com.br\\\/loja\\\/produto\\\/boiler-500l-alta-pressao-aco-inox-304-10mm-especial\\\/\",\"name\":\"Boiler 500L Alta Press\u00e3o a\u00e7o inox 304 - 1,2mm - Especial\",\"isPartOf\":{\"@id\":\"https:\\\/\\\/www.lojadeequipamentos.com.br\\\/loja\\\/#website\"},\"primaryImageOfPage\":{\"@id\":\"https:\\\/\\\/www.lojadeequipamentos.com.br\\\/loja\\\/produto\\\/boiler-500l-alta-pressao-aco-inox-304-10mm-especial\\\/#primaryimage\"},\"image\":{\"@id\":\"https:\\\/\\\/www.lojadeequipamentos.com.br\\\/loja\\\/produto\\\/boiler-500l-alta-pressao-aco-inox-304-10mm-especial\\\/#primaryimage\"},\"thumbnailUrl\":\"https:\\\/\\\/www.lojadeequipamentos.com.br\\\/loja\\\/wp-content\\\/uploads\\\/2015\\\/05\\\/boiler.png\",\"datePublished\":\"2015-05-08T15:52:25+00:00\",\"dateModified\":\"2023-07-24T15:07:51+00:00\",\"description\":\"Boiler 500L APa\u00e7o inox 304 - 1,2mm, R$ 5.559,30 horizontal, cilindro\\\/tanque interno em a\u00e7o inox chapa 304 espessura 1,2mm, press\u00e3o de trabalho 40 mca - 4Kg.\",\"breadcrumb\":{\"@id\":\"https:\\\/\\\/www.lojadeequipamentos.com.br\\\/loja\\\/produto\\\/boiler-500l-alta-pressao-aco-inox-304-10mm-especial\\\/#breadcrumb\"},\"inLanguage\":\"pt-BR\",\"potentialAction\":[{\"@type\":\"ReadAction\",\"target\":[\"https:\\\/\\\/www.lojadeequipamentos.com.br\\\/loja\\\/produto\\\/boiler-500l-alta-pressao-aco-inox-304-10mm-especial\\\/\"]}]},{\"@type\":\"ImageObject\",\"inLanguage\":\"pt-BR\",\"@id\":\"https:\\\/\\\/www.lojadeequipamentos.com.br\\\/loja\\\/produto\\\/boiler-500l-alta-pressao-aco-inox-304-10mm-especial\\\/#primaryimage\",\"url\":\"https:\\\/\\\/www.lojadeequipamentos.com.br\\\/loja\\\/wp-content\\\/uploads\\\/2015\\\/05\\\/boiler.png\",\"contentUrl\":\"https:\\\/\\\/www.lojadeequipamentos.com.br\\\/loja\\\/wp-content\\\/uploads\\\/2015\\\/05\\\/boiler.png\",\"width\":400,\"height\":400},{\"@type\":\"BreadcrumbList\",\"@id\":\"https:\\\/\\\/www.lojadeequipamentos.com.br\\\/loja\\\/produto\\\/boiler-500l-alta-pressao-aco-inox-304-10mm-especial\\\/#breadcrumb\",\"itemListElement\":[{\"@type\":\"ListItem\",\"position\":1,\"name\":\"In\u00edcio\",\"item\":\"https:\\\/\\\/www.lojadeequipamentos.com.br\\\/loja\\\/\"},{\"@type\":\"ListItem\",\"position\":2,\"name\":\"Loja Virtual\",\"item\":\"https:\\\/\\\/www.lojadeequipamentos.com.br\\\/loja\\\/shop\\\/\"},{\"@type\":\"ListItem\",\"position\":3,\"name\":\"Boiler 500L Alta Press\u00e3o a\u00e7o inox 304 &#8211; 1,2mm &#8211; Especial\"}]},{\"@type\":\"WebSite\",\"@id\":\"https:\\\/\\\/www.lojadeequipamentos.com.br\\\/loja\\\/#website\",\"url\":\"https:\\\/\\\/www.lojadeequipamentos.com.br\\\/loja\\\/\",\"name\":\"Loja de Equipamentos\",\"description\":\"\",\"potentialAction\":[{\"@type\":\"SearchAction\",\"target\":{\"@type\":\"EntryPoint\",\"urlTemplate\":\"https:\\\/\\\/www.lojadeequipamentos.com.br\\\/loja\\\/?s={search_term_string}\"},\"query-input\":{\"@type\":\"PropertyValueSpecification\",\"valueRequired\":true,\"valueName\":\"search_term_string\"}}],\"inLanguage\":\"pt-BR\"}]}<\/script>\n<!-- \/ Yoast SEO plugin. -->","yoast_head_json":{"title":"Boiler 500L Alta Press\u00e3o a\u00e7o inox 304 - 1,2mm - Especial","description":"Boiler 500L APa\u00e7o inox 304 - 1,2mm, R$ 5.559,30 horizontal, cilindro\/tanque interno em a\u00e7o inox chapa 304 espessura 1,2mm, press\u00e3o de trabalho 40 mca - 4Kg.","robots":{"index":"index","follow":"follow","max-snippet":"max-snippet:-1","max-image-preview":"max-image-preview:large","max-video-preview":"max-video-preview:-1"},"canonical":"https:\/\/www.lojadeequipamentos.com.br\/loja\/produto\/boiler-500l-alta-pressao-aco-inox-304-10mm-especial\/","og_locale":"pt_BR","og_type":"article","og_title":"Boiler 500L Alta Press\u00e3o a\u00e7o inox 304 - 1,2mm - Especial","og_description":"Boiler 500L APa\u00e7o inox 304 - 1,2mm, R$ 5.559,30 horizontal, cilindro\/tanque interno em a\u00e7o inox chapa 304 espessura 1,2mm, press\u00e3o de trabalho 40 mca - 4Kg.","og_url":"https:\/\/www.lojadeequipamentos.com.br\/loja\/produto\/boiler-500l-alta-pressao-aco-inox-304-10mm-especial\/","og_site_name":"Loja de Equipamentos","article_modified_time":"2023-07-24T15:07:51+00:00","og_image":[{"width":400,"height":400,"url":"https:\/\/www.lojadeequipamentos.com.br\/loja\/wp-content\/uploads\/2015\/05\/boiler.png","type":"image\/png"}],"twitter_card":"summary_large_image","twitter_misc":{"Est. tempo de leitura":"2 minutos"},"schema":{"@context":"https:\/\/schema.org","@graph":[{"@type":"WebPage","@id":"https:\/\/www.lojadeequipamentos.com.br\/loja\/produto\/boiler-500l-alta-pressao-aco-inox-304-10mm-especial\/","url":"https:\/\/www.lojadeequipamentos.com.br\/loja\/produto\/boiler-500l-alta-pressao-aco-inox-304-10mm-especial\/","name":"Boiler 500L Alta Press\u00e3o a\u00e7o inox 304 - 1,2mm - Especial","isPartOf":{"@id":"https:\/\/www.lojadeequipamentos.com.br\/loja\/#website"},"primaryImageOfPage":{"@id":"https:\/\/www.lojadeequipamentos.com.br\/loja\/produto\/boiler-500l-alta-pressao-aco-inox-304-10mm-especial\/#primaryimage"},"image":{"@id":"https:\/\/www.lojadeequipamentos.com.br\/loja\/produto\/boiler-500l-alta-pressao-aco-inox-304-10mm-especial\/#primaryimage"},"thumbnailUrl":"https:\/\/www.lojadeequipamentos.com.br\/loja\/wp-content\/uploads\/2015\/05\/boiler.png","datePublished":"2015-05-08T15:52:25+00:00","dateModified":"2023-07-24T15:07:51+00:00","description":"Boiler 500L APa\u00e7o inox 304 - 1,2mm, R$ 5.559,30 horizontal, cilindro\/tanque interno em a\u00e7o inox chapa 304 espessura 1,2mm, press\u00e3o de trabalho 40 mca - 4Kg.","breadcrumb":{"@id":"https:\/\/www.lojadeequipamentos.com.br\/loja\/produto\/boiler-500l-alta-pressao-aco-inox-304-10mm-especial\/#breadcrumb"},"inLanguage":"pt-BR","potentialAction":[{"@type":"ReadAction","target":["https:\/\/www.lojadeequipamentos.com.br\/loja\/produto\/boiler-500l-alta-pressao-aco-inox-304-10mm-especial\/"]}]},{"@type":"ImageObject","inLanguage":"pt-BR","@id":"https:\/\/www.lojadeequipamentos.com.br\/loja\/produto\/boiler-500l-alta-pressao-aco-inox-304-10mm-especial\/#primaryimage","url":"https:\/\/www.lojadeequipamentos.com.br\/loja\/wp-content\/uploads\/2015\/05\/boiler.png","contentUrl":"https:\/\/www.lojadeequipamentos.com.br\/loja\/wp-content\/uploads\/2015\/05\/boiler.png","width":400,"height":400},{"@type":"BreadcrumbList","@id":"https:\/\/www.lojadeequipamentos.com.br\/loja\/produto\/boiler-500l-alta-pressao-aco-inox-304-10mm-especial\/#breadcrumb","itemListElement":[{"@type":"ListItem","position":1,"name":"In\u00edcio","item":"https:\/\/www.lojadeequipamentos.com.br\/loja\/"},{"@type":"ListItem","position":2,"name":"Loja Virtual","item":"https:\/\/www.lojadeequipamentos.com.br\/loja\/shop\/"},{"@type":"ListItem","position":3,"name":"Boiler 500L Alta Press\u00e3o a\u00e7o inox 304 &#8211; 1,2mm &#8211; Especial"}]},{"@type":"WebSite","@id":"https:\/\/www.lojadeequipamentos.com.br\/loja\/#website","url":"https:\/\/www.lojadeequipamentos.com.br\/loja\/","name":"Loja de Equipamentos","description":"","potentialAction":[{"@type":"SearchAction","target":{"@type":"EntryPoint","urlTemplate":"https:\/\/www.lojadeequipamentos.com.br\/loja\/?s={search_term_string}"},"query-input":{"@type":"PropertyValueSpecification","valueRequired":true,"valueName":"search_term_string"}}],"inLanguage":"pt-BR"}]}},"_links":{"self":[{"href":"https:\/\/www.lojadeequipamentos.com.br\/loja\/wp-json\/wp\/v2\/product\/2726","targetHints":{"allow":["GET"]}}],"collection":[{"href":"https:\/\/www.lojadeequipamentos.com.br\/loja\/wp-json\/wp\/v2\/product"}],"about":[{"href":"https:\/\/www.lojadeequipamentos.com.br\/loja\/wp-json\/wp\/v2\/types\/product"}],"replies":[{"embeddable":true,"href":"https:\/\/www.lojadeequipamentos.com.br\/loja\/wp-json\/wp\/v2\/comments?post=2726"}],"wp:featuredmedia":[{"embeddable":true,"href":"https:\/\/www.lojadeequipamentos.com.br\/loja\/wp-json\/wp\/v2\/media\/2825"}],"wp:attachment":[{"href":"https:\/\/www.lojadeequipamentos.com.br\/loja\/wp-json\/wp\/v2\/media?parent=2726"}],"wp:term":[{"taxonomy":"product_brand","embeddable":true,"href":"https:\/\/www.lojadeequipamentos.com.br\/loja\/wp-json\/wp\/v2\/product_brand?post=2726"},{"taxonomy":"product_cat","embeddable":true,"href":"https:\/\/www.lojadeequipamentos.com.br\/loja\/wp-json\/wp\/v2\/product_cat?post=2726"},{"taxonomy":"product_tag","embeddable":true,"href":"https:\/\/www.lojadeequipamentos.com.br\/loja\/wp-json\/wp\/v2\/product_tag?post=2726"}],"curies":[{"name":"wp","href":"https:\/\/api.w.org\/{rel}","templated":true}]}}