{"id":2521,"date":"2014-08-11T04:27:49","date_gmt":"2014-08-11T04:27:49","guid":{"rendered":"http:\/\/www.lojadeequipamentos.com.br\/loja\/?post_type=product&#038;p=2521"},"modified":"2021-11-09T11:25:27","modified_gmt":"2021-11-09T11:25:27","slug":"ombrelone-redondo-em-madeira-300cm-bagun-liso","status":"publish","type":"product","link":"https:\/\/www.lojadeequipamentos.com.br\/loja\/produto\/ombrelone-redondo-em-madeira-300cm-bagun-liso\/","title":{"rendered":"Ombrelone Redondo Cabo Central Madeira 3m &#8211; Bagun Liso"},"content":{"rendered":"<p><strong>Ombrelone - Redondo Cabo Central Madeira - 3,00m - Bagun Liso<\/strong><br \/>\nDescri\u00e7\u00e3o: ombrelone fabricado com estrutura e cabo central em madeira, 08 varetas de articula\u00e7\u00e3o confeccionadas por rebites de alum\u00ednio e pl\u00e1stico injetado. cabo central bipartido, cobertura em bagun liso emborrachado sendo resistente a raios ultra violeta e a\u00e7\u00e3o de fungos. cores diversas.<br \/>\nGarantia: 3 meses contra defeitos de fabrica\u00e7\u00e3o.<br \/>\nMedida e Peso: di\u00e2metro de 03 metros com 08 gomos e peso de 9,965kg<br \/>\nUso: em piscina, praia, varanda, gramado, cobertura e publicidades.<br \/>\nCores: Branco, Azul Royal, Amarelo, Laranja, Verde Bandeira, Verde Lim\u00e3o e Vermelho.<\/p>\n<p><a href=\"https:\/\/api.whatsapp.com\/send?phone=5521964144201\"><img loading=\"lazy\" decoding=\"async\" class=\"alignnone size-full wp-image-4307\" alt=\"botao_whatsapp\" src=\"http:\/\/www.lojadeequipamentos.com.br\/loja\/wp-content\/uploads\/2020\/08\/botao_whatsapp.png\" width=\"226\" height=\"82\" \/><\/a><\/p>\n","protected":false},"excerpt":{"rendered":"<strong>Ombrelone Redondo Cabo Central Madeira \/ 3,00m - Bagun Liso<\/strong>","protected":false},"featured_media":3721,"comment_status":"open","ping_status":"closed","template":"","meta":{"_links_to":"","_links_to_target":""},"product_brand":[],"product_cat":[44],"product_tag":[5178,46,249,1808,1807,138,5177,1049,140,449,247],"class_list":{"0":"post-2521","1":"product","2":"type-product","3":"status-publish","4":"has-post-thumbnail","6":"product_cat-ombrelone","7":"product_tag-incisor-ombrelone","8":"product_tag-ombrelone-2","9":"product_tag-ombrelone-bagun-liso","10":"product_tag-ombrelone-cabo-central","11":"product_tag-ombrelone-cabo-central-madeira","12":"product_tag-ombrelone-de-madeira","13":"product_tag-ombrelone-incisor-3-metros","14":"product_tag-ombrelone-personalizado","15":"product_tag-ombrelone-redondo","16":"product_tag-ombrelone-redondo-3-0m","17":"product_tag-ombrelone-redondo-em-bagun","19":"first","20":"instock","21":"shipping-taxable","22":"purchasable","23":"product-type-simple"},"yoast_head":"<!-- This site is optimized with the Yoast SEO plugin v27.3 - https:\/\/yoast.com\/product\/yoast-seo-wordpress\/ -->\n<title>Ombrelone - Redondo Cabo Central Madeira - 3,00m - Bagun Liso<\/title>\n<meta name=\"description\" content=\"Ombrelone 3 metros R$ 534,60 estrutura\/cabo central em madeira, varetas, rebites alum\u00ednio e pl\u00e1stico injetado, bagun liso resistente a raios ultra violeta.\" \/>\n<meta name=\"robots\" content=\"index, follow, max-snippet:-1, max-image-preview:large, max-video-preview:-1\" \/>\n<link rel=\"canonical\" href=\"https:\/\/www.lojadeequipamentos.com.br\/loja\/produto\/ombrelone-redondo-em-madeira-300cm-bagun-liso\/\" \/>\n<meta property=\"og:locale\" content=\"pt_BR\" \/>\n<meta property=\"og:type\" content=\"article\" \/>\n<meta property=\"og:title\" content=\"Ombrelone - Redondo Cabo Central Madeira - 3,00m - Bagun Liso\" \/>\n<meta property=\"og:description\" content=\"Ombrelone 3 metros R$ 534,60 estrutura\/cabo central em madeira, varetas, rebites alum\u00ednio e pl\u00e1stico injetado, bagun liso resistente a raios ultra violeta.\" \/>\n<meta property=\"og:url\" content=\"https:\/\/www.lojadeequipamentos.com.br\/loja\/produto\/ombrelone-redondo-em-madeira-300cm-bagun-liso\/\" \/>\n<meta property=\"og:site_name\" content=\"Loja de Equipamentos\" \/>\n<meta property=\"article:modified_time\" content=\"2021-11-09T11:25:27+00:00\" \/>\n<meta property=\"og:image\" content=\"https:\/\/www.lojadeequipamentos.com.br\/loja\/wp-content\/uploads\/2015\/01\/Ombrelone.png\" \/>\n\t<meta property=\"og:image:width\" content=\"260\" \/>\n\t<meta property=\"og:image:height\" content=\"260\" \/>\n\t<meta property=\"og:image:type\" content=\"image\/png\" \/>\n<meta name=\"twitter:card\" content=\"summary_large_image\" \/>\n<script type=\"application\/ld+json\" class=\"yoast-schema-graph\">{\"@context\":\"https:\\\/\\\/schema.org\",\"@graph\":[{\"@type\":\"WebPage\",\"@id\":\"https:\\\/\\\/www.lojadeequipamentos.com.br\\\/loja\\\/produto\\\/ombrelone-redondo-em-madeira-300cm-bagun-liso\\\/\",\"url\":\"https:\\\/\\\/www.lojadeequipamentos.com.br\\\/loja\\\/produto\\\/ombrelone-redondo-em-madeira-300cm-bagun-liso\\\/\",\"name\":\"Ombrelone - Redondo Cabo Central Madeira - 3,00m - Bagun Liso\",\"isPartOf\":{\"@id\":\"https:\\\/\\\/www.lojadeequipamentos.com.br\\\/loja\\\/#website\"},\"primaryImageOfPage\":{\"@id\":\"https:\\\/\\\/www.lojadeequipamentos.com.br\\\/loja\\\/produto\\\/ombrelone-redondo-em-madeira-300cm-bagun-liso\\\/#primaryimage\"},\"image\":{\"@id\":\"https:\\\/\\\/www.lojadeequipamentos.com.br\\\/loja\\\/produto\\\/ombrelone-redondo-em-madeira-300cm-bagun-liso\\\/#primaryimage\"},\"thumbnailUrl\":\"https:\\\/\\\/www.lojadeequipamentos.com.br\\\/loja\\\/wp-content\\\/uploads\\\/2015\\\/01\\\/Ombrelone.png\",\"datePublished\":\"2014-08-11T04:27:49+00:00\",\"dateModified\":\"2021-11-09T11:25:27+00:00\",\"description\":\"Ombrelone 3 metros R$ 534,60 estrutura\\\/cabo central em madeira, varetas, rebites alum\u00ednio e pl\u00e1stico injetado, bagun liso resistente a raios ultra violeta.\",\"breadcrumb\":{\"@id\":\"https:\\\/\\\/www.lojadeequipamentos.com.br\\\/loja\\\/produto\\\/ombrelone-redondo-em-madeira-300cm-bagun-liso\\\/#breadcrumb\"},\"inLanguage\":\"pt-BR\",\"potentialAction\":[{\"@type\":\"ReadAction\",\"target\":[\"https:\\\/\\\/www.lojadeequipamentos.com.br\\\/loja\\\/produto\\\/ombrelone-redondo-em-madeira-300cm-bagun-liso\\\/\"]}]},{\"@type\":\"ImageObject\",\"inLanguage\":\"pt-BR\",\"@id\":\"https:\\\/\\\/www.lojadeequipamentos.com.br\\\/loja\\\/produto\\\/ombrelone-redondo-em-madeira-300cm-bagun-liso\\\/#primaryimage\",\"url\":\"https:\\\/\\\/www.lojadeequipamentos.com.br\\\/loja\\\/wp-content\\\/uploads\\\/2015\\\/01\\\/Ombrelone.png\",\"contentUrl\":\"https:\\\/\\\/www.lojadeequipamentos.com.br\\\/loja\\\/wp-content\\\/uploads\\\/2015\\\/01\\\/Ombrelone.png\",\"width\":260,\"height\":260,\"caption\":\"Ombrelone\"},{\"@type\":\"BreadcrumbList\",\"@id\":\"https:\\\/\\\/www.lojadeequipamentos.com.br\\\/loja\\\/produto\\\/ombrelone-redondo-em-madeira-300cm-bagun-liso\\\/#breadcrumb\",\"itemListElement\":[{\"@type\":\"ListItem\",\"position\":1,\"name\":\"In\u00edcio\",\"item\":\"https:\\\/\\\/www.lojadeequipamentos.com.br\\\/loja\\\/\"},{\"@type\":\"ListItem\",\"position\":2,\"name\":\"Loja Virtual\",\"item\":\"https:\\\/\\\/www.lojadeequipamentos.com.br\\\/loja\\\/shop\\\/\"},{\"@type\":\"ListItem\",\"position\":3,\"name\":\"Ombrelone Redondo Cabo Central Madeira 3m &#8211; Bagun Liso\"}]},{\"@type\":\"WebSite\",\"@id\":\"https:\\\/\\\/www.lojadeequipamentos.com.br\\\/loja\\\/#website\",\"url\":\"https:\\\/\\\/www.lojadeequipamentos.com.br\\\/loja\\\/\",\"name\":\"Loja de Equipamentos\",\"description\":\"\",\"potentialAction\":[{\"@type\":\"SearchAction\",\"target\":{\"@type\":\"EntryPoint\",\"urlTemplate\":\"https:\\\/\\\/www.lojadeequipamentos.com.br\\\/loja\\\/?s={search_term_string}\"},\"query-input\":{\"@type\":\"PropertyValueSpecification\",\"valueRequired\":true,\"valueName\":\"search_term_string\"}}],\"inLanguage\":\"pt-BR\"}]}<\/script>\n<!-- \/ Yoast SEO plugin. -->","yoast_head_json":{"title":"Ombrelone - Redondo Cabo Central Madeira - 3,00m - Bagun Liso","description":"Ombrelone 3 metros R$ 534,60 estrutura\/cabo central em madeira, varetas, rebites alum\u00ednio e pl\u00e1stico injetado, bagun liso resistente a raios ultra violeta.","robots":{"index":"index","follow":"follow","max-snippet":"max-snippet:-1","max-image-preview":"max-image-preview:large","max-video-preview":"max-video-preview:-1"},"canonical":"https:\/\/www.lojadeequipamentos.com.br\/loja\/produto\/ombrelone-redondo-em-madeira-300cm-bagun-liso\/","og_locale":"pt_BR","og_type":"article","og_title":"Ombrelone - Redondo Cabo Central Madeira - 3,00m - Bagun Liso","og_description":"Ombrelone 3 metros R$ 534,60 estrutura\/cabo central em madeira, varetas, rebites alum\u00ednio e pl\u00e1stico injetado, bagun liso resistente a raios ultra violeta.","og_url":"https:\/\/www.lojadeequipamentos.com.br\/loja\/produto\/ombrelone-redondo-em-madeira-300cm-bagun-liso\/","og_site_name":"Loja de Equipamentos","article_modified_time":"2021-11-09T11:25:27+00:00","og_image":[{"width":260,"height":260,"url":"https:\/\/www.lojadeequipamentos.com.br\/loja\/wp-content\/uploads\/2015\/01\/Ombrelone.png","type":"image\/png"}],"twitter_card":"summary_large_image","schema":{"@context":"https:\/\/schema.org","@graph":[{"@type":"WebPage","@id":"https:\/\/www.lojadeequipamentos.com.br\/loja\/produto\/ombrelone-redondo-em-madeira-300cm-bagun-liso\/","url":"https:\/\/www.lojadeequipamentos.com.br\/loja\/produto\/ombrelone-redondo-em-madeira-300cm-bagun-liso\/","name":"Ombrelone - Redondo Cabo Central Madeira - 3,00m - Bagun Liso","isPartOf":{"@id":"https:\/\/www.lojadeequipamentos.com.br\/loja\/#website"},"primaryImageOfPage":{"@id":"https:\/\/www.lojadeequipamentos.com.br\/loja\/produto\/ombrelone-redondo-em-madeira-300cm-bagun-liso\/#primaryimage"},"image":{"@id":"https:\/\/www.lojadeequipamentos.com.br\/loja\/produto\/ombrelone-redondo-em-madeira-300cm-bagun-liso\/#primaryimage"},"thumbnailUrl":"https:\/\/www.lojadeequipamentos.com.br\/loja\/wp-content\/uploads\/2015\/01\/Ombrelone.png","datePublished":"2014-08-11T04:27:49+00:00","dateModified":"2021-11-09T11:25:27+00:00","description":"Ombrelone 3 metros R$ 534,60 estrutura\/cabo central em madeira, varetas, rebites alum\u00ednio e pl\u00e1stico injetado, bagun liso resistente a raios ultra violeta.","breadcrumb":{"@id":"https:\/\/www.lojadeequipamentos.com.br\/loja\/produto\/ombrelone-redondo-em-madeira-300cm-bagun-liso\/#breadcrumb"},"inLanguage":"pt-BR","potentialAction":[{"@type":"ReadAction","target":["https:\/\/www.lojadeequipamentos.com.br\/loja\/produto\/ombrelone-redondo-em-madeira-300cm-bagun-liso\/"]}]},{"@type":"ImageObject","inLanguage":"pt-BR","@id":"https:\/\/www.lojadeequipamentos.com.br\/loja\/produto\/ombrelone-redondo-em-madeira-300cm-bagun-liso\/#primaryimage","url":"https:\/\/www.lojadeequipamentos.com.br\/loja\/wp-content\/uploads\/2015\/01\/Ombrelone.png","contentUrl":"https:\/\/www.lojadeequipamentos.com.br\/loja\/wp-content\/uploads\/2015\/01\/Ombrelone.png","width":260,"height":260,"caption":"Ombrelone"},{"@type":"BreadcrumbList","@id":"https:\/\/www.lojadeequipamentos.com.br\/loja\/produto\/ombrelone-redondo-em-madeira-300cm-bagun-liso\/#breadcrumb","itemListElement":[{"@type":"ListItem","position":1,"name":"In\u00edcio","item":"https:\/\/www.lojadeequipamentos.com.br\/loja\/"},{"@type":"ListItem","position":2,"name":"Loja Virtual","item":"https:\/\/www.lojadeequipamentos.com.br\/loja\/shop\/"},{"@type":"ListItem","position":3,"name":"Ombrelone Redondo Cabo Central Madeira 3m &#8211; Bagun Liso"}]},{"@type":"WebSite","@id":"https:\/\/www.lojadeequipamentos.com.br\/loja\/#website","url":"https:\/\/www.lojadeequipamentos.com.br\/loja\/","name":"Loja de Equipamentos","description":"","potentialAction":[{"@type":"SearchAction","target":{"@type":"EntryPoint","urlTemplate":"https:\/\/www.lojadeequipamentos.com.br\/loja\/?s={search_term_string}"},"query-input":{"@type":"PropertyValueSpecification","valueRequired":true,"valueName":"search_term_string"}}],"inLanguage":"pt-BR"}]}},"_links":{"self":[{"href":"https:\/\/www.lojadeequipamentos.com.br\/loja\/wp-json\/wp\/v2\/product\/2521","targetHints":{"allow":["GET"]}}],"collection":[{"href":"https:\/\/www.lojadeequipamentos.com.br\/loja\/wp-json\/wp\/v2\/product"}],"about":[{"href":"https:\/\/www.lojadeequipamentos.com.br\/loja\/wp-json\/wp\/v2\/types\/product"}],"replies":[{"embeddable":true,"href":"https:\/\/www.lojadeequipamentos.com.br\/loja\/wp-json\/wp\/v2\/comments?post=2521"}],"wp:featuredmedia":[{"embeddable":true,"href":"https:\/\/www.lojadeequipamentos.com.br\/loja\/wp-json\/wp\/v2\/media\/3721"}],"wp:attachment":[{"href":"https:\/\/www.lojadeequipamentos.com.br\/loja\/wp-json\/wp\/v2\/media?parent=2521"}],"wp:term":[{"taxonomy":"product_brand","embeddable":true,"href":"https:\/\/www.lojadeequipamentos.com.br\/loja\/wp-json\/wp\/v2\/product_brand?post=2521"},{"taxonomy":"product_cat","embeddable":true,"href":"https:\/\/www.lojadeequipamentos.com.br\/loja\/wp-json\/wp\/v2\/product_cat?post=2521"},{"taxonomy":"product_tag","embeddable":true,"href":"https:\/\/www.lojadeequipamentos.com.br\/loja\/wp-json\/wp\/v2\/product_tag?post=2521"}],"curies":[{"name":"wp","href":"https:\/\/api.w.org\/{rel}","templated":true}]}}