{"id":2520,"date":"2014-08-11T04:19:30","date_gmt":"2014-08-11T04:19:30","guid":{"rendered":"http:\/\/www.lojadeequipamentos.com.br\/loja\/?post_type=product&#038;p=2520"},"modified":"2026-02-07T01:06:24","modified_gmt":"2026-02-07T01:06:24","slug":"ombrelone-redondo-em-madeira-240cm-bagun-liso","status":"publish","type":"product","link":"https:\/\/www.lojadeequipamentos.com.br\/loja\/produto\/ombrelone-redondo-em-madeira-240cm-bagun-liso\/","title":{"rendered":"Ombrelone &#8211; Redondo em Madeira &#8211; 2,40m \/ 8 Gomos &#8211; Bagun Liso"},"content":{"rendered":"<p><strong>Ombrelone - Redondo em Madeira - 2,40m \/ 8 Gomos - Bagun Liso<\/strong><br \/>\nDescri\u00e7\u00e3o: ombrelone fabricado com estrutura e cabo de madeira, 08 varetas de articula\u00e7\u00e3o confeccionadas por rebites de alum\u00ednio e pl\u00e1stico injetado. cabo central bipartido, cobertura em bagun liso emborrachado sendo resistente a raios ultra violeta e a\u00e7\u00e3o de fungos. cores diversas.<br \/>\nGarantia: 3 meses contra defeitos de fabrica\u00e7\u00e3o.<br \/>\nMedida e Peso: di\u00e2metro de 2,40 metros com 08 gomos e peso de 7,100kg<br \/>\nUso: em piscina, praia, varanda, gramado, cobertura e publicidades.<\/p>\n<p><a href=\"https:\/\/api.whatsapp.com\/send?phone=5521964144201\"><img loading=\"lazy\" decoding=\"async\" class=\"alignnone size-full wp-image-4307\" alt=\"botao_whatsapp\" src=\"http:\/\/www.lojadeequipamentos.com.br\/loja\/wp-content\/uploads\/2020\/08\/botao_whatsapp.png\" width=\"226\" height=\"82\" \/><\/a><\/p>\n","protected":false},"excerpt":{"rendered":"<strong>Ombrelone - Redondo em Madeira - 2,40m \/ 8 Gomos - Bagun Liso<\/strong>","protected":false},"featured_media":3721,"comment_status":"open","ping_status":"closed","template":"","meta":{"_links_to":"","_links_to_target":""},"product_brand":[],"product_cat":[44],"product_tag":[254,46,249,138,1897,5179,1049,140,450,247],"class_list":{"0":"post-2520","1":"product","2":"type-product","3":"status-publish","4":"has-post-thumbnail","6":"product_cat-ombrelone","7":"product_tag-ombrel","8":"product_tag-ombrelone-2","9":"product_tag-ombrelone-bagun-liso","10":"product_tag-ombrelone-de-madeira","11":"product_tag-ombrelone-incisor","12":"product_tag-ombrelone-incisor-2-4-metros","13":"product_tag-ombrelone-personalizado","14":"product_tag-ombrelone-redondo","15":"product_tag-ombrelone-redondo-2-4m","16":"product_tag-ombrelone-redondo-em-bagun","18":"first","19":"instock","20":"shipping-taxable","21":"purchasable","22":"product-type-simple"},"yoast_head":"<!-- This site is optimized with the Yoast SEO plugin v27.3 - https:\/\/yoast.com\/product\/yoast-seo-wordpress\/ -->\n<title>Ombrelone - Redondo em Madeira - 2,40m \/ 8 Gomos - Bagun Liso<\/title>\n<meta name=\"description\" content=\"Ombrelone R$ 365,40 estrutura e cabo de madeira, varetas, rebites de alum\u00ednio e pl\u00e1stico injetado, bagun liso resistente a raios ultra violeta.\" \/>\n<meta name=\"robots\" content=\"index, follow, max-snippet:-1, max-image-preview:large, max-video-preview:-1\" \/>\n<link rel=\"canonical\" href=\"https:\/\/www.lojadeequipamentos.com.br\/loja\/produto\/ombrelone-redondo-em-madeira-240cm-bagun-liso\/\" \/>\n<meta property=\"og:locale\" content=\"pt_BR\" \/>\n<meta property=\"og:type\" content=\"article\" \/>\n<meta property=\"og:title\" content=\"Ombrelone - Redondo em Madeira - 2,40m \/ 8 Gomos - Bagun Liso\" \/>\n<meta property=\"og:description\" content=\"Ombrelone R$ 365,40 estrutura e cabo de madeira, varetas, rebites de alum\u00ednio e pl\u00e1stico injetado, bagun liso resistente a raios ultra violeta.\" \/>\n<meta property=\"og:url\" content=\"https:\/\/www.lojadeequipamentos.com.br\/loja\/produto\/ombrelone-redondo-em-madeira-240cm-bagun-liso\/\" \/>\n<meta property=\"og:site_name\" content=\"Loja de Equipamentos\" \/>\n<meta property=\"article:modified_time\" content=\"2026-02-07T01:06:24+00:00\" \/>\n<meta property=\"og:image\" content=\"https:\/\/www.lojadeequipamentos.com.br\/loja\/wp-content\/uploads\/2015\/01\/Ombrelone.png\" \/>\n\t<meta property=\"og:image:width\" content=\"260\" \/>\n\t<meta property=\"og:image:height\" content=\"260\" \/>\n\t<meta property=\"og:image:type\" content=\"image\/png\" \/>\n<meta name=\"twitter:card\" content=\"summary_large_image\" \/>\n<meta name=\"twitter:label1\" content=\"Est. tempo de leitura\" \/>\n\t<meta name=\"twitter:data1\" content=\"1 minuto\" \/>\n<script type=\"application\/ld+json\" class=\"yoast-schema-graph\">{\"@context\":\"https:\\\/\\\/schema.org\",\"@graph\":[{\"@type\":\"WebPage\",\"@id\":\"https:\\\/\\\/www.lojadeequipamentos.com.br\\\/loja\\\/produto\\\/ombrelone-redondo-em-madeira-240cm-bagun-liso\\\/\",\"url\":\"https:\\\/\\\/www.lojadeequipamentos.com.br\\\/loja\\\/produto\\\/ombrelone-redondo-em-madeira-240cm-bagun-liso\\\/\",\"name\":\"Ombrelone - Redondo em Madeira - 2,40m \\\/ 8 Gomos - Bagun Liso\",\"isPartOf\":{\"@id\":\"https:\\\/\\\/www.lojadeequipamentos.com.br\\\/loja\\\/#website\"},\"primaryImageOfPage\":{\"@id\":\"https:\\\/\\\/www.lojadeequipamentos.com.br\\\/loja\\\/produto\\\/ombrelone-redondo-em-madeira-240cm-bagun-liso\\\/#primaryimage\"},\"image\":{\"@id\":\"https:\\\/\\\/www.lojadeequipamentos.com.br\\\/loja\\\/produto\\\/ombrelone-redondo-em-madeira-240cm-bagun-liso\\\/#primaryimage\"},\"thumbnailUrl\":\"https:\\\/\\\/www.lojadeequipamentos.com.br\\\/loja\\\/wp-content\\\/uploads\\\/2015\\\/01\\\/Ombrelone.png\",\"datePublished\":\"2014-08-11T04:19:30+00:00\",\"dateModified\":\"2026-02-07T01:06:24+00:00\",\"description\":\"Ombrelone R$ 365,40 estrutura e cabo de madeira, varetas, rebites de alum\u00ednio e pl\u00e1stico injetado, bagun liso resistente a raios ultra violeta.\",\"breadcrumb\":{\"@id\":\"https:\\\/\\\/www.lojadeequipamentos.com.br\\\/loja\\\/produto\\\/ombrelone-redondo-em-madeira-240cm-bagun-liso\\\/#breadcrumb\"},\"inLanguage\":\"pt-BR\",\"potentialAction\":[{\"@type\":\"ReadAction\",\"target\":[\"https:\\\/\\\/www.lojadeequipamentos.com.br\\\/loja\\\/produto\\\/ombrelone-redondo-em-madeira-240cm-bagun-liso\\\/\"]}]},{\"@type\":\"ImageObject\",\"inLanguage\":\"pt-BR\",\"@id\":\"https:\\\/\\\/www.lojadeequipamentos.com.br\\\/loja\\\/produto\\\/ombrelone-redondo-em-madeira-240cm-bagun-liso\\\/#primaryimage\",\"url\":\"https:\\\/\\\/www.lojadeequipamentos.com.br\\\/loja\\\/wp-content\\\/uploads\\\/2015\\\/01\\\/Ombrelone.png\",\"contentUrl\":\"https:\\\/\\\/www.lojadeequipamentos.com.br\\\/loja\\\/wp-content\\\/uploads\\\/2015\\\/01\\\/Ombrelone.png\",\"width\":260,\"height\":260,\"caption\":\"Ombrelone\"},{\"@type\":\"BreadcrumbList\",\"@id\":\"https:\\\/\\\/www.lojadeequipamentos.com.br\\\/loja\\\/produto\\\/ombrelone-redondo-em-madeira-240cm-bagun-liso\\\/#breadcrumb\",\"itemListElement\":[{\"@type\":\"ListItem\",\"position\":1,\"name\":\"In\u00edcio\",\"item\":\"https:\\\/\\\/www.lojadeequipamentos.com.br\\\/loja\\\/\"},{\"@type\":\"ListItem\",\"position\":2,\"name\":\"Loja Virtual\",\"item\":\"https:\\\/\\\/www.lojadeequipamentos.com.br\\\/loja\\\/shop\\\/\"},{\"@type\":\"ListItem\",\"position\":3,\"name\":\"Ombrelone &#8211; Redondo em Madeira &#8211; 2,40m \\\/ 8 Gomos &#8211; Bagun Liso\"}]},{\"@type\":\"WebSite\",\"@id\":\"https:\\\/\\\/www.lojadeequipamentos.com.br\\\/loja\\\/#website\",\"url\":\"https:\\\/\\\/www.lojadeequipamentos.com.br\\\/loja\\\/\",\"name\":\"Loja de Equipamentos\",\"description\":\"\",\"potentialAction\":[{\"@type\":\"SearchAction\",\"target\":{\"@type\":\"EntryPoint\",\"urlTemplate\":\"https:\\\/\\\/www.lojadeequipamentos.com.br\\\/loja\\\/?s={search_term_string}\"},\"query-input\":{\"@type\":\"PropertyValueSpecification\",\"valueRequired\":true,\"valueName\":\"search_term_string\"}}],\"inLanguage\":\"pt-BR\"}]}<\/script>\n<!-- \/ Yoast SEO plugin. -->","yoast_head_json":{"title":"Ombrelone - Redondo em Madeira - 2,40m \/ 8 Gomos - Bagun Liso","description":"Ombrelone R$ 365,40 estrutura e cabo de madeira, varetas, rebites de alum\u00ednio e pl\u00e1stico injetado, bagun liso resistente a raios ultra violeta.","robots":{"index":"index","follow":"follow","max-snippet":"max-snippet:-1","max-image-preview":"max-image-preview:large","max-video-preview":"max-video-preview:-1"},"canonical":"https:\/\/www.lojadeequipamentos.com.br\/loja\/produto\/ombrelone-redondo-em-madeira-240cm-bagun-liso\/","og_locale":"pt_BR","og_type":"article","og_title":"Ombrelone - Redondo em Madeira - 2,40m \/ 8 Gomos - Bagun Liso","og_description":"Ombrelone R$ 365,40 estrutura e cabo de madeira, varetas, rebites de alum\u00ednio e pl\u00e1stico injetado, bagun liso resistente a raios ultra violeta.","og_url":"https:\/\/www.lojadeequipamentos.com.br\/loja\/produto\/ombrelone-redondo-em-madeira-240cm-bagun-liso\/","og_site_name":"Loja de Equipamentos","article_modified_time":"2026-02-07T01:06:24+00:00","og_image":[{"width":260,"height":260,"url":"https:\/\/www.lojadeequipamentos.com.br\/loja\/wp-content\/uploads\/2015\/01\/Ombrelone.png","type":"image\/png"}],"twitter_card":"summary_large_image","twitter_misc":{"Est. tempo de leitura":"1 minuto"},"schema":{"@context":"https:\/\/schema.org","@graph":[{"@type":"WebPage","@id":"https:\/\/www.lojadeequipamentos.com.br\/loja\/produto\/ombrelone-redondo-em-madeira-240cm-bagun-liso\/","url":"https:\/\/www.lojadeequipamentos.com.br\/loja\/produto\/ombrelone-redondo-em-madeira-240cm-bagun-liso\/","name":"Ombrelone - Redondo em Madeira - 2,40m \/ 8 Gomos - Bagun Liso","isPartOf":{"@id":"https:\/\/www.lojadeequipamentos.com.br\/loja\/#website"},"primaryImageOfPage":{"@id":"https:\/\/www.lojadeequipamentos.com.br\/loja\/produto\/ombrelone-redondo-em-madeira-240cm-bagun-liso\/#primaryimage"},"image":{"@id":"https:\/\/www.lojadeequipamentos.com.br\/loja\/produto\/ombrelone-redondo-em-madeira-240cm-bagun-liso\/#primaryimage"},"thumbnailUrl":"https:\/\/www.lojadeequipamentos.com.br\/loja\/wp-content\/uploads\/2015\/01\/Ombrelone.png","datePublished":"2014-08-11T04:19:30+00:00","dateModified":"2026-02-07T01:06:24+00:00","description":"Ombrelone R$ 365,40 estrutura e cabo de madeira, varetas, rebites de alum\u00ednio e pl\u00e1stico injetado, bagun liso resistente a raios ultra violeta.","breadcrumb":{"@id":"https:\/\/www.lojadeequipamentos.com.br\/loja\/produto\/ombrelone-redondo-em-madeira-240cm-bagun-liso\/#breadcrumb"},"inLanguage":"pt-BR","potentialAction":[{"@type":"ReadAction","target":["https:\/\/www.lojadeequipamentos.com.br\/loja\/produto\/ombrelone-redondo-em-madeira-240cm-bagun-liso\/"]}]},{"@type":"ImageObject","inLanguage":"pt-BR","@id":"https:\/\/www.lojadeequipamentos.com.br\/loja\/produto\/ombrelone-redondo-em-madeira-240cm-bagun-liso\/#primaryimage","url":"https:\/\/www.lojadeequipamentos.com.br\/loja\/wp-content\/uploads\/2015\/01\/Ombrelone.png","contentUrl":"https:\/\/www.lojadeequipamentos.com.br\/loja\/wp-content\/uploads\/2015\/01\/Ombrelone.png","width":260,"height":260,"caption":"Ombrelone"},{"@type":"BreadcrumbList","@id":"https:\/\/www.lojadeequipamentos.com.br\/loja\/produto\/ombrelone-redondo-em-madeira-240cm-bagun-liso\/#breadcrumb","itemListElement":[{"@type":"ListItem","position":1,"name":"In\u00edcio","item":"https:\/\/www.lojadeequipamentos.com.br\/loja\/"},{"@type":"ListItem","position":2,"name":"Loja Virtual","item":"https:\/\/www.lojadeequipamentos.com.br\/loja\/shop\/"},{"@type":"ListItem","position":3,"name":"Ombrelone &#8211; Redondo em Madeira &#8211; 2,40m \/ 8 Gomos &#8211; Bagun Liso"}]},{"@type":"WebSite","@id":"https:\/\/www.lojadeequipamentos.com.br\/loja\/#website","url":"https:\/\/www.lojadeequipamentos.com.br\/loja\/","name":"Loja de Equipamentos","description":"","potentialAction":[{"@type":"SearchAction","target":{"@type":"EntryPoint","urlTemplate":"https:\/\/www.lojadeequipamentos.com.br\/loja\/?s={search_term_string}"},"query-input":{"@type":"PropertyValueSpecification","valueRequired":true,"valueName":"search_term_string"}}],"inLanguage":"pt-BR"}]}},"_links":{"self":[{"href":"https:\/\/www.lojadeequipamentos.com.br\/loja\/wp-json\/wp\/v2\/product\/2520","targetHints":{"allow":["GET"]}}],"collection":[{"href":"https:\/\/www.lojadeequipamentos.com.br\/loja\/wp-json\/wp\/v2\/product"}],"about":[{"href":"https:\/\/www.lojadeequipamentos.com.br\/loja\/wp-json\/wp\/v2\/types\/product"}],"replies":[{"embeddable":true,"href":"https:\/\/www.lojadeequipamentos.com.br\/loja\/wp-json\/wp\/v2\/comments?post=2520"}],"wp:featuredmedia":[{"embeddable":true,"href":"https:\/\/www.lojadeequipamentos.com.br\/loja\/wp-json\/wp\/v2\/media\/3721"}],"wp:attachment":[{"href":"https:\/\/www.lojadeequipamentos.com.br\/loja\/wp-json\/wp\/v2\/media?parent=2520"}],"wp:term":[{"taxonomy":"product_brand","embeddable":true,"href":"https:\/\/www.lojadeequipamentos.com.br\/loja\/wp-json\/wp\/v2\/product_brand?post=2520"},{"taxonomy":"product_cat","embeddable":true,"href":"https:\/\/www.lojadeequipamentos.com.br\/loja\/wp-json\/wp\/v2\/product_cat?post=2520"},{"taxonomy":"product_tag","embeddable":true,"href":"https:\/\/www.lojadeequipamentos.com.br\/loja\/wp-json\/wp\/v2\/product_tag?post=2520"}],"curies":[{"name":"wp","href":"https:\/\/api.w.org\/{rel}","templated":true}]}}